{"id":372,"date":"2017-10-30T18:21:42","date_gmt":"2017-10-30T17:21:42","guid":{"rendered":"https:\/\/sites.ffkarate.fr\/occitanie\/?page_id=372"},"modified":"2017-10-30T18:21:42","modified_gmt":"2017-10-30T17:21:42","slug":"entrainement-regional","status":"publish","type":"page","link":"https:\/\/sites.ffkarate.fr\/occitanie\/entrainement-regional\/","title":{"rendered":"Entra\u00eenement R\u00e9gional"},"content":{"rendered":"<div class=\"wpb-content-wrapper\"><p>[vc_row][vc_column][vc_column_text]<\/p>\n<h4><span style=\"color: #ff0000\"><strong>REGROUPEMENT COMBAT LR\/MP\u00a0 : Date et lieu \u00e0 fixer<\/strong><\/span><\/h4>\n<p><strong>A destination de tous les comp\u00e9titeurs\u00a0et comp\u00e9titrices minimes, cadets, juniors, espoirs sur s\u00e9lection, respectant les 2 crit\u00e8res suivants<\/strong>\u00a0:<\/p>\n<p><strong><em><br \/>\n*Grade\u00a0minimum ceinture verte<br \/>\n*Ayant\u00a0particip\u00e9 au moins \u00e0 une\u00a0comp\u00e9tition\u00a0\u00a0officielle FFKarat\u00e9, Nationale, ZID, R\u00e9gionale, ou D\u00e9partementale durant\u00a0la saison 2019-2020.<\/em><\/strong><\/p>\n<p><strong>Mat\u00e9riel Obligatoire :<\/strong><\/p>\n<p>\u2013 Kimono<br \/>\n\u2013 Ceinture correspondant au grade actuel<br \/>\n\u2013 Protections poings et pieds homologu\u00e9es,\u00a0prot\u00e8ges\u00a0tibias et prot\u00e8ge dents<br \/>\n\u2013 Bouteille d\u2019eau<\/p>\n<p><strong>Rappel cat\u00e9gories :<\/strong><\/p>\n<p><strong>* Minime\u00a0<\/strong>(n\u00e9 en 2007\/2008)<strong><br \/>\n* Cadet\u00a0<\/strong>(n\u00e9 en 2005\/2006)<strong><br \/>\n* Junior<\/strong>\u00a0(n\u00e9 en 2003\/2004)<br \/>\n<strong>* Espoir\u00a0<\/strong>(n\u00e9 en 2000\/2001)<\/p>\n<p><a href=\"https:\/\/sites.ffkarate.fr\/occitanie\/wp-content\/uploads\/sites\/119\/2017\/10\/categorie_age_poids_2020-2021.pdf\">T\u00e9l\u00e9chargez les cat\u00e9gories d&rsquo;\u00e2ges &#8211; Saison 2020-2021<\/a><\/p>\n<p><a href=\"https:\/\/sites.ffkarate.fr\/occitanie\/wp-content\/uploads\/sites\/119\/2017\/10\/Entraineurs-Combat-Slide.jpg\"><img decoding=\"async\" class=\"aligncenter size-large wp-image-1891\" src=\"https:\/\/sites.ffkarate.fr\/occitanie\/wp-content\/uploads\/sites\/119\/2017\/10\/Entraineurs-Combat-Slide-1024x576.jpg\" alt=\"Entraineurs Combat Slide\" width=\"640\" height=\"360\" \/><\/a><\/p>\n<p><strong>Calendrier &#8211; Entrainement de Combat &#8211; R\u00e9gion Occitanie<\/strong><\/p>\n<p>Entra\u00eenements\u00a0Combat en Midi-Pyr\u00e9n\u00e9es\u00a0&#8211; en cours<\/p>\n<p><a href=\"https:\/\/sites.ffkarate.fr\/liguelanguedocroussillon\/entrainement-regional\/\">Entra\u00eenements Combat en Languedoc-Roussillon<\/a><\/p>\n<p>&nbsp;<\/p>\n<p>*******************************************************************************************<\/p>\n<p><strong><a href=\"https:\/\/sites.ffkarate.fr\/occitanie\/wp-content\/uploads\/sites\/119\/2017\/10\/Entraineurs-Kata-Slide.jpg\"><img decoding=\"async\" class=\"aligncenter size-large wp-image-1892\" src=\"https:\/\/sites.ffkarate.fr\/occitanie\/wp-content\/uploads\/sites\/119\/2017\/10\/Entraineurs-Kata-Slide-1024x576.jpg\" alt=\"Entraineurs Kata Slide\" width=\"640\" height=\"360\" \/><\/a>Calendrier- Entrainement de Kata &#8211; R\u00e9gion Occitanie<\/strong><\/p>\n<ul>\n<li>Entra\u00eenements Katas en Midi-Pyr\u00e9n\u00e9es<\/li>\n<li><a href=\"https:\/\/sites.ffkarate.fr\/liguelanguedocroussillon\/entrainement-regional\/\">Entra\u00eenements Katas en Languedoc-Roussillon<\/a><\/li>\n<\/ul>\n<p>&nbsp;<\/p>\n<p>&nbsp;[\/vc_column_text][\/vc_column][\/vc_row]<\/p>\n<\/div>","protected":false},"excerpt":{"rendered":"<p>[vc_row][vc_column][vc_column_text] REGROUPEMENT COMBAT LR\/MP\u00a0 : Date et lieu \u00e0 fixer A destination de tous les comp\u00e9titeurs\u00a0et comp\u00e9titrices minimes, cadets, juniors, espoirs sur s\u00e9lection, respectant les 2 crit\u00e8res suivants\u00a0: *Grade\u00a0minimum ceinture verte *Ayant\u00a0particip\u00e9 au moins \u00e0 une\u00a0comp\u00e9tition\u00a0\u00a0officielle FFKarat\u00e9, Nationale, ZID, R\u00e9gionale, ou D\u00e9partementale durant\u00a0la saison 2019-2020. Mat\u00e9riel Obligatoire : \u2013 Kimono \u2013 Ceinture correspondant au grade [&hellip;]<\/p>\n","protected":false},"author":20,"featured_media":0,"parent":0,"menu_order":0,"comment_status":"closed","ping_status":"closed","template":"","meta":{"footnotes":""},"class_list":["post-372","page","type-page","status-publish","hentry"],"_links":{"self":[{"href":"https:\/\/sites.ffkarate.fr\/occitanie\/wp-json\/wp\/v2\/pages\/372","targetHints":{"allow":["GET"]}}],"collection":[{"href":"https:\/\/sites.ffkarate.fr\/occitanie\/wp-json\/wp\/v2\/pages"}],"about":[{"href":"https:\/\/sites.ffkarate.fr\/occitanie\/wp-json\/wp\/v2\/types\/page"}],"author":[{"embeddable":true,"href":"https:\/\/sites.ffkarate.fr\/occitanie\/wp-json\/wp\/v2\/users\/20"}],"replies":[{"embeddable":true,"href":"https:\/\/sites.ffkarate.fr\/occitanie\/wp-json\/wp\/v2\/comments?post=372"}],"version-history":[{"count":1,"href":"https:\/\/sites.ffkarate.fr\/occitanie\/wp-json\/wp\/v2\/pages\/372\/revisions"}],"predecessor-version":[{"id":2830,"href":"https:\/\/sites.ffkarate.fr\/occitanie\/wp-json\/wp\/v2\/pages\/372\/revisions\/2830"}],"wp:attachment":[{"href":"https:\/\/sites.ffkarate.fr\/occitanie\/wp-json\/wp\/v2\/media?parent=372"}],"curies":[{"name":"wp","href":"https:\/\/api.w.org\/{rel}","templated":true}]}}