{"id":4,"date":"2021-05-07T15:35:17","date_gmt":"2021-05-07T13:35:17","guid":{"rendered":"https:\/\/sites.ffkarate.fr\/orne\/?page_id=4"},"modified":"2026-03-22T12:09:20","modified_gmt":"2026-03-22T11:09:20","slug":"presentation","status":"publish","type":"page","link":"https:\/\/sites.ffkarate.fr\/orne\/presentation\/","title":{"rendered":"Pr\u00e9sentation"},"content":{"rendered":"<div class=\"wpb-content-wrapper\"><p>[vc_row full_width=\u00a0\u00bbstretch_row_content\u00a0\u00bb bg_grey=\u00a0\u00bb1&Prime;][vc_column width=\u00a0\u00bb3\/4&Prime;][vc_column_text]<\/p>\n<blockquote><p><em>\u00ab\u00a0Bienvenue sur le site officiel du Comit\u00e9 d\u00e9partemental de l&rsquo;Orne!<\/em><\/p>\n<p><em>Vous trouverez sur ce site toute l\u2019actualit\u00e9 du karat\u00e9 et de ses disciplines associ\u00e9es :<\/em><br \/>\n<em>le calendrier des diff\u00e9rentes comp\u00e9titions, les passages de grade, stages et autres manifestations, mais aussi toutes les informations et documents n\u00e9cessaires aux dirigeants de club ainsi qu\u2019aux licenci\u00e9s.<\/em><\/p>\n<p><em>Bonne visite.\u00a0\u00bb <\/em><\/p>\n<p><strong>Le Comit\u00e9 d\u00e9partemental de l&rsquo;Orne<\/strong><\/p><\/blockquote>\n<p>[\/vc_column_text][\/vc_column][\/vc_row][vc_row][vc_column][vc_empty_space height=\u00a0\u00bb40&Prime;][vc_row_inner][vc_column_inner][vc_column_text]<\/p>\n<h3 class=\"entry-title\" style=\"text-align: center\"><strong><span style=\"color: #1423a0\">COMIT\u00c9 DIRECTEUR<\/span><\/strong><\/h3>\n<h6 style=\"text-align: center\">OLYMPIADE 2024\/2028<\/h6>\n<p>[\/vc_column_text][\/vc_column_inner][\/vc_row_inner][vc_row_inner equal_height=\u00a0\u00bbyes\u00a0\u00bb css=\u00a0\u00bb.vc_custom_1617006214271{border-bottom-width: 10px !important;}\u00a0\u00bb][vc_column_inner width=\u00a0\u00bb1\/4&Prime;][ffk_peoplecard title=\u00a0\u00bbPar int\u00e9rim Amandine MARIE\u00a0\u00bb subtitle=\u00a0\u00bbPr\u00e9sidente\u00a0\u00bb][\/vc_column_inner][\/vc_row_inner][vc_row_inner][vc_column_inner width=\u00a0\u00bb1\/4&Prime;][ffk_peoplecard title=\u00a0\u00bbAmandine MARIE\u00a0\u00bb subtitle=\u00a0\u00bbSECR\u00c9TAIRE\u00a0\u00bb description=\u00a0\u00bbmail : amandinemarie061@gmail.com\u00a0\u00bb][\/vc_column_inner][vc_column_inner width=\u00a0\u00bb1\/4&Prime;][ffk_peoplecard subtitle=\u00a0\u00bbTRESORIERE\u00a0\u00bb description=\u00a0\u00bbMail : elisebouilly@hotmail.com\u00a0\u00bb title=\u00a0\u00bbElise BOUILLY\u00a0\u00bb][\/vc_column_inner][\/vc_row_inner][vc_empty_space height=\u00a0\u00bb40&Prime;][\/vc_column][\/vc_row][vc_row][vc_column][vc_empty_space height=\u00a0\u00bb40&Prime;][vc_row_inner css=\u00a0\u00bb.vc_custom_1617006214271{border-bottom-width: 10px !important;}\u00a0\u00bb][vc_column_inner width=\u00a0\u00bb1\/4&Prime;][ffk_peoplecard title=\u00a0\u00bbFranck BOUILLY\u00a0\u00bb subtitle=\u00a0\u00bbDIRECTEUR TECHNIQUE DEPARTEMENTAL\u00a0\u00bb image=\u00a0\u00bb278&Prime;][\/vc_column_inner][vc_column_inner width=\u00a0\u00bb1\/4&Prime;][ffk_peoplecard image=\u00a0\u00bb342&Prime; title=\u00a0\u00bbMichel GUICHEUX\u00a0\u00bb subtitle=\u00a0\u00bbRESPONSABLE DE L&rsquo;ARBITRAGE\u00a0\u00bb][\/vc_column_inner][vc_column_inner width=\u00a0\u00bb1\/4&Prime;][ffk_peoplecard title=\u00a0\u00bbPatrice GUILLON\u00a0\u00bb subtitle=\u00a0\u00bbRESPONSABLE DES GRADES\u00a0\u00bb image=\u00a0\u00bb7&Prime;][\/vc_column_inner][vc_column_inner width=\u00a0\u00bb1\/4&Prime;][ffk_peoplecard image=\u00a0\u00bb321&Prime; title=\u00a0\u00bbAdrien BOUILLY\u00a0\u00bb subtitle=\u00a0\u00bbENTRAINEUR DEPARTEMENTAL\u00a0\u00bb][\/vc_column_inner][\/vc_row_inner][vc_empty_space height=\u00a0\u00bb40&Prime;][\/vc_column][\/vc_row]<\/p>\n<\/div>","protected":false},"excerpt":{"rendered":"<p>[vc_row full_width=\u00a0\u00bbstretch_row_content\u00a0\u00bb bg_grey=\u00a0\u00bb1&Prime;][vc_column width=\u00a0\u00bb3\/4&Prime;][vc_column_text] \u00ab\u00a0Bienvenue sur le site officiel du Comit\u00e9 d\u00e9partemental de l&rsquo;Orne! Vous trouverez sur ce site toute l\u2019actualit\u00e9 du karat\u00e9 et de ses disciplines associ\u00e9es : le calendrier des diff\u00e9rentes comp\u00e9titions, les passages de grade, stages et autres manifestations, mais aussi toutes les informations et documents n\u00e9cessaires aux dirigeants de club ainsi [&hellip;]<\/p>\n","protected":false},"author":1,"featured_media":0,"parent":0,"menu_order":0,"comment_status":"closed","ping_status":"closed","template":"page-fullwidth.php","meta":{"footnotes":""},"class_list":["post-4","page","type-page","status-publish","hentry"],"_links":{"self":[{"href":"https:\/\/sites.ffkarate.fr\/orne\/wp-json\/wp\/v2\/pages\/4","targetHints":{"allow":["GET"]}}],"collection":[{"href":"https:\/\/sites.ffkarate.fr\/orne\/wp-json\/wp\/v2\/pages"}],"about":[{"href":"https:\/\/sites.ffkarate.fr\/orne\/wp-json\/wp\/v2\/types\/page"}],"author":[{"embeddable":true,"href":"https:\/\/sites.ffkarate.fr\/orne\/wp-json\/wp\/v2\/users\/1"}],"replies":[{"embeddable":true,"href":"https:\/\/sites.ffkarate.fr\/orne\/wp-json\/wp\/v2\/comments?post=4"}],"version-history":[{"count":14,"href":"https:\/\/sites.ffkarate.fr\/orne\/wp-json\/wp\/v2\/pages\/4\/revisions"}],"predecessor-version":[{"id":802,"href":"https:\/\/sites.ffkarate.fr\/orne\/wp-json\/wp\/v2\/pages\/4\/revisions\/802"}],"wp:attachment":[{"href":"https:\/\/sites.ffkarate.fr\/orne\/wp-json\/wp\/v2\/media?parent=4"}],"curies":[{"name":"wp","href":"https:\/\/api.w.org\/{rel}","templated":true}]}}

Présentation

<div class="wpb-content-wrapper"><p>[vc_row full_width= »stretch_row_content » bg_grey= »1&Prime;][vc_column width= »3/4&Prime;][vc_column_text]</p>
<blockquote><p><em>« Bienvenue sur le site officiel du Comité départemental de l&rsquo;Orne!</em></p>
<p><em>Vous trouverez sur ce site toute l’actualité du karaté et de ses disciplines associées :</em><br />
<em>le calendrier des différentes compétitions, les passages de grade, stages et autres manifestations, mais aussi toutes les informations et documents nécessaires aux dirigeants de club ainsi qu’aux licenciés.</em></p>
<p><em>Bonne visite. » </em></p>
<p><strong>Le Comité départemental de l&rsquo;Orne</strong></p></blockquote>
<p>[/vc_column_text][/vc_column][/vc_row][vc_row][vc_column][vc_empty_space height= »40&Prime;][vc_row_inner][vc_column_inner][vc_column_text]</p>
<h3 class="entry-title" style="text-align: center"><strong><span style="color: #1423a0">COMITÉ DIRECTEUR</span></strong></h3>
<h6 style="text-align: center">OLYMPIADE 2024/2028</h6>
<p>[/vc_column_text][/vc_column_inner][/vc_row_inner][vc_row_inner equal_height= »yes » css= ».vc_custom_1617006214271{border-bottom-width: 10px !important;} »][vc_column_inner width= »1/4&Prime;][ffk_peoplecard title= »Par intérim Amandine MARIE » subtitle= »Présidente »][/vc_column_inner][/vc_row_inner][vc_row_inner][vc_column_inner width= »1/4&Prime;][ffk_peoplecard title= »Amandine MARIE » subtitle= »SECRÉTAIRE » description= »mail : amandinemarie061@gmail.com »][/vc_column_inner][vc_column_inner width= »1/4&Prime;][ffk_peoplecard subtitle= »TRESORIERE » description= »Mail : elisebouilly@hotmail.com » title= »Elise BOUILLY »][/vc_column_inner][/vc_row_inner][vc_empty_space height= »40&Prime;][/vc_column][/vc_row][vc_row][vc_column][vc_empty_space height= »40&Prime;][vc_row_inner css= ».vc_custom_1617006214271{border-bottom-width: 10px !important;} »][vc_column_inner width= »1/4&Prime;][ffk_peoplecard title= »Franck BOUILLY » subtitle= »DIRECTEUR TECHNIQUE DEPARTEMENTAL » image= »278&Prime;][/vc_column_inner][vc_column_inner width= »1/4&Prime;][ffk_peoplecard image= »342&Prime; title= »Michel GUICHEUX » subtitle= »RESPONSABLE DE L&rsquo;ARBITRAGE »][/vc_column_inner][vc_column_inner width= »1/4&Prime;][ffk_peoplecard title= »Patrice GUILLON » subtitle= »RESPONSABLE DES GRADES » image= »7&Prime;][/vc_column_inner][vc_column_inner width= »1/4&Prime;][ffk_peoplecard image= »321&Prime; title= »Adrien BOUILLY » subtitle= »ENTRAINEUR DEPARTEMENTAL »][/vc_column_inner][/vc_row_inner][vc_empty_space height= »40&Prime;][/vc_column][/vc_row]</p>
</div>

<p>[vc_row full_width= »stretch_row_content » bg_grey= »1&Prime;][vc_column width= »3/4&Prime;][vc_column_text] « Bienvenue sur le site officiel du Comité départemental de l&rsquo;Orne! Vous trouverez sur ce site toute l’actualité du karaté et de ses disciplines associées : le calendrier des différentes compétitions, les passages de grade, stages et autres manifestations, mais aussi toutes les informations et documents nécessaires aux dirigeants de club ainsi [&hellip;]</p>
