{"id":2546,"date":"2015-10-10T12:29:49","date_gmt":"2015-10-10T10:29:49","guid":{"rendered":"https:\/\/sites.ffkarate.fr\/paca\/?page_id=2546"},"modified":"2015-10-10T12:29:49","modified_gmt":"2015-10-10T10:29:49","slug":"affiches-visuels","status":"publish","type":"page","link":"https:\/\/sites.ffkarate.fr\/paca\/affiches-visuels\/","title":{"rendered":"Affiches Visuels"},"content":{"rendered":"<div class=\"wpb-content-wrapper\"><p>[vc_row][vc_column][vc_column_text]<strong>PERSONNALISEZ VOS AFFICHES &#8230;<\/strong><\/p>\n<p><a href=\"https:\/\/sites.ffkarate.fr\/paca\/wp-content\/uploads\/sites\/105\/2015\/09\/Logo-LCA-Remasteris\u00e9.png\"><img decoding=\"async\" class=\"  wp-image-2070 alignright\" src=\"\/\/sites.ffkarate.fr\/paca\/wp-content\/uploads\/sites\/105\/2015\/09\/&lt;\/p\" alt=\"\" \/><\/a><\/p>\n<p>Dans une d\u00e9marche tourn\u00e9e vers le d\u00e9veloppement durable, souhait\u00e9e par la Minist\u00e8re en charge des sports, la\u00a0<strong>FFKDA<\/strong> a mis en place une application web gratuite vous permettant de personnaliser vos affiches et de les imprimer vous-m\u00eame dans la quantit\u00e9 d\u00e9sir\u00e9e.<\/p>\n<p><b>Retrouvez cette application \u00e0 l\u2019adresse : <a href=\"http:\/\/myposter.ffkarate.fr\/\" target=\"_blank\" rel=\"noopener\">http:\/\/myposter.ffkarate.fr<\/a><\/b><br \/>\n<i>Vous devez vous munir des identifiants qui vous ont \u00e9t\u00e9 pr\u00e9alablement communiqu\u00e9s par courrier.<\/i><\/p>\n<p><strong>Vous \u00eates un Nouveau club r\u00e9cemment affili\u00e9 \u00e0 la FFKDA\u00a0?<\/strong> &#8230; Contactez-nous \u00e0 myposter@ffkarate.fr pour obtenir vos identifiants.<\/p>\n<hr \/>\n<h2>Visuel Affiche FFKDA (toutes Disciplines)<\/h2>\n<p><img decoding=\"async\" class=\"  wp-image-4774 alignleft\" src=\"https:\/\/sites.ffkarate.fr\/paca\/wp-content\/uploads\/sites\/121\/2016\/06\/affiche-toutes-disciplines-1-212x300.jpg\" alt=\"affiche toutes disciplines\" width=\"150\" height=\"212\" \/><\/p>\n<p>&nbsp;<\/p>\n<p><strong>Disponible en 2 formats :\u00a0A3 et Flyer<\/strong><\/p>\n<ul>\n<li><span style=\"color: #000000\">T\u00e9l\u00e9charger le fichier PDF<b> :\u00a0<\/b><a style=\"color: #000000\" href=\"https:\/\/sites.ffkarate.fr\/paca\/wp-content\/uploads\/sites\/121\/2016\/06\/affiche-toutes-disciplines-1_pdf.pdf\">A3<\/a>\u00a0&#8211;\u00a0<a style=\"color: #000000\" href=\"https:\/\/sites.ffkarate.fr\/paca\/wp-content\/uploads\/sites\/121\/2016\/06\/flyer-toutes-disciplines-1.pdf\">Flyer<\/a><\/span><\/li>\n<li><span style=\"color: #000000\">T\u00e9l\u00e9charger le fichier JPG :<a style=\"color: #000000\" href=\"https:\/\/sites.ffkarate.fr\/paca\/wp-content\/uploads\/sites\/121\/2016\/06\/affiche-toutes-disciplines-1.jpg\">\u00a0A3<\/a>\u00a0&#8211; Flyer \u00a0(<a style=\"color: #000000\" href=\"https:\/\/sites.ffkarate.fr\/paca\/wp-content\/uploads\/sites\/121\/2016\/06\/flyer-toutes-disciplines-recto.jpg\">Recto<\/a>\u00a0et\u00a0<a style=\"color: #000000\" href=\"https:\/\/sites.ffkarate.fr\/paca\/wp-content\/uploads\/sites\/121\/2016\/06\/flyer-toutes-disciplines-verso-1.jpg\">Verso<\/a>)<\/span><\/li>\n<\/ul>\n<p>&nbsp;<\/p>\n<p>&nbsp;<\/p>\n<hr \/>\n<h2>Visuel Affiche \u00ab\u00a0Karat\u00e9\u00a0\u00bb<\/h2>\n<p><a href=\"https:\/\/sites.ffkarate.fr\/paca\/wp-content\/uploads\/sites\/121\/2016\/06\/affiche-karate1.jpg\"><img decoding=\"async\" class=\"  wp-image-4805 alignleft\" src=\"https:\/\/sites.ffkarate.fr\/paca\/wp-content\/uploads\/sites\/121\/2016\/06\/affiche-karate1-212x300.jpg\" alt=\"affiche karate\" width=\"150\" height=\"212\" \/><\/a><\/p>\n<p>&nbsp;<\/p>\n<p><strong>Disponible en 2 formats : A3 et Flyer.<\/strong><\/p>\n<ul>\n<li>T\u00e9l\u00e9charger le fichier PDF : <span style=\"color: #000000\"><a style=\"color: #000000\" href=\"https:\/\/sites.ffkarate.fr\/paca\/wp-content\/uploads\/sites\/121\/2016\/06\/affiche_karate-pdf-1.pdf\">A3<\/a>\u00a0&#8211;\u00a0<a style=\"color: #000000\" href=\"https:\/\/sites.ffkarate.fr\/paca\/wp-content\/uploads\/sites\/121\/2016\/06\/flyer-karate-1.pdf\">Flyer<\/a><\/span><\/li>\n<li><span style=\"color: #000000\">T\u00e9l\u00e9charger le fichier JPG : <a style=\"color: #000000\" href=\"https:\/\/sites.ffkarate.fr\/paca\/wp-content\/uploads\/sites\/121\/2016\/06\/affiche-karate1.jpg\">A3<\/a>\u00a0&#8211;\u00a0 Flyer (<a style=\"color: #000000\" href=\"https:\/\/sites.ffkarate.fr\/paca\/wp-content\/uploads\/sites\/105\/2016\/06\/flyer-karate_recto.jpg\">Recto<\/a>\u00a0et\u00a0<a style=\"color: #000000\" href=\"https:\/\/sites.ffkarate.fr\/paca\/wp-content\/uploads\/sites\/121\/2016\/06\/flyer-karate_verso.jpg\">Verso<\/a>)<\/span><\/li>\n<\/ul>\n<h2><\/h2>\n<h2><\/h2>\n<hr \/>\n<h2>\u00a0Visuel Affiche \u00ab\u00a0Karat\u00e9 Comp\u00e9tition\u00a0\u00bb<\/h2>\n<p><a href=\"https:\/\/sites.ffkarate.fr\/paca\/wp-content\/uploads\/sites\/121\/2016\/06\/Visuel-karate_competition.jpg\"><img decoding=\"async\" class=\"  wp-image-4819 alignleft\" src=\"https:\/\/sites.ffkarate.fr\/paca\/wp-content\/uploads\/sites\/121\/2016\/06\/Visuel-karate_competition-212x300.jpg\" alt=\"Visuel karate_competition\" width=\"150\" height=\"213\" \/><\/a><\/p>\n<p>&nbsp;<\/p>\n<p><strong>Disponible en 2 formats : A3 et Flyer.<\/strong><\/p>\n<ul>\n<li><span style=\"color: #000000\">T\u00e9l\u00e9charger le fichier PDF :\u00a0<a style=\"color: #000000\" href=\"https:\/\/sites.ffkarate.fr\/paca\/wp-content\/uploads\/sites\/121\/2016\/06\/affiche-karatecompetition-PDF.pdf\" target=\"_blank\" rel=\"noopener\">A3<\/a>\u2013 <a style=\"color: #000000\" href=\"https:\/\/sites.ffkarate.fr\/paca\/wp-content\/uploads\/sites\/121\/2016\/06\/flyer-karate_competition.pdf\">Flyer<\/a><\/span><\/li>\n<li><span style=\"color: #000000\">T\u00e9l\u00e9charger le fichier JPG :\u00a0<a style=\"color: #000000\" href=\"https:\/\/sites.ffkarate.fr\/paca\/wp-content\/uploads\/sites\/121\/2016\/06\/Visuel-karate_competition.jpg\">A3<\/a>\u2013 \u00a0Flyer (<a style=\"color: #000000\" href=\"https:\/\/sites.ffkarate.fr\/paca\/wp-content\/uploads\/sites\/121\/2016\/06\/flyer-karate_competition_recto.jpg\">Recto<\/a>\u00a0et\u00a0<a style=\"color: #000000\" href=\"https:\/\/sites.ffkarate.fr\/paca\/wp-content\/uploads\/sites\/121\/2016\/06\/flyer-karate_competition_verso.jpg\">Verso<\/a>)<\/span><\/li>\n<\/ul>\n<h2><\/h2>\n<hr \/>\n<h2>Visuel Affiche \u00ab\u00a0Karat\u00e9 Enfant\u00a0\u00bb<\/h2>\n<p><a href=\"https:\/\/sites.ffkarate.fr\/paca\/wp-content\/uploads\/sites\/121\/2016\/06\/Visuel-karate_enfant.jpg\"><img decoding=\"async\" class=\"  wp-image-4843 alignleft\" src=\"https:\/\/sites.ffkarate.fr\/paca\/wp-content\/uploads\/sites\/121\/2016\/06\/Visuel-karate_enfant-212x300.jpg\" alt=\"Visuel karate_enfant\" width=\"150\" height=\"212\" \/><\/a><\/p>\n<p>&nbsp;<\/p>\n<p><strong>Disponible en 2 formats : A3 et Flyer.<\/strong><\/p>\n<ul>\n<li>T\u00e9l\u00e9charger le fichier PDF <span style=\"color: #000000\">:\u00a0<a style=\"color: #000000\" href=\"https:\/\/sites.ffkarate.fr\/paca\/wp-content\/uploads\/sites\/121\/2016\/06\/affiche-karate_enfant_PDF.pdf\">A3<\/a>\u00a0\u2013 <a style=\"color: #000000\" href=\"https:\/\/sites.ffkarate.fr\/paca\/wp-content\/uploads\/sites\/105\/2016\/06\/flyer-karate_enfant.pdf\">Flyer<\/a><\/span><\/li>\n<li><span style=\"color: #000000\">T\u00e9l\u00e9charger le fichier JPG : <a href=\"https:\/\/sites.ffkarate.fr\/paca\/wp-content\/uploads\/sites\/121\/2016\/06\/Visuel-karate_enfant.jpg\">A3<\/a>\u00a0\u2013 Flyer (<a style=\"color: #000000\" href=\"https:\/\/sites.ffkarate.fr\/paca\/wp-content\/uploads\/sites\/121\/2016\/06\/flyer-karate_enfant_recto.jpg\">Recto<\/a>\u00a0et\u00a0<a style=\"color: #000000\" href=\"https:\/\/sites.ffkarate.fr\/paca\/wp-content\/uploads\/sites\/121\/2016\/06\/flyer_karate-enfant_verso.jpg\">Verso<\/a>)<\/span><\/li>\n<\/ul>\n<p>&nbsp;<\/p>\n<p>&nbsp;<\/p>\n<hr \/>\n<h2>Visuel Affiche \u00ab\u00a0Body Karat\u00e9\u00a0\u00bb<\/h2>\n<p><a href=\"https:\/\/sites.ffkarate.fr\/paca\/wp-content\/uploads\/sites\/121\/2016\/06\/Visuel-body_karate.jpg\"><img decoding=\"async\" class=\"  wp-image-4868 alignleft\" src=\"https:\/\/sites.ffkarate.fr\/paca\/wp-content\/uploads\/sites\/121\/2016\/06\/Visuel-body_karate-212x300.jpg\" alt=\"Visuel body_karate\" width=\"150\" height=\"212\" \/><\/a><\/p>\n<p>&nbsp;<\/p>\n<p><strong>Disponible en 2 formats : A3 et Flyer.<\/strong><\/p>\n<ul>\n<li>T\u00e9l\u00e9charger le fichier PDF :<span style=\"color: #000000\"> <a style=\"color: #000000\" href=\"https:\/\/sites.ffkarate.fr\/paca\/wp-content\/uploads\/sites\/121\/2016\/06\/affiche_body_karate_PDF.pdf\">A3<\/a>\u00a0\u2013\u00a0<a style=\"color: #000000\" href=\"https:\/\/sites.ffkarate.fr\/paca\/wp-content\/uploads\/sites\/121\/2016\/06\/flyer_body_karate.pdf\">Flyer<\/a><\/span><\/li>\n<li><span style=\"color: #000000\">T\u00e9l\u00e9charger le fichier JPG : <a style=\"color: #000000\" href=\"https:\/\/sites.ffkarate.fr\/paca\/wp-content\/uploads\/sites\/121\/2016\/06\/Visuel-body_karate.jpg\">A3<\/a>\u00a0\u2013 \u00a0Flyer (<a style=\"color: #000000\" href=\"https:\/\/sites.ffkarate.fr\/paca\/wp-content\/uploads\/sites\/121\/2016\/06\/flyer_body_karate_recto.jpg\">Recto<\/a>\u00a0et\u00a0<a style=\"color: #000000\" href=\"https:\/\/sites.ffkarate.fr\/paca\/wp-content\/uploads\/sites\/121\/2016\/06\/flyer-body_karate_verso.jpg\">Verso<\/a>)<\/span><\/li>\n<\/ul>\n<p>&nbsp;<\/p>\n<p>&nbsp;<\/p>\n<hr \/>\n<h2>Visuel Affiche \u00ab\u00a0Karat\u00e9 D\u00e9fense Training\u00a0\u00bb<\/h2>\n<p style=\"text-align: left\"><a href=\"https:\/\/sites.ffkarate.fr\/paca\/wp-content\/uploads\/sites\/121\/2016\/06\/Visuel-karate_defense_training.jpg\"><img decoding=\"async\" class=\"  wp-image-4885 alignleft\" src=\"https:\/\/sites.ffkarate.fr\/paca\/wp-content\/uploads\/sites\/121\/2016\/06\/Visuel-karate_defense_training-212x300.jpg\" alt=\"Visuel karate_defense_training\" width=\"150\" height=\"212\" \/><\/a><br \/>\n<strong>Disponible en 2 formats : A3 et Flyer.<\/strong><\/p>\n<ul>\n<li>T\u00e9l\u00e9charger le fichier PDF<span style=\"color: #000000\"> : <a style=\"color: #000000\" href=\"https:\/\/sites.ffkarate.fr\/paca\/wp-content\/uploads\/sites\/105\/2016\/07\/affiche-karate_defense_training_pdf.pdf\">A3<\/a>\u00a0&#8211; <a style=\"color: #000000\" href=\"https:\/\/sites.ffkarate.fr\/paca\/wp-content\/uploads\/sites\/121\/2016\/07\/flyer-karate_defense_training-1.pdf\">Flyer<\/a><\/span><\/li>\n<li><span style=\"color: #000000\">T\u00e9l\u00e9charger le fichier JPG : \u00a0A<a style=\"color: #000000\" href=\"https:\/\/sites.ffkarate.fr\/paca\/wp-content\/uploads\/sites\/121\/2016\/06\/Visuel-karate_defense_training.jpg\">3<\/a>\u00a0&#8211; Flyer \u00a0(<a style=\"color: #000000\" href=\"https:\/\/sites.ffkarate.fr\/paca\/wp-content\/uploads\/sites\/121\/2016\/07\/flyer-karate_defense_training_recto.jpg\">Recto<\/a>\u00a0et\u00a0<a style=\"color: #000000\" href=\"https:\/\/sites.ffkarate.fr\/paca\/wp-content\/uploads\/sites\/121\/2016\/07\/flyer-karate_defense_training_verso.jpg\">Verso<\/a>)<\/span><\/li>\n<\/ul>\n<p>&nbsp;<\/p>\n<p>&nbsp;<\/p>\n<p>&nbsp;<\/p>\n<hr \/>\n<h2>\u00a0Visuel Affiche \u00ab\u00a0Wushu Taolu\/ AMC \u00bb<\/h2>\n<p style=\"text-align: left\"><a href=\"https:\/\/sites.ffkarate.fr\/paca\/wp-content\/uploads\/sites\/121\/2016\/07\/Visuel-wushu_taolu.jpg\"><br \/>\n<img decoding=\"async\" class=\"  wp-image-4910 alignleft\" src=\"https:\/\/sites.ffkarate.fr\/paca\/wp-content\/uploads\/sites\/121\/2016\/07\/Visuel-wushu_taolu-212x300.jpg\" alt=\"Visuel wushu_taolu\" width=\"151\" height=\"213\" \/><\/a><br \/>\n<strong>Disponible en 2 formats : A3 et Flyer.<\/strong><\/p>\n<ul>\n<li>\u00a0T\u00e9l\u00e9charger le fichier PD<span style=\"color: #000000\">F : <a style=\"color: #000000\" href=\"https:\/\/sites.ffkarate.fr\/paca\/wp-content\/uploads\/sites\/121\/2016\/07\/affiche-wushu_taolu-PDF1.pdf\">A3<\/a>\u00a0\u2013 <a style=\"color: #000000\" href=\"https:\/\/sites.ffkarate.fr\/paca\/wp-content\/uploads\/sites\/105\/2016\/07\/flyer-wushu_taolu.pdf\">Flyer<\/a><\/span><\/li>\n<li><span style=\"color: #000000\">\u00a0T\u00e9l\u00e9charger le fichier JPG : \u00a0<a style=\"color: #000000\" href=\"https:\/\/sites.ffkarate.fr\/paca\/wp-content\/uploads\/sites\/121\/2016\/07\/Visuel-wushu_taolu.jpg\">A3<\/a>\u00a0&#8211; Flyer \u00a0(<a style=\"color: #000000\" href=\"https:\/\/sites.ffkarate.fr\/paca\/wp-content\/uploads\/sites\/121\/2016\/07\/flyer-wushu_taolu_recto-1.jpg\">Recto<\/a>\u00a0et\u00a0<a style=\"color: #000000\" href=\"https:\/\/sites.ffkarate.fr\/paca\/wp-content\/uploads\/sites\/121\/2016\/07\/flyer-wushu_taolu_verso.jpg\">Verso<\/a>)<\/span><\/li>\n<\/ul>\n<p>&nbsp;<\/p>\n<p>&nbsp;<\/p>\n<p>&nbsp;<\/p>\n<hr \/>\n<h2>\u00a0Visuel Affiche \u00ab\u00a0Wushu Sanda\/ AMC \u00bb<\/h2>\n<p><strong><a href=\"https:\/\/sites.ffkarate.fr\/paca\/wp-content\/uploads\/sites\/121\/2016\/07\/Visuel-wushu_sanda.jpg\"><img decoding=\"async\" class=\"  wp-image-4923 alignleft\" src=\"https:\/\/sites.ffkarate.fr\/paca\/wp-content\/uploads\/sites\/121\/2016\/07\/Visuel-wushu_sanda-212x300.jpg\" alt=\"Visuel wushu_sanda\" width=\"151\" height=\"214\" \/><\/a><br \/>\nDisponible en 2 formats : A3 et Flyer.<\/strong><\/p>\n<ul>\n<li>\u00a0T\u00e9l\u00e9charger le fichier PDF<span style=\"color: #000000\"> : <a style=\"color: #000000\" href=\"https:\/\/sites.ffkarate.fr\/paca\/wp-content\/uploads\/sites\/121\/2016\/07\/affiche-wushu_sanda_PDF.pdf\">A3<\/a>\u00a0&#8211; \u00a0<a style=\"color: #000000\" href=\"https:\/\/sites.ffkarate.fr\/paca\/wp-content\/uploads\/sites\/121\/2016\/07\/flyer-wushu_sanda_.pdf\">Flyer<\/a><\/span><\/li>\n<li><span style=\"color: #000000\">T\u00e9l\u00e9charger le fichier JPG :\u00a0<a style=\"color: #000000\" href=\"https:\/\/sites.ffkarate.fr\/paca\/wp-content\/uploads\/sites\/121\/2016\/07\/Visuel-wushu_sanda.jpg\">A3<\/a>\u00a0&#8211; Flyer (<a style=\"color: #000000\" href=\"https:\/\/sites.ffkarate.fr\/paca\/wp-content\/uploads\/sites\/121\/2016\/07\/flyer-wushu_sanda_recto.jpg\">Recto<\/a>\u00a0et\u00a0<a style=\"color: #000000\" href=\"https:\/\/sites.ffkarate.fr\/paca\/wp-content\/uploads\/sites\/121\/2016\/07\/flyer_wushu_sanda_verso.jpg\">Verso<\/a>)<\/span><\/li>\n<\/ul>\n<p><span style=\"color: #000000\">\u00a0<\/span><\/p>\n<p>&nbsp;<\/p>\n<p>&nbsp;<\/p>\n<hr \/>\n<h2>Visuel Affiche \u00ab\u00a0AMV Traditionnels\u00a0\u00bb<\/h2>\n<p><a href=\"https:\/\/sites.ffkarate.fr\/paca\/wp-content\/uploads\/sites\/121\/2016\/07\/Visuel-amv_traditionnels.jpg\"><img decoding=\"async\" class=\"  wp-image-4929 alignleft\" src=\"https:\/\/sites.ffkarate.fr\/paca\/wp-content\/uploads\/sites\/121\/2016\/07\/Visuel-amv_traditionnels-212x300.jpg\" alt=\"Visuel amv_traditionnels\" width=\"150\" height=\"212\" \/><\/a><\/p>\n<p><strong>Disponible en 2 formats : A3 et Flyer.<\/strong><\/p>\n<ul>\n<li>T\u00e9l\u00e9charger le fichier PDF <span style=\"color: #000000\">:\u00a0<a style=\"color: #000000\" href=\"https:\/\/sites.ffkarate.fr\/paca\/wp-content\/uploads\/sites\/121\/2016\/07\/affiche-amv_traditionnels_pdf.pdf\">A3<\/a>\u00a0&#8211;\u00a0<a style=\"color: #000000\" href=\"https:\/\/sites.ffkarate.fr\/paca\/wp-content\/uploads\/sites\/121\/2016\/07\/flyer-amv_traditionnels.pdf\">Flyer<\/a><\/span><\/li>\n<li><span style=\"color: #000000\">T\u00e9l\u00e9charger le fichier JPG :\u00a0<a style=\"color: #000000\" href=\"https:\/\/sites.ffkarate.fr\/paca\/wp-content\/uploads\/sites\/121\/2016\/07\/Visuel-amv_traditionnels.jpg\">A3<\/a>\u00a0&#8211; Flyer (<a style=\"color: #000000\" href=\"https:\/\/sites.ffkarate.fr\/paca\/wp-content\/uploads\/sites\/121\/2016\/07\/flyer-amv_traditionnels_recto.jpg\">Recto<\/a>\u00a0et\u00a0\u00a0<a style=\"color: #000000\" href=\"https:\/\/sites.ffkarate.fr\/paca\/wp-content\/uploads\/sites\/121\/2016\/07\/flyer-amv_traditionnels_verso.jpg\">Verso<\/a>)<\/span><\/li>\n<li><\/li>\n<\/ul>\n<h2><\/h2>\n<hr \/>\n<h2>\u00a0Visuel Affiche \u00ab Vovinam\u00a0\u00bb<\/h2>\n<p><a href=\"https:\/\/sites.ffkarate.fr\/paca\/wp-content\/uploads\/sites\/121\/2016\/07\/Visuel-amv_vovinam-1.jpg\"><img decoding=\"async\" class=\"  wp-image-4931 alignleft\" src=\"https:\/\/sites.ffkarate.fr\/paca\/wp-content\/uploads\/sites\/121\/2016\/07\/Visuel-amv_vovinam-1-212x300.jpg\" alt=\"Visuel amv_vovinam\" width=\"150\" height=\"212\" \/><\/a><\/p>\n<p><strong>Disponible en 2 formats : A3 et Flyer.<\/strong><\/p>\n<ul>\n<li>T\u00e9l\u00e9charger le fichier PDF<span style=\"color: #000000\"> :\u00a0<a style=\"color: #000000\" href=\"https:\/\/sites.ffkarate.fr\/paca\/wp-content\/uploads\/sites\/121\/2016\/07\/affiche-amv_vovinam_pdf.pdf\">A3<\/a>\u00a0&#8211;\u00a0<a style=\"color: #000000\" href=\"https:\/\/sites.ffkarate.fr\/paca\/wp-content\/uploads\/sites\/121\/2016\/07\/flyer-amv_vovinam.pdf\">Flyer<\/a><\/span><\/li>\n<li><span style=\"color: #000000\">T\u00e9l\u00e9charger le fichier JPG :\u00a0<a style=\"color: #000000\" href=\"https:\/\/sites.ffkarate.fr\/paca\/wp-content\/uploads\/sites\/121\/2016\/07\/Visuel-amv_vovinam-1.jpg\">A3<\/a>\u00a0&#8211; Flyer (<a style=\"color: #000000\" href=\"https:\/\/sites.ffkarate.fr\/paca\/wp-content\/uploads\/sites\/105\/2016\/07\/flyer-amv_vovinam_recto.jpg\">Recto<\/a>\u00a0et\u00a0<a style=\"color: #000000\" href=\"https:\/\/sites.ffkarate.fr\/paca\/wp-content\/uploads\/sites\/121\/2016\/07\/flyer-amv_vovinam_verso.jpg\">Verso<\/a>)<\/span><\/li>\n<\/ul>\n<p><span style=\"color: #000000\">\u00a0<\/span><\/p>\n<p>&nbsp;<\/p>\n<p>&nbsp;<\/p>\n<hr \/>\n<h2>Visuel Affiche \u00ab\u00a0Karat\u00e9 Full Contact\u00a0\u00bb<\/h2>\n<p><a href=\"https:\/\/sites.ffkarate.fr\/paca\/wp-content\/uploads\/sites\/121\/2016\/07\/affiche_karate_full_contact.jpg\"><img decoding=\"async\" class=\"  wp-image-5208 alignleft\" src=\"https:\/\/sites.ffkarate.fr\/paca\/wp-content\/uploads\/sites\/121\/2016\/07\/affiche_karate_full_contact-214x300.jpg\" alt=\"affiche_karate_full_contact\" width=\"150\" height=\"210\" \/><\/a><br \/>\n<strong>Disponible en 2 formats : A3 et Flyer.<\/strong><\/p>\n<ul>\n<li>T\u00e9l\u00e9charger le fichier PDF <span style=\"color: #000000\">:<a href=\"https:\/\/sites.ffkarate.fr\/paca\/wp-content\/uploads\/sites\/121\/2016\/07\/affiche_karate_full_contact_.pdf\">A3<\/a> \u00a0\u2013 <a href=\"https:\/\/sites.ffkarate.fr\/paca\/wp-content\/uploads\/sites\/105\/2016\/07\/flyer_karate_full_contact_.pdf\">Flyer<\/a>\u00a0<\/span><\/li>\n<li><span style=\"color: #000000\">T\u00e9l\u00e9charger le fichier JPG : \u00a0<a href=\"https:\/\/sites.ffkarate.fr\/paca\/wp-content\/uploads\/sites\/121\/2016\/07\/affiche_karate_full_contact.jpg\">A3<\/a>\u00a0&#8211; \u00a0Flyer (<a href=\"https:\/\/sites.ffkarate.fr\/paca\/wp-content\/uploads\/sites\/121\/2016\/07\/flyer_karate_full_contact_recto.jpg\">Recto<\/a>\u00a0et\u00a0<a href=\"https:\/\/sites.ffkarate.fr\/paca\/wp-content\/uploads\/sites\/121\/2016\/07\/flyer_karate_full_contact_verso.jpg\">Verso<\/a>)<\/span><\/li>\n<\/ul>\n<h2><\/h2>\n<h2><\/h2>\n<hr \/>\n<h2>Visuel Affiche \u00ab\u00a0Krav Maga\u00a0\u00bb<\/h2>\n<p><a href=\"https:\/\/sites.ffkarate.fr\/paca\/wp-content\/uploads\/sites\/121\/2016\/07\/Visuel-krav_maga-1.jpg\"><img decoding=\"async\" class=\"  wp-image-4933 alignleft\" src=\"https:\/\/sites.ffkarate.fr\/paca\/wp-content\/uploads\/sites\/121\/2016\/07\/Visuel-krav_maga-1-212x300.jpg\" alt=\"Visuel krav_maga\" width=\"150\" height=\"212\" \/><\/a><br \/>\n<strong>Disponible en 2 formats : A3 et Flyer.<\/strong><\/p>\n<ul>\n<li>T\u00e9l\u00e9charger le fichier PD<span style=\"color: #000000\">F :\u00a0<a style=\"color: #000000\" href=\"https:\/\/sites.ffkarate.fr\/paca\/wp-content\/uploads\/sites\/121\/2016\/07\/affiche_krav_maga_PDF.pdf\">A3<\/a>\u00a0&#8211;\u00a0<a style=\"color: #000000\" href=\"https:\/\/sites.ffkarate.fr\/paca\/wp-content\/uploads\/sites\/121\/2016\/07\/flyer-krav_maga.pdf\">Flyer<\/a><\/span><\/li>\n<li><span style=\"color: #000000\">T\u00e9l\u00e9charger le fichier JPG :\u00a0<a style=\"color: #000000\" href=\"https:\/\/sites.ffkarate.fr\/paca\/wp-content\/uploads\/sites\/121\/2016\/07\/Visuel-krav_maga-1.jpg\">A3<\/a>\u00a0&#8211; Flyer (<a style=\"color: #000000\" href=\"https:\/\/sites.ffkarate.fr\/paca\/wp-content\/uploads\/sites\/121\/2016\/07\/flyer-krav_maga_recto.jpg\">Recto<\/a>\u00a0et\u00a0<a style=\"color: #000000\" href=\"https:\/\/sites.ffkarate.fr\/paca\/wp-content\/uploads\/sites\/121\/2016\/07\/flyer-krav_maga_verso.jpg\">Verso<\/a>)<\/span><\/li>\n<\/ul>\n<h2><\/h2>\n<h2><\/h2>\n<hr \/>\n<h2>Visuel Affiche \u00ab\u00a0Yoseikan Budo\u00a0\u00bb<\/h2>\n<p><a href=\"https:\/\/sites.ffkarate.fr\/paca\/wp-content\/uploads\/sites\/121\/2016\/07\/Visuel-yoseikan_budo-1.jpg\"><img decoding=\"async\" class=\"  wp-image-4936 alignleft\" src=\"https:\/\/sites.ffkarate.fr\/paca\/wp-content\/uploads\/sites\/121\/2016\/07\/Visuel-yoseikan_budo-1-212x300.jpg\" alt=\"Visuel yoseikan_budo\" width=\"150\" height=\"212\" \/><\/a><br \/>\n<strong>Disponible en 2 formats : A3 et Flyer.<\/strong><\/p>\n<ul>\n<li>T\u00e9l\u00e9charger le fichier PDF<span style=\"color: #000000\"> :\u00a0<a style=\"color: #000000\" href=\"https:\/\/sites.ffkarate.fr\/paca\/wp-content\/uploads\/sites\/121\/2016\/07\/affiche-yoseikan_budo-pdf.pdf\">A3<\/a>\u00a0&#8211;\u00a0<a style=\"color: #000000\" href=\"https:\/\/sites.ffkarate.fr\/paca\/wp-content\/uploads\/sites\/121\/2016\/07\/flyer-yoseikan_budo.pdf\">Flyer<\/a><\/span><\/li>\n<li><span style=\"color: #000000\">T\u00e9l\u00e9charger le fichier JPG :\u00a0<a style=\"color: #000000\" href=\"https:\/\/sites.ffkarate.fr\/paca\/wp-content\/uploads\/sites\/121\/2016\/07\/Visuel-yoseikan_budo-1.jpg\">A3<\/a>\u00a0&#8211; Flyer (<a style=\"color: #000000\" href=\"https:\/\/sites.ffkarate.fr\/paca\/wp-content\/uploads\/sites\/121\/2016\/07\/flyer-yoseikan_budo_recto-1.jpg\">Recto<\/a>\u00a0et\u00a0<a style=\"color: #000000\" href=\"https:\/\/sites.ffkarate.fr\/paca\/wp-content\/uploads\/sites\/121\/2016\/07\/flyer-yoseikan_budo_verso.jpg\">Verso<\/a>)<\/span><\/li>\n<\/ul>\n<h2><\/h2>\n<p>&nbsp;<\/p>\n<hr \/>\n<h2>Visuel Affiche \u00ab Combat Mixte\u00a0\u00bb<\/h2>\n<p><a href=\"https:\/\/sites.ffkarate.fr\/paca\/wp-content\/uploads\/sites\/121\/2017\/03\/affiche_ffkda2016_combat_mixte_A3-1.jpg\"><img decoding=\"async\" class=\"  wp-image-7389 alignleft\" src=\"https:\/\/sites.ffkarate.fr\/paca\/wp-content\/uploads\/sites\/121\/2017\/03\/affiche_ffkda2016_combat_mixte_A3-1-212x300.jpg\" alt=\"affiche_ffkda2016_combat_mixte_A3\" width=\"118\" height=\"166\" \/><\/a><\/p>\n<p><strong>Disponible en 2 formats : A3 et Flyer.<\/strong><\/p>\n<p>T\u00e9l\u00e9charger le fichier PDF<span style=\"color: #000000\"> :<\/span><br \/>\nT\u00e9l\u00e9charger le fichier JPG :[\/vc_column_text][\/vc_column][\/vc_row]<\/p>\n<\/div>","protected":false},"excerpt":{"rendered":"<p>[vc_row][vc_column][vc_column_text]PERSONNALISEZ VOS AFFICHES &#8230; Dans une d\u00e9marche tourn\u00e9e vers le d\u00e9veloppement durable, souhait\u00e9e par la Minist\u00e8re en charge des sports, la\u00a0FFKDA a mis en place une application web gratuite vous permettant de personnaliser vos affiches et de les imprimer vous-m\u00eame dans la quantit\u00e9 d\u00e9sir\u00e9e. Retrouvez cette application \u00e0 l\u2019adresse : http:\/\/myposter.ffkarate.fr Vous devez vous munir [&hellip;]<\/p>\n","protected":false},"author":20,"featured_media":0,"parent":0,"menu_order":0,"comment_status":"closed","ping_status":"closed","template":"","meta":{"footnotes":""},"class_list":["post-2546","page","type-page","status-publish","hentry"],"_links":{"self":[{"href":"https:\/\/sites.ffkarate.fr\/paca\/wp-json\/wp\/v2\/pages\/2546","targetHints":{"allow":["GET"]}}],"collection":[{"href":"https:\/\/sites.ffkarate.fr\/paca\/wp-json\/wp\/v2\/pages"}],"about":[{"href":"https:\/\/sites.ffkarate.fr\/paca\/wp-json\/wp\/v2\/types\/page"}],"author":[{"embeddable":true,"href":"https:\/\/sites.ffkarate.fr\/paca\/wp-json\/wp\/v2\/users\/20"}],"replies":[{"embeddable":true,"href":"https:\/\/sites.ffkarate.fr\/paca\/wp-json\/wp\/v2\/comments?post=2546"}],"version-history":[{"count":0,"href":"https:\/\/sites.ffkarate.fr\/paca\/wp-json\/wp\/v2\/pages\/2546\/revisions"}],"wp:attachment":[{"href":"https:\/\/sites.ffkarate.fr\/paca\/wp-json\/wp\/v2\/media?parent=2546"}],"curies":[{"name":"wp","href":"https:\/\/api.w.org\/{rel}","templated":true}]}}