{"id":1693,"date":"2021-06-03T18:41:31","date_gmt":"2021-06-03T16:41:31","guid":{"rendered":"https:\/\/sites.ffkarate.fr\/pyreneesorientales\/?page_id=1693"},"modified":"2026-04-09T21:25:26","modified_gmt":"2026-04-09T19:25:26","slug":"stages-clubs-66","status":"publish","type":"page","link":"https:\/\/sites.ffkarate.fr\/pyreneesorientales\/stages-clubs-66\/","title":{"rendered":"Stages clubs 66"},"content":{"rendered":"<div class=\"wpb-content-wrapper\"><p>[vc_row][vc_column][vc_column_text]Dans le cadre de notre mission d\u2019aide au d\u00e9veloppement de vos activit\u00e9s, nous diffuserons vos\u00a0 affiches de stages dans la mesure du possible et de nos disponibilit\u00e9s.<\/p>\n<p>Vous pouvez les envoyer suffisamment \u00e0 l\u2019avance \u00e0 :\u00a0 fx.leuthreau@wanadoo.fr<\/p>\n<p>Pour \u00eatre publi\u00e9 sur le site du CDKDA 66, votre stage doit respecter la r\u00e8glementation et les conditions suivantes :<\/p>\n<ul>\n<li>Etre organis\u00e9 par un club de notre comp\u00e9tence territoriale<\/li>\n<li>Etre destin\u00e9 aux licenci\u00e9s FFK et pour une activit\u00e9 du ressort de la FFKDA, couverte par l\u2019assurance-licence FFK.<\/li>\n<li>Etre dirig\u00e9 par un professeur licenci\u00e9 FFK et titulaire d\u2019un dipl\u00f4me autorisant l\u2019enseignement de la discipline concern\u00e9e (Dipl\u00f4me f\u00e9d\u00e9ral ou dipl\u00f4me d\u2019\u00e9tat)<\/li>\n<li>Ne pas faire \u00e9tat de titres, grades, dipl\u00f4mes non officiels ou mensongers<\/li>\n<li>Ne pas interf\u00e9rer avec une manifestation officielle destin\u00e9e au m\u00eame public licenci\u00e9 sur le m\u00eame territoire.<\/li>\n<\/ul>\n<p>[\/vc_column_text][vc_single_image image=\u00a0\u00bb4627&Prime;][vc_single_image image=\u00a0\u00bb4624&Prime;][vc_single_image image=\u00a0\u00bb4615&Prime;][vc_single_image image=\u00a0\u00bb4616&Prime;][vc_single_image image=\u00a0\u00bb4585&Prime;][vc_single_image image=\u00a0\u00bb4583&Prime;][vc_single_image image=\u00a0\u00bb4558&Prime;][vc_single_image image=\u00a0\u00bb4544&Prime;][vc_single_image image=\u00a0\u00bb4530&Prime;][vc_single_image image=\u00a0\u00bb4556&Prime;][vc_single_image image=\u00a0\u00bb4555&Prime;][vc_single_image image=\u00a0\u00bb4531&Prime;][vc_single_image image=\u00a0\u00bb4524&Prime;][vc_single_image image=\u00a0\u00bb4523&Prime;][vc_single_image image=\u00a0\u00bb4519&Prime;][vc_single_image image=\u00a0\u00bb4516&Prime;][vc_single_image image=\u00a0\u00bb4511&Prime;][vc_single_image image=\u00a0\u00bb4510&Prime;][vc_single_image image=\u00a0\u00bb4500&Prime;][vc_single_image image=\u00a0\u00bb4507&Prime;][vc_single_image image=\u00a0\u00bb4462&Prime; title=\u00a0\u00bbStage d\u2019\u00e9t\u00e9 de Karat\u00e9 do d\u2019Okinawa avec Sense\u00ef Patrick Christian Rault\u00a0\u00bb][vc_single_image image=\u00a0\u00bb4498&Prime;][vc_single_image image=\u00a0\u00bb4493&Prime;][vc_single_image image=\u00a0\u00bb4487&Prime;][vc_single_image image=\u00a0\u00bb4485&Prime;][vc_single_image image=\u00a0\u00bb4482&Prime;][vc_single_image image=\u00a0\u00bb4480&Prime;][vc_single_image image=\u00a0\u00bb4476&Prime;][vc_single_image image=\u00a0\u00bb4472&Prime;][vc_single_image image=\u00a0\u00bb4468&Prime;][vc_single_image image=\u00a0\u00bb4469&Prime;][vc_single_image image=\u00a0\u00bb4475&Prime;][vc_single_image image=\u00a0\u00bb4466&Prime; title=\u00a0\u00bbStage KOBUDO ( pr\u00e9voir un b\u00e2ton long de 1m80 )\u00a0\u00bb][vc_single_image image=\u00a0\u00bb4456&Prime;][vc_single_image image=\u00a0\u00bb4451&Prime;][vc_single_image image=\u00a0\u00bb4464&Prime;][vc_single_image image=\u00a0\u00bb4422&Prime;][vc_column_text]<\/p>\n<div class=\"xdj266r x11i5rnm xat24cr x1mh8g0r x1vvkbs x126k92a\">\n<div dir=\"auto\">stage EXPERT FEDERAL<\/div>\n<\/div>\n<div class=\"x11i5rnm xat24cr x1mh8g0r x1vvkbs xtlvy1s x126k92a\">\n<div dir=\"auto\"><strong>Jean Fran\u00e7ois Tisseyre<\/strong><\/div>\n<div dir=\"auto\"><strong>8\u00e8me dan &#8211; expert f\u00e9d\u00e9ral FFK<\/strong><\/div>\n<\/div>\n<div class=\"x11i5rnm xat24cr x1mh8g0r x1vvkbs xtlvy1s x126k92a\">\n<div dir=\"auto\">vendredi 15 novembre de 19h00 \u00e0 20h30.<\/div>\n<\/div>\n<div class=\"x11i5rnm xat24cr x1mh8g0r x1vvkbs xtlvy1s x126k92a\">\n<div dir=\"auto\">Dojo du <strong>Karat\u00e9 club Laurentin<\/strong><\/div>\n<div dir=\"auto\">CL. Espace Lat\u00e9co\u00e8re.<\/div>\n<div dir=\"auto\">Chemin de Leucate<\/div>\n<div dir=\"auto\">Saint Laurent de la Salanque<\/div>\n<div dir=\"auto\">Tarif 10\u20ac.<\/div>\n<\/div>\n<div dir=\"auto\"><\/div>\n<div dir=\"auto\"><img decoding=\"async\" class=\"alignnone size-medium wp-image-4410\" src=\"https:\/\/sites.ffkarate.fr\/pyreneesorientales\/wp-content\/uploads\/sites\/85\/2024\/11\/466039495_122123116022506873_8773772145931896305_n-240x300.jpg\" alt=\"\" width=\"240\" height=\"300\" srcset=\"https:\/\/sites.ffkarate.fr\/pyreneesorientales\/wp-content\/uploads\/sites\/85\/2024\/11\/466039495_122123116022506873_8773772145931896305_n-240x300.jpg 240w, https:\/\/sites.ffkarate.fr\/pyreneesorientales\/wp-content\/uploads\/sites\/85\/2024\/11\/466039495_122123116022506873_8773772145931896305_n.jpg 511w\" sizes=\"(max-width: 240px) 100vw, 240px\" \/><\/div>\n<p>[\/vc_column_text][vc_single_image image=\u00a0\u00bb4403&Prime;][\/vc_column][vc_column][vc_column_text]<\/p>\n<h3><strong><span style=\"color: #333399\">\u00ab Karat\u00e9 no Hi \u00bb La journ\u00e9e du Karate<\/span><\/strong><\/h3>\n<h5><strong>Stage dirig\u00e9 par :<\/strong><br \/>\n<strong>Patrick Rault Expert f\u00e9d\u00e9ral 8e dan<\/strong><\/h5>\n<p>Samedi 26 octobre 2024<\/p>\n<p>Horaires : 15h \u00e0 18h (rdv 14h30)<\/p>\n<p>&#8211; Ouvert \u00e0 tous les licenci\u00e9s FFK<br \/>\n&#8211; \u00c9v\u00e9nement gratuit<\/p>\n<p>&#8211; Pratique de techniques de base<br \/>\n&#8211; Kata<br \/>\n&#8211; D\u00e9monstrations<br \/>\n&#8211; Lecture sur l\u2019histoire de la journ\u00e9e du Karat\u00e9 .<\/p>\n<p>Le 25 octobre 1936 est une date importante dans l\u2019histoire du karat\u00e9, car c\u2019est ce jour-l\u00e0 que des ma\u00eetres importants de karat\u00e9 d\u2019Okinawa se sont r\u00e9unis pour d\u00e9cider officiellement du nom de l\u2019art martial qu\u2019ils pratiquaient. Lors de cette r\u00e9union historique, ils ont choisi d\u2019adopter le terme \u201ckarat\u00e9\u201d (\u7a7a\u624b), qui signifie \u201cmain vide\u201d, pour d\u00e9signer leur discipline.<\/p>\n<p>Avant cela, le karat\u00e9 \u00e9tait souvent appel\u00e9 \u201cTode\u201d (\u5510\u624b), ce qui signifiait \u201cmain chinoise\u201d, en raison de ses origines li\u00e9es aux arts martiaux chinois. Cependant, avec la mont\u00e9e du nationalisme japonais \u00e0 cette \u00e9poque, les ma\u00eetres ont opt\u00e9 pour un nom plus neutre et symbolique. \u201cKarat\u00e9\u201d fait r\u00e9f\u00e9rence \u00e0 l\u2019absence d\u2019armes, mettant l\u2019accent sur le combat \u00e0 mains nues et la philosophie de la ma\u00eetrise de soi.<\/p>\n<p>Cette d\u00e9cision a marqu\u00e9 un tournant majeur dans la formalisation du karat\u00e9 en tant qu\u2019art martial japonais et dans sa diffusion mondiale ult\u00e9rieure. C\u2019est pourquoi cette date est significative pour les karat\u00e9kas, car elle symbolise l\u2019\u00e9volution et la reconnaissance de notre art.<\/p>\n<p>Renseignements : francekyudokan@gmail.com<\/p>\n<p>Tel: 0628807193<\/p>\n<p><img decoding=\"async\" class=\"alignnone size-medium wp-image-4382\" src=\"https:\/\/sites.ffkarate.fr\/pyreneesorientales\/wp-content\/uploads\/sites\/85\/2024\/10\/stage-no-hi-804x1024-1-236x300.jpg\" alt=\"\" width=\"236\" height=\"300\" srcset=\"https:\/\/sites.ffkarate.fr\/pyreneesorientales\/wp-content\/uploads\/sites\/85\/2024\/10\/stage-no-hi-804x1024-1-236x300.jpg 236w, https:\/\/sites.ffkarate.fr\/pyreneesorientales\/wp-content\/uploads\/sites\/85\/2024\/10\/stage-no-hi-804x1024-1-768x978.jpg 768w, https:\/\/sites.ffkarate.fr\/pyreneesorientales\/wp-content\/uploads\/sites\/85\/2024\/10\/stage-no-hi-804x1024-1.jpg 804w\" sizes=\"(max-width: 236px) 100vw, 236px\" \/>[\/vc_column_text][vc_single_image image=\u00a0\u00bb4352&Prime;][\/vc_column][vc_column][vc_single_image image=\u00a0\u00bb4294&Prime;][\/vc_column][vc_column][\/vc_column][\/vc_row][vc_row][vc_column][vc_single_image image=\u00a0\u00bb4327&Prime;][\/vc_column][\/vc_row][vc_row][vc_column][vc_single_image image=\u00a0\u00bb4220&Prime;][\/vc_column][\/vc_row][vc_row][vc_column][vc_single_image image=\u00a0\u00bb4209&Prime;][\/vc_column][\/vc_row][vc_row][vc_column][vc_column_text]I am text block. Click edit button to change this text. Lorem ipsum dolor sit amet, consectetur adipiscing elit. Ut elit tellus, luctus nec ullamcorper mattis, pulvinar dapibus leo.[\/vc_column_text][\/vc_column][vc_column][\/vc_column][\/vc_row][vc_row][vc_column][\/vc_column][\/vc_row][vc_row][vc_column][\/vc_column][\/vc_row]<\/p>\n<\/div>","protected":false},"excerpt":{"rendered":"<p>[vc_row][vc_column][vc_column_text]Dans le cadre de notre mission d\u2019aide au d\u00e9veloppement de vos activit\u00e9s, nous diffuserons vos\u00a0 affiches de stages dans la mesure du possible et de nos disponibilit\u00e9s. Vous pouvez les envoyer suffisamment \u00e0 l\u2019avance \u00e0 :\u00a0 fx.leuthreau@wanadoo.fr Pour \u00eatre publi\u00e9 sur le site du CDKDA 66, votre stage doit respecter la r\u00e8glementation et les conditions [&hellip;]<\/p>\n","protected":false},"author":190,"featured_media":0,"parent":0,"menu_order":0,"comment_status":"closed","ping_status":"closed","template":"","meta":{"footnotes":""},"class_list":["post-1693","page","type-page","status-publish","hentry"],"_links":{"self":[{"href":"https:\/\/sites.ffkarate.fr\/pyreneesorientales\/wp-json\/wp\/v2\/pages\/1693","targetHints":{"allow":["GET"]}}],"collection":[{"href":"https:\/\/sites.ffkarate.fr\/pyreneesorientales\/wp-json\/wp\/v2\/pages"}],"about":[{"href":"https:\/\/sites.ffkarate.fr\/pyreneesorientales\/wp-json\/wp\/v2\/types\/page"}],"author":[{"embeddable":true,"href":"https:\/\/sites.ffkarate.fr\/pyreneesorientales\/wp-json\/wp\/v2\/users\/190"}],"replies":[{"embeddable":true,"href":"https:\/\/sites.ffkarate.fr\/pyreneesorientales\/wp-json\/wp\/v2\/comments?post=1693"}],"version-history":[{"count":32,"href":"https:\/\/sites.ffkarate.fr\/pyreneesorientales\/wp-json\/wp\/v2\/pages\/1693\/revisions"}],"predecessor-version":[{"id":4628,"href":"https:\/\/sites.ffkarate.fr\/pyreneesorientales\/wp-json\/wp\/v2\/pages\/1693\/revisions\/4628"}],"wp:attachment":[{"href":"https:\/\/sites.ffkarate.fr\/pyreneesorientales\/wp-json\/wp\/v2\/media?parent=1693"}],"curies":[{"name":"wp","href":"https:\/\/api.w.org\/{rel}","templated":true}]}}