{"id":31,"date":"2021-05-07T15:58:18","date_gmt":"2021-05-07T13:58:18","guid":{"rendered":"https:\/\/sites.ffkarate.fr\/rhonemetropoledelyon\/?page_id=31"},"modified":"2025-09-22T14:02:07","modified_gmt":"2025-09-22T12:02:07","slug":"competitions","status":"publish","type":"page","link":"https:\/\/sites.ffkarate.fr\/rhonemetropoledelyon\/competitions\/","title":{"rendered":"Comp\u00e9titions"},"content":{"rendered":"<div class=\"wpb-content-wrapper\"><p>[vc_row][vc_column][ffk_button size=\u00a0\u00bbbig\u00a0\u00bb link=\u00a0\u00bburl:https%3A%2F%2Fsites.ffkarate.fr%2Frhonemetropoledelyon%2F2025%2F09%2F22%2Finscriptions-aux-competitions-mode-demploi-pour-les-clubs%2F|title:%20IMPORTANT%20-%20COMMENT%20S&rsquo;INSCRIRE%20A%20LA%20COMPETITION%20(Cliquez%20ici)\u00a0\u00bb][\/vc_column][\/vc_row][vc_row gap=\u00a0\u00bb15&Prime;][vc_column][vc_column_text]Toutes les inscriptions se font en ligne :[\/vc_column_text][ffk_button color=\u00a0\u00bbprimary\u00a0\u00bb size=\u00a0\u00bbbig\u00a0\u00bb link=\u00a0\u00bburl:http%3A%2F%2Fwww.ffkcompetition.fr%2F|title:Inscriptions%20en%20ligne|target:_blank\u00a0\u00bb][vc_column_text]Une Affiche, annexe au calendrier, fixe les modalit\u00e9s horaires des convocations et pes\u00e9es pour toutes les comp\u00e9titions de la saison.<br \/>\nL\u2019inscription de vos licenci\u00e9s aux Comp\u00e9titions D\u00e9partementales du Rh\u00f4ne \/ M\u00e9tropole de Lyon est gratuite .<\/p>\n<p>L&rsquo;inscription devra \u00eatre faite en ligne par les responsables des Clubs avant la date limite indiqu\u00e9e sur l&rsquo;affiche de la comp\u00e9tition.<\/p>\n<div>Pour faire suite \u00e0 la disparition des zones inter d\u00e9partementale le r\u00e8glement des comp\u00e9titions karat\u00e9 pour la saison 2023-2024 a \u00e9volu\u00e9. Les principales modifications sont :<\/div>\n<div dir=\"ltr\">\n<ul>\n<li>La disparition des comp\u00e9titions organis\u00e9es dans le cadre de la ZID du Lyonnais.<\/li>\n<li>Les comp\u00e9titions d\u00e9partementales obligatoires restent :\n<ul>\n<li>Les coupes poussin pupille Benjamin Katas et kumit\u00e9s<\/li>\n<li>Le championnat d\u00e9partemental katas minimes, cadets, juniors et seniors<\/li>\n<li>Le championnat d\u00e9partemental kumit\u00e9s minimes, cadets, juniors et seniors<\/li>\n<\/ul>\n<\/li>\n<\/ul>\n<\/div>\n<div dir=\"ltr\">\n<div dir=\"auto\">Pour ces comp\u00e9titions les inscriptions se font uniquement en ligne. Les comp\u00e9titeurs doivent se pr\u00e9senter aux contr\u00f4les avec le passeport sportif \u00e0 jour, l&rsquo;autorisation parentale pour les mineurs et un document justifiant la nationalit\u00e9 fran\u00e7aise.<\/div>\n<div dir=\"auto\"><\/div>\n<div dir=\"auto\">Pour ces comp\u00e9titions seul la pr\u00e9sence est qualificative aux comp\u00e9titions de la ligue r\u00e9gionale Aura. Les pr\u00e9inscriptions sont r\u00e9alis\u00e9s par le comit\u00e9 d\u00e9partemental toutefois celles-ci doivent \u00eatre<b> imp\u00e9rativement valid\u00e9es par les clubs pour \u00eatre r\u00e9ellement prise en compte au niveau r\u00e9gional<\/b>.<\/div>\n<div dir=\"auto\"><\/div>\n<div dir=\"auto\">L&rsquo;inscription des v\u00e9t\u00e9rans et des \u00e9quipes doit se faire directement par les clubs \u00e0 l&rsquo;ouverture des comp\u00e9titions r\u00e9gionales<\/div>\n<div dir=\"auto\">Le r\u00e8glement des comp\u00e9titions 2023 2024 complet et disponible sur le site de la f\u00e9d\u00e9ration Fran\u00e7aise de Karat\u00e9. Nous vous invitons de le consulter pour cela suivre le lien\u00a0<a href=\"https:\/\/www.ffkarate.fr\/competitions\/reglementation-competitions-darbitrage\/\" target=\"_blank\" rel=\"noopener\" data-saferedirecturl=\"https:\/\/www.google.com\/url?q=https:\/\/www.ffkarate.fr\/competitions\/reglementation-competitions-darbitrage\/&amp;source=gmail&amp;ust=1701163124822000&amp;usg=AOvVaw3un5GgVRmacrjhf72QMg2b\"><b>R\u00e8glementation sportive \u2013 F\u00e9d\u00e9ration Fran\u00e7aise de Karat\u00e9 (ffkarate.fr)<\/b><\/a><\/div>\n<div dir=\"auto\"><\/div>\n<\/div>\n<h3>Le calendrier<\/h3>\n<p>Le calendrier est mis \u00e0 jour r\u00e9guli\u00e8rement. <strong>La version publi\u00e9e sur Internet prime sur le calendrier papier.<\/strong>[\/vc_column_text][ffk_button color=\u00a0\u00bbprimary\u00a0\u00bb size=\u00a0\u00bbsmall\u00a0\u00bb link=\u00a0\u00bburl:%23|title:Pour%20le%20consulter%2C%20cliquez%20ici\u00a0\u00bb][vc_column_text]<\/p>\n<h3>Demandes de passeports<\/h3>\n<p>Les passeports sont vendus par les comit\u00e9s d\u00e9partementaux au prix de 25\u20ac, tarif unique qui s\u2019applique aux adultes et aux enfants (la f\u00e9d\u00e9ration ne d\u00e9livre plus de passeports enfants).<\/p>\n<p>Les commandes de passeports et leur r\u00e9servation sont faites :<\/p>\n<ul>\n<li>Aupr\u00e8s de la Secr\u00e9taire G\u00e9n\u00e9rale (cconrad@ffkarate.fr)<\/li>\n<li>Ou directement aupr\u00e8s du Pr\u00e9sident Jo Bracchi<\/li>\n<\/ul>\n<p>[\/vc_column_text][\/vc_column][\/vc_row]<\/p>\n<\/div>","protected":false},"excerpt":{"rendered":"<p>L\u2019inscription de vos licenci\u00e9s aux Comp\u00e9titions D\u00e9partementales est soumise \u00e0 un droit d\u2019inscription.<\/p>\n","protected":false},"author":1,"featured_media":0,"parent":0,"menu_order":0,"comment_status":"closed","ping_status":"closed","template":"","meta":{"footnotes":""},"class_list":["post-31","page","type-page","status-publish","hentry"],"_links":{"self":[{"href":"https:\/\/sites.ffkarate.fr\/rhonemetropoledelyon\/wp-json\/wp\/v2\/pages\/31","targetHints":{"allow":["GET"]}}],"collection":[{"href":"https:\/\/sites.ffkarate.fr\/rhonemetropoledelyon\/wp-json\/wp\/v2\/pages"}],"about":[{"href":"https:\/\/sites.ffkarate.fr\/rhonemetropoledelyon\/wp-json\/wp\/v2\/types\/page"}],"author":[{"embeddable":true,"href":"https:\/\/sites.ffkarate.fr\/rhonemetropoledelyon\/wp-json\/wp\/v2\/users\/1"}],"replies":[{"embeddable":true,"href":"https:\/\/sites.ffkarate.fr\/rhonemetropoledelyon\/wp-json\/wp\/v2\/comments?post=31"}],"version-history":[{"count":10,"href":"https:\/\/sites.ffkarate.fr\/rhonemetropoledelyon\/wp-json\/wp\/v2\/pages\/31\/revisions"}],"predecessor-version":[{"id":4593,"href":"https:\/\/sites.ffkarate.fr\/rhonemetropoledelyon\/wp-json\/wp\/v2\/pages\/31\/revisions\/4593"}],"wp:attachment":[{"href":"https:\/\/sites.ffkarate.fr\/rhonemetropoledelyon\/wp-json\/wp\/v2\/media?parent=31"}],"curies":[{"name":"wp","href":"https:\/\/api.w.org\/{rel}","templated":true}]}}