{"id":3374,"date":"2015-01-16T15:03:41","date_gmt":"2015-01-16T14:03:41","guid":{"rendered":"https:\/\/sites.ffkarate.fr\/testclone\/?page_id=133"},"modified":"2015-01-16T15:03:41","modified_gmt":"2015-01-16T14:03:41","slug":"comite-directeur","status":"publish","type":"page","link":"https:\/\/sites.ffkarate.fr\/rhonemetropoledelyon\/comite\/comite-directeur\/","title":{"rendered":"Comit\u00e9 directeur"},"content":{"rendered":"<div class=\"wpb-content-wrapper\"><p>[vc_row][vc_column][vc_column_text]<a href=\"https:\/\/sites.ffkarate.fr\/rhonemetropoledelyon\/wp-content\/uploads\/sites\/87\/2015\/01\/IMG_6594.jpg\">\u00a0<\/a><\/p>\n<h2>Comit\u00e9 directeur &#8211; Olympiade 2020\/2024<\/h2>\n<ul class=\"trombi-list-top\">\n<li>\n<div class=\"title\"><a href=\"https:\/\/sites.ffkarate.fr\/rhonemetropoledelyon\/wp-content\/uploads\/sites\/19\/2016\/07\/MG_0276_resize.jpg\"><img decoding=\"async\" class=\"alignnone  wp-image-951\" src=\"https:\/\/sites.ffkarate.fr\/rhonemetropoledelyon\/wp-content\/uploads\/sites\/19\/2016\/07\/MG_0276_resize.jpg\" alt=\"_MG_0276_resize\" width=\"173\" height=\"173\" \/><\/a><\/div>\n<div class=\"title\">Joseph<br \/>\n<b>BRACCHI<\/b><\/div>\n<div class=\"function\">Pr\u00e9sident<\/div>\n<div class=\"desc\"><\/div>\n<\/li>\n<li>\n<div class=\"desc\"><a href=\"https:\/\/sites.ffkarate.fr\/rhonemetropoledelyon\/wp-content\/uploads\/sites\/87\/2015\/01\/IMG_6594.jpg\"><img decoding=\"async\" class=\"alignnone  wp-image-3321\" src=\"https:\/\/sites.ffkarate.fr\/rhonemetropoledelyon\/wp-content\/uploads\/sites\/87\/2015\/01\/IMG_6594.jpg\" alt=\"IMG_6594\" width=\"152\" height=\"172\" \/><\/a><\/div>\n<div class=\"title\">Camille<br \/>\n<b>CONRAD<\/b><\/div>\n<div class=\"function\">Secr\u00e9taire g\u00e9n\u00e9rale<\/div>\n<div class=\"desc\"><\/div>\n<\/li>\n<li><a href=\"https:\/\/sites.ffkarate.fr\/rhonemetropoledelyon\/wp-content\/uploads\/sites\/19\/2016\/07\/MG_0280_resize.jpg\"><img decoding=\"async\" class=\"alignnone size-full wp-image-954\" src=\"https:\/\/sites.ffkarate.fr\/rhonemetropoledelyon\/wp-content\/uploads\/sites\/19\/2016\/07\/MG_0280_resize.jpg\" alt=\"_MG_0280_resize\" width=\"160\" height=\"160\" \/><\/a>\n<div class=\"title\">Djamel<br \/>\n<strong>HEDEF<\/strong><\/div>\n<div class=\"function\">Tr\u00e9sorier g\u00e9n\u00e9ral<\/div>\n<\/li>\n<\/ul>\n<p><!-- --><\/p>\n<h2>Autres membres du Conseil d&rsquo;Administration<\/h2>\n<p><a href=\"https:\/\/sites.ffkarate.fr\/rhonemetropoledelyon\/wp-content\/uploads\/sites\/87\/2021\/03\/MG_0289_resize-e15378093535291.jpg\"><img decoding=\"async\" class=\"alignnone  wp-image-3333\" src=\"https:\/\/sites.ffkarate.fr\/rhonemetropoledelyon\/wp-content\/uploads\/sites\/87\/2021\/03\/MG_0289_resize-e15378093535291.jpg\" alt=\"MG_0289_resize-e1537809353529[1]\" width=\"108\" height=\"108\" \/><\/a><\/p>\n<p>Jean-Marc CORDIER<\/p>\n<p>Charg\u00e9 de mission<\/p>\n<ul class=\"trombi-list-bottom\">\n<li><img decoding=\"async\" class=\"details-image\" src=\"https:\/\/sites.ffkarate.fr\/rhonemetropoledelyon\/wp-content\/uploads\/sites\/87\/2020\/12\/Corinne-Photo-officielle-copie1.jpg\" alt=\"\" \/>\n<div class=\"title\">Corinne<b><b><br \/>\n<b>FORQUEZ<\/b><\/b><\/b><\/div>\n<\/li>\n<li>Directrice technique<\/li>\n<\/ul>\n<ul class=\"trombi-list-bottom\">\n<li><a href=\"https:\/\/sites.ffkarate.fr\/rhonemetropoledelyon\/wp-content\/uploads\/sites\/87\/2015\/01\/unnamed.jpg\"><img decoding=\"async\" class=\"alignnone size-full wp-image-3146\" src=\"https:\/\/sites.ffkarate.fr\/rhonemetropoledelyon\/wp-content\/uploads\/sites\/87\/2015\/01\/unnamed.jpg\" alt=\"unnamed\" width=\"300\" height=\"300\" srcset=\"https:\/\/sites.ffkarate.fr\/rhonemetropoledelyon\/wp-content\/uploads\/sites\/87\/2015\/01\/unnamed.jpg 300w, https:\/\/sites.ffkarate.fr\/rhonemetropoledelyon\/wp-content\/uploads\/sites\/87\/2015\/01\/unnamed-176x176.jpg 176w\" sizes=\"(max-width: 300px) 100vw, 300px\" \/><\/a>\n<div class=\"title\">Heddi<br \/>\n<strong>MARTINEZ<\/strong><\/div>\n<\/li>\n<li>Commission Body karat\u00e9<\/li>\n<\/ul>\n<ul class=\"trombi-list-bottom\">\n<li><a href=\"https:\/\/sites.ffkarate.fr\/rhonemetropoledelyon\/wp-content\/uploads\/sites\/87\/2015\/01\/unnamed.jpg\"><img decoding=\"async\" class=\"alignnone size-full wp-image-3146\" src=\"https:\/\/sites.ffkarate.fr\/rhonemetropoledelyon\/wp-content\/uploads\/sites\/87\/2015\/01\/unnamed.jpg\" alt=\"unnamed\" width=\"300\" height=\"300\" srcset=\"https:\/\/sites.ffkarate.fr\/rhonemetropoledelyon\/wp-content\/uploads\/sites\/87\/2015\/01\/unnamed.jpg 300w, https:\/\/sites.ffkarate.fr\/rhonemetropoledelyon\/wp-content\/uploads\/sites\/87\/2015\/01\/unnamed-176x176.jpg 176w\" sizes=\"(max-width: 300px) 100vw, 300px\" \/><\/a>\n<div class=\"title\">Thomas<br \/>\n<strong>ROUSSEL<\/strong><\/div>\n<\/li>\n<li>Commission Kali escrima<\/li>\n<\/ul>\n<p>&nbsp;[\/vc_column_text][\/vc_column][\/vc_row]<\/p>\n<\/div>","protected":false},"excerpt":{"rendered":"<p>[vc_row][vc_column][vc_column_text]\u00a0 Comit\u00e9 directeur &#8211; Olympiade 2020\/2024 Joseph BRACCHI Pr\u00e9sident Camille CONRAD Secr\u00e9taire g\u00e9n\u00e9rale Djamel HEDEF Tr\u00e9sorier g\u00e9n\u00e9ral Autres membres du Conseil d&rsquo;Administration Jean-Marc CORDIER Charg\u00e9 de mission Corinne FORQUEZ Directrice technique Heddi MARTINEZ Commission Body karat\u00e9 Thomas ROUSSEL Commission Kali escrima &nbsp;[\/vc_column_text][\/vc_column][\/vc_row]<\/p>\n","protected":false},"author":20,"featured_media":0,"parent":50,"menu_order":0,"comment_status":"closed","ping_status":"open","template":"","meta":{"footnotes":""},"class_list":["post-3374","page","type-page","status-publish","hentry"],"_links":{"self":[{"href":"https:\/\/sites.ffkarate.fr\/rhonemetropoledelyon\/wp-json\/wp\/v2\/pages\/3374","targetHints":{"allow":["GET"]}}],"collection":[{"href":"https:\/\/sites.ffkarate.fr\/rhonemetropoledelyon\/wp-json\/wp\/v2\/pages"}],"about":[{"href":"https:\/\/sites.ffkarate.fr\/rhonemetropoledelyon\/wp-json\/wp\/v2\/types\/page"}],"author":[{"embeddable":true,"href":"https:\/\/sites.ffkarate.fr\/rhonemetropoledelyon\/wp-json\/wp\/v2\/users\/20"}],"replies":[{"embeddable":true,"href":"https:\/\/sites.ffkarate.fr\/rhonemetropoledelyon\/wp-json\/wp\/v2\/comments?post=3374"}],"version-history":[{"count":0,"href":"https:\/\/sites.ffkarate.fr\/rhonemetropoledelyon\/wp-json\/wp\/v2\/pages\/3374\/revisions"}],"up":[{"embeddable":true,"href":"https:\/\/sites.ffkarate.fr\/rhonemetropoledelyon\/wp-json\/wp\/v2\/pages\/50"}],"wp:attachment":[{"href":"https:\/\/sites.ffkarate.fr\/rhonemetropoledelyon\/wp-json\/wp\/v2\/media?parent=3374"}],"curies":[{"name":"wp","href":"https:\/\/api.w.org\/{rel}","templated":true}]}}