{"id":2359,"date":"2026-01-25T17:15:57","date_gmt":"2026-01-25T16:15:57","guid":{"rendered":"https:\/\/sites.ffkarate.fr\/saoneetloire\/?page_id=2359"},"modified":"2026-01-25T17:27:01","modified_gmt":"2026-01-25T16:27:01","slug":"retour-en-images-sur-la-competition-departementale-karate-torcy-du-18-01-2026","status":"publish","type":"page","link":"https:\/\/sites.ffkarate.fr\/saoneetloire\/competitions\/retour-en-images-sur-la-competition-departementale-karate-torcy-du-18-01-2026\/","title":{"rendered":"IMAGES DE LA COMPETITION DEPARTEMENTALE KARATE TORCY DU 18\/01\/2026"},"content":{"rendered":"<div class=\"wpb-content-wrapper\"><p>[vc_row][vc_column][vc_gallery images=\u00a0\u00bb2361,2362,2363,2365,2366,2367&Prime;][\/vc_column][\/vc_row][vc_row][vc_column][vc_column_text]le dimanche 18 janvier 2026, les pratiquants de diff\u00e9rents clubs de Sa\u00f4ne et Loire, se sont retrouv\u00e9s \u00e0 Torcy pour la coupe et le championnat d\u00e9partemental de Sa\u00f4ne et Loire de Karat\u00e9. Sous le regard de leurs professeurs et parents les enfants ont effectu\u00e9s devant le juge et arbitres des katas et combats(kumit\u00e9). Journ\u00e9e plac\u00e9e sous la bonne humeur et l&rsquo;esprit combatif. De belles m\u00e9dailles ont \u00e9t\u00e9 remport\u00e9es par les enfants des diff\u00e9rents clubs. Photos de Mr G Ducornet.[\/vc_column_text][\/vc_column][\/vc_row]<\/p>\n<\/div>","protected":false},"excerpt":{"rendered":"<p>[vc_row][vc_column][vc_gallery images=\u00a0\u00bb2361,2362,2363,2365,2366,2367&Prime;][\/vc_column][\/vc_row][vc_row][vc_column][vc_column_text]le dimanche 18 janvier 2026, les pratiquants de diff\u00e9rents clubs de Sa\u00f4ne et Loire, se sont retrouv\u00e9s \u00e0 Torcy pour la coupe et le championnat d\u00e9partemental de Sa\u00f4ne et Loire de Karat\u00e9. Sous le regard de leurs professeurs et parents les enfants ont effectu\u00e9s devant le juge et arbitres des katas et combats(kumit\u00e9). Journ\u00e9e [&hellip;]<\/p>\n","protected":false},"author":214,"featured_media":2366,"parent":31,"menu_order":0,"comment_status":"closed","ping_status":"closed","template":"","meta":{"footnotes":""},"class_list":["post-2359","page","type-page","status-publish","hentry"],"_links":{"self":[{"href":"https:\/\/sites.ffkarate.fr\/saoneetloire\/wp-json\/wp\/v2\/pages\/2359","targetHints":{"allow":["GET"]}}],"collection":[{"href":"https:\/\/sites.ffkarate.fr\/saoneetloire\/wp-json\/wp\/v2\/pages"}],"about":[{"href":"https:\/\/sites.ffkarate.fr\/saoneetloire\/wp-json\/wp\/v2\/types\/page"}],"author":[{"embeddable":true,"href":"https:\/\/sites.ffkarate.fr\/saoneetloire\/wp-json\/wp\/v2\/users\/214"}],"replies":[{"embeddable":true,"href":"https:\/\/sites.ffkarate.fr\/saoneetloire\/wp-json\/wp\/v2\/comments?post=2359"}],"version-history":[{"count":5,"href":"https:\/\/sites.ffkarate.fr\/saoneetloire\/wp-json\/wp\/v2\/pages\/2359\/revisions"}],"predecessor-version":[{"id":2372,"href":"https:\/\/sites.ffkarate.fr\/saoneetloire\/wp-json\/wp\/v2\/pages\/2359\/revisions\/2372"}],"up":[{"embeddable":true,"href":"https:\/\/sites.ffkarate.fr\/saoneetloire\/wp-json\/wp\/v2\/pages\/31"}],"wp:featuredmedia":[{"embeddable":true,"href":"https:\/\/sites.ffkarate.fr\/saoneetloire\/wp-json\/wp\/v2\/media\/2366"}],"wp:attachment":[{"href":"https:\/\/sites.ffkarate.fr\/saoneetloire\/wp-json\/wp\/v2\/media?parent=2359"}],"curies":[{"name":"wp","href":"https:\/\/api.w.org\/{rel}","templated":true}]}}

<div class="wpb-content-wrapper"><p>[vc_row][vc_column][vc_gallery images= »2361,2362,2363,2365,2366,2367&Prime;][/vc_column][/vc_row][vc_row][vc_column][vc_column_text]le dimanche 18 janvier 2026, les pratiquants de différents clubs de Saône et Loire, se sont retrouvés à Torcy pour la coupe et le championnat départemental de Saône et Loire de Karaté. Sous le regard de leurs professeurs et parents les enfants ont effectués devant le juge et arbitres des katas et combats(kumité). Journée placée sous la bonne humeur et l&rsquo;esprit combatif. De belles médailles ont été remportées par les enfants des différents clubs. Photos de Mr G Ducornet.[/vc_column_text][/vc_column][/vc_row]</p>
</div>

<p>[vc_row][vc_column][vc_gallery images= »2361,2362,2363,2365,2366,2367&Prime;][/vc_column][/vc_row][vc_row][vc_column][vc_column_text]le dimanche 18 janvier 2026, les pratiquants de différents clubs de Saône et Loire, se sont retrouvés à Torcy pour la coupe et le championnat départemental de Saône et Loire de Karaté. Sous le regard de leurs professeurs et parents les enfants ont effectués devant le juge et arbitres des katas et combats(kumité). Journée [&hellip;]</p>
