{"id":50,"date":"2015-01-08T11:31:53","date_gmt":"2015-01-08T11:31:53","guid":{"rendered":"https:\/\/sites.ffkarate.fr\/testclone\/?page_id=50"},"modified":"2025-04-30T08:40:10","modified_gmt":"2025-04-30T06:40:10","slug":"comite","status":"publish","type":"page","link":"https:\/\/sites.ffkarate.fr\/saoneetloire\/comite\/","title":{"rendered":"Le Comit\u00e9"},"content":{"rendered":"<div class=\"wpb-content-wrapper\"><p>[vc_row][vc_column][vc_column_text]Bienvenue sur le site officiel du Comit\u00e9 d\u00e9partemental de la Sa\u00f4ne-et-Loire (71) !<\/p>\n<p>Vous trouverez sur ce site toute l&rsquo;actualit\u00e9 du karat\u00e9 et de ses disciplines associ\u00e9es :<br \/>\nle calendrier des diff\u00e9rentes comp\u00e9titions, passages de grades 1er et 2\u00e8me Dan,<br \/>\nstages et autres manifestations, mais aussi toutes les informations<br \/>\net documents n\u00e9cessaires aux dirigeants de clubs ainsi qu&rsquo;aux licenci\u00e9s.<\/p>\n<p>Bonne visite.<\/p>\n<p><em>Le Pr\u00e9sident du Comit\u00e9 D\u00e9partemental FFKDA de Sa\u00f4ne-et-Loire <\/em><br \/>\nMansour Zoberi<\/p>\n<p>&nbsp;<\/p>\n<h2>Nos coordonn\u00e9es<\/h2>\n<p><strong>Comit\u00e9 D\u00e9partemental FFKDA de Sa\u00f4ne-et-Loire<\/strong><\/p>\n<p><strong><a href=\"https:\/\/sites.ffkarate.fr\/saoneetloire\/wp-content\/uploads\/sites\/90\/2019\/02\/LOGO-CDK71.jpg\"><img decoding=\"async\" class=\"alignnone size-full wp-image-236\" src=\"https:\/\/sites.ffkarate.fr\/saoneetloire\/wp-content\/uploads\/sites\/90\/2019\/02\/LOGO-CDK71.jpg\" alt=\"LOGO CDK71\" width=\"69\" height=\"69\" \/><\/a><br \/>\n<\/strong><\/p>\n<p>Tel : 06.84.62.37.36<br \/>\nE-mail : mansourzoberi@gmail.com<\/p>\n<p>Adresse de correspondance : 255 route de Levigny 71850 CHARNAY LES MACON[\/vc_column_text][\/vc_column][\/vc_row]<\/p>\n<\/div>","protected":false},"excerpt":{"rendered":"<p>[vc_row][vc_column][vc_column_text]Bienvenue sur le site officiel du Comit\u00e9 d\u00e9partemental de la Sa\u00f4ne-et-Loire (71) ! Vous trouverez sur ce site toute l&rsquo;actualit\u00e9 du karat\u00e9 et de ses disciplines associ\u00e9es : le calendrier des diff\u00e9rentes comp\u00e9titions, passages de grades 1er et 2\u00e8me Dan, stages et autres manifestations, mais aussi toutes les informations et documents n\u00e9cessaires aux dirigeants de [&hellip;]<\/p>\n","protected":false},"author":20,"featured_media":127,"parent":0,"menu_order":1,"comment_status":"closed","ping_status":"closed","template":"","meta":{"footnotes":""},"class_list":["post-50","page","type-page","status-publish","hentry"],"_links":{"self":[{"href":"https:\/\/sites.ffkarate.fr\/saoneetloire\/wp-json\/wp\/v2\/pages\/50","targetHints":{"allow":["GET"]}}],"collection":[{"href":"https:\/\/sites.ffkarate.fr\/saoneetloire\/wp-json\/wp\/v2\/pages"}],"about":[{"href":"https:\/\/sites.ffkarate.fr\/saoneetloire\/wp-json\/wp\/v2\/types\/page"}],"author":[{"embeddable":true,"href":"https:\/\/sites.ffkarate.fr\/saoneetloire\/wp-json\/wp\/v2\/users\/20"}],"replies":[{"embeddable":true,"href":"https:\/\/sites.ffkarate.fr\/saoneetloire\/wp-json\/wp\/v2\/comments?post=50"}],"version-history":[{"count":4,"href":"https:\/\/sites.ffkarate.fr\/saoneetloire\/wp-json\/wp\/v2\/pages\/50\/revisions"}],"predecessor-version":[{"id":2243,"href":"https:\/\/sites.ffkarate.fr\/saoneetloire\/wp-json\/wp\/v2\/pages\/50\/revisions\/2243"}],"wp:featuredmedia":[{"embeddable":true,"href":"https:\/\/sites.ffkarate.fr\/saoneetloire\/wp-json\/wp\/v2\/media\/127"}],"wp:attachment":[{"href":"https:\/\/sites.ffkarate.fr\/saoneetloire\/wp-json\/wp\/v2\/media?parent=50"}],"curies":[{"name":"wp","href":"https:\/\/api.w.org\/{rel}","templated":true}]}}

Le Comité

<div class="wpb-content-wrapper"><p>[vc_row][vc_column][vc_column_text]Bienvenue sur le site officiel du Comité départemental de la Saône-et-Loire (71) !</p>
<p>Vous trouverez sur ce site toute l&rsquo;actualité du karaté et de ses disciplines associées :<br />
le calendrier des différentes compétitions, passages de grades 1er et 2ème Dan,<br />
stages et autres manifestations, mais aussi toutes les informations<br />
et documents nécessaires aux dirigeants de clubs ainsi qu&rsquo;aux licenciés.</p>
<p>Bonne visite.</p>
<p><em>Le Président du Comité Départemental FFKDA de Saône-et-Loire </em><br />
Mansour Zoberi</p>
<p>&nbsp;</p>
<h2>Nos coordonnées</h2>
<p><strong>Comité Départemental FFKDA de Saône-et-Loire</strong></p>
<p><strong><a href="https://sites.ffkarate.fr/saoneetloire/wp-content/uploads/sites/90/2019/02/LOGO-CDK71.jpg"><img decoding="async" class="alignnone size-full wp-image-236" src="https://sites.ffkarate.fr/saoneetloire/wp-content/uploads/sites/90/2019/02/LOGO-CDK71.jpg" alt="LOGO CDK71" width="69" height="69" /></a><br />
</strong></p>
<p>Tel : 06.84.62.37.36<br />
E-mail : mansourzoberi@gmail.com</p>
<p>Adresse de correspondance : 255 route de Levigny 71850 CHARNAY LES MACON[/vc_column_text][/vc_column][/vc_row]</p>
</div>

<p>[vc_row][vc_column][vc_column_text]Bienvenue sur le site officiel du Comité départemental de la Saône-et-Loire (71) ! Vous trouverez sur ce site toute l&rsquo;actualité du karaté et de ses disciplines associées : le calendrier des différentes compétitions, passages de grades 1er et 2ème Dan, stages et autres manifestations, mais aussi toutes les informations et documents nécessaires aux dirigeants de [&hellip;]</p>
