{"id":50,"date":"2015-01-08T11:31:53","date_gmt":"2015-01-08T10:31:53","guid":{"rendered":"https:\/\/sites.ffkarate.fr\/testclone\/?page_id=50"},"modified":"2021-05-28T17:25:25","modified_gmt":"2021-05-28T15:25:25","slug":"le-departement","status":"publish","type":"page","link":"https:\/\/sites.ffkarate.fr\/savoie\/presentation\/le-departement\/","title":{"rendered":"Le d\u00e9partement"},"content":{"rendered":"<div class=\"wpb-content-wrapper\"><p>[vc_row][vc_column][vc_column_text]Bienvenue sur le site officiel du Comit\u00e9 d\u00e9partemental !<\/p>\n<p>Vous trouverez sur ce site toute l&rsquo;actualit\u00e9 du karat\u00e9 et de ses disciplines associ\u00e9es :<br \/>\nle calendrier des diff\u00e9rentes comp\u00e9titions, passage de grade 1er et 2e dan, stages et autres manifestations, mais aussi toutes les informations et documents n\u00e9cessaires aux dirigeants de club ainsi qu&rsquo;aux licenci\u00e9s.<\/p>\n<p>Bonne visite.<\/p>\n<p>&nbsp;<\/p>\n<p>Didier BRAILON<\/p>\n<p><em>Le Pr\u00e9sident du Comit\u00e9 d\u00e9partemental<\/em><\/p>\n<p>&nbsp;<\/p>\n<h2>Nos coordonn\u00e9es<\/h2>\n<p><strong>Comit\u00e9 d\u00e9partemental FFKDA de La Savoie<\/strong><\/p>\n<p>Maison des sports (CDOS)<\/p>\n<p>90 rue Henri Oreiller<br \/>\n73000 CHAMBERY<\/p>\n<p>Tel : 06.88.35.71.70<br \/>\nE-mail : didier.braillon73@orange.fr<\/p>\n<p>[\/vc_column_text][\/vc_column][\/vc_row]<\/p>\n<\/div>","protected":false},"excerpt":{"rendered":"<p>[vc_row][vc_column][vc_column_text]Bienvenue sur le site officiel du Comit\u00e9 d\u00e9partemental ! Vous trouverez sur ce site toute l&rsquo;actualit\u00e9 du karat\u00e9 et de ses disciplines associ\u00e9es : le calendrier des diff\u00e9rentes comp\u00e9titions, passage de grade 1er et 2e dan, stages et autres manifestations, mais aussi toutes les informations et documents n\u00e9cessaires aux dirigeants de club ainsi qu&rsquo;aux licenci\u00e9s. [&hellip;]<\/p>\n","protected":false},"author":20,"featured_media":0,"parent":4,"menu_order":10,"comment_status":"closed","ping_status":"closed","template":"","meta":{"footnotes":""},"class_list":["post-50","page","type-page","status-publish","hentry"],"_links":{"self":[{"href":"https:\/\/sites.ffkarate.fr\/savoie\/wp-json\/wp\/v2\/pages\/50","targetHints":{"allow":["GET"]}}],"collection":[{"href":"https:\/\/sites.ffkarate.fr\/savoie\/wp-json\/wp\/v2\/pages"}],"about":[{"href":"https:\/\/sites.ffkarate.fr\/savoie\/wp-json\/wp\/v2\/types\/page"}],"author":[{"embeddable":true,"href":"https:\/\/sites.ffkarate.fr\/savoie\/wp-json\/wp\/v2\/users\/20"}],"replies":[{"embeddable":true,"href":"https:\/\/sites.ffkarate.fr\/savoie\/wp-json\/wp\/v2\/comments?post=50"}],"version-history":[{"count":1,"href":"https:\/\/sites.ffkarate.fr\/savoie\/wp-json\/wp\/v2\/pages\/50\/revisions"}],"predecessor-version":[{"id":1987,"href":"https:\/\/sites.ffkarate.fr\/savoie\/wp-json\/wp\/v2\/pages\/50\/revisions\/1987"}],"up":[{"embeddable":true,"href":"https:\/\/sites.ffkarate.fr\/savoie\/wp-json\/wp\/v2\/pages\/4"}],"wp:attachment":[{"href":"https:\/\/sites.ffkarate.fr\/savoie\/wp-json\/wp\/v2\/media?parent=50"}],"curies":[{"name":"wp","href":"https:\/\/api.w.org\/{rel}","templated":true}]}}