{"id":575,"date":"2016-12-19T15:28:53","date_gmt":"2016-12-19T14:28:53","guid":{"rendered":"https:\/\/sites.ffkarate.fr\/savoie\/?page_id=575"},"modified":"2016-12-19T15:28:53","modified_gmt":"2016-12-19T14:28:53","slug":"documents-statutaires","status":"publish","type":"page","link":"https:\/\/sites.ffkarate.fr\/savoie\/presentation\/le-departement\/documents-statutaires\/","title":{"rendered":"Documents statutaires"},"content":{"rendered":"<div class=\"wpb-content-wrapper\"><p>[vc_row][vc_column][vc_column_text]<img decoding=\"async\" class=\"  alignleft wp-image-716\" src=\"https:\/\/sites.ffkarate.fr\/savoie\/wp-content\/uploads\/sites\/89\/2016\/12\/file.png\" alt=\"Ic\u00f4ne documents \u00e0 t\u00e9l\u00e9charger\" width=\"25\" height=\"25\" \/><a href=\"https:\/\/sites.ffkarate.fr\/savoie\/wp-content\/uploads\/sites\/89\/2016\/12\/statuts-CDK73.pdf\">Statuts du Comit\u00e9 D\u00e9partemental de Karat\u00e9 et Disciplines Associ\u00e9es de la Savoie<\/a><\/p>\n<p><img decoding=\"async\" class=\"  alignleft wp-image-716\" src=\"https:\/\/sites.ffkarate.fr\/savoie\/wp-content\/uploads\/sites\/89\/2016\/12\/file.png\" alt=\"Ic\u00f4ne documents \u00e0 t\u00e9l\u00e9charger\" width=\"25\" height=\"25\" \/><\/p>\n<p><a href=\"https:\/\/sites.ffkarate.fr\/savoie\/wp-content\/uploads\/sites\/89\/2016\/12\/reglement-interieur-CDK73.pdf\">R\u00e8glement int\u00e9rieur du Comit\u00e9 D\u00e9partemental de Karat\u00e9 et Disciplines Associ\u00e9es de la Savoie<\/a>[\/vc_column_text][\/vc_column][\/vc_row]<\/p>\n<\/div>","protected":false},"excerpt":{"rendered":"<p>[vc_row][vc_column][vc_column_text]Statuts du Comit\u00e9 D\u00e9partemental de Karat\u00e9 et Disciplines Associ\u00e9es de la Savoie R\u00e8glement int\u00e9rieur du Comit\u00e9 D\u00e9partemental de Karat\u00e9 et Disciplines Associ\u00e9es de la Savoie[\/vc_column_text][\/vc_column][\/vc_row]<\/p>\n","protected":false},"author":171,"featured_media":0,"parent":50,"menu_order":140,"comment_status":"closed","ping_status":"closed","template":"","meta":{"footnotes":""},"class_list":["post-575","page","type-page","status-publish","hentry"],"_links":{"self":[{"href":"https:\/\/sites.ffkarate.fr\/savoie\/wp-json\/wp\/v2\/pages\/575","targetHints":{"allow":["GET"]}}],"collection":[{"href":"https:\/\/sites.ffkarate.fr\/savoie\/wp-json\/wp\/v2\/pages"}],"about":[{"href":"https:\/\/sites.ffkarate.fr\/savoie\/wp-json\/wp\/v2\/types\/page"}],"author":[{"embeddable":true,"href":"https:\/\/sites.ffkarate.fr\/savoie\/wp-json\/wp\/v2\/users\/171"}],"replies":[{"embeddable":true,"href":"https:\/\/sites.ffkarate.fr\/savoie\/wp-json\/wp\/v2\/comments?post=575"}],"version-history":[{"count":0,"href":"https:\/\/sites.ffkarate.fr\/savoie\/wp-json\/wp\/v2\/pages\/575\/revisions"}],"up":[{"embeddable":true,"href":"https:\/\/sites.ffkarate.fr\/savoie\/wp-json\/wp\/v2\/pages\/50"}],"wp:attachment":[{"href":"https:\/\/sites.ffkarate.fr\/savoie\/wp-json\/wp\/v2\/media?parent=575"}],"curies":[{"name":"wp","href":"https:\/\/api.w.org\/{rel}","templated":true}]}}