{"id":543,"date":"2020-12-25T16:08:16","date_gmt":"2020-12-25T15:08:16","guid":{"rendered":"https:\/\/sites.ffkarate.fr\/tarnetgaronne\/?page_id=543"},"modified":"2023-12-03T22:54:43","modified_gmt":"2023-12-03T21:54:43","slug":"543-2","status":"publish","type":"page","link":"https:\/\/sites.ffkarate.fr\/tarnetgaronne\/543-2\/","title":{"rendered":"KCBastidien"},"content":{"rendered":"<div class=\"wpb-content-wrapper\"><p>[vc_row][vc_column width=\u00a0\u00bb2\/3&Prime;][vc_column_text]<\/p>\n<h1>Karat\u00e9 Club Bastidien<\/h1>\n<p><strong>Nom du Club :<\/strong> Karat\u00e9 club Bastidien<br \/>\n<strong>Style Pratiqu\u00e9\u00a0:<\/strong> Wado Ryu<br \/>\n<strong>Adresse dojo :<\/strong><br \/>\nDojo Municipal 82370 (stade) Labastide Saint Pierre<\/p>\n<p><strong>Adresse mail :<\/strong>\u00a0 \u00a0\u00a0<a href=\"mailto:karate.club.bastidien@gmail.com\">karate.club.bastidien@gmail.com<\/a><br \/>\n<strong>Contact\u00a0<\/strong>:\u00a0 \u00a006.71.99.58.95<\/p>\n<p><strong>Bureau :<\/strong><br \/>\n<strong>Pr\u00e9sident: <\/strong>Nadia Rhamouni<br \/>\n<strong>Tr\u00e9sorier: <\/strong>Elisabeth Chabbert<br \/>\n<strong>Secr\u00e9taire: <\/strong>Myriam Rhamouni<br \/>\n<strong>Webmaster: <\/strong>Ingrid Astre<\/p>\n<p><strong>Entra\u00eeneurs :<\/strong><br \/>\nLouis\u00a0Belloc- 5 \u00e8me DAN &#8211; BEJEPS<br \/>\nRobert Savignac &#8211; 1er DAN &#8211; DIF<br \/>\nIngrid Astre -1er DAN &#8211; DAF<br \/>\nMyriam Rahmouni &#8211; 1er DAN- AFA<\/p>\n<p><strong>Horaires :<\/strong><br \/>\n<u><strong>Mini Poussins<\/strong><\/u><strong> (5-6 ans)<br \/>\n<\/strong>Samedi de 14h00 \u00e0 15h00<br \/>\n<strong><u>Enfants\u00a0<\/u>( 7-11 ans ) :<br \/>\n<\/strong>Lundi de19h00 \u00e0 20h00\u00a0 \/ Samedi de 15h00 \u00e0 16h00<br \/>\n<strong><u>Adolescents<\/u> ( 12-14 ans) :<br \/>\n<\/strong>Lundi de 20h00 \u00e0 21h00 \/ Mercredi de 18h45 \u00e0 19h45<br \/>\n<strong><u>Adultes<\/u> ( 14 ans et +) :\u00a0<\/strong><br \/>\nLundi de 20h00 \u00e0 21h00 \/ Jeudi de 19h30 \u00e0 21h00<br \/>\n<em><strong>Section Fitness:<br \/>\n<\/strong><\/em><u>Adultes:<\/u>\u00a0Mercredi\u00a0de 20h \u00e0 21h[\/vc_column_text][\/vc_column][vc_column width=\u00a0\u00bb1\/3&Prime;][vc_single_image image=\u00a0\u00bb1180&Prime;][ffk_button link=\u00a0\u00bburl:https%3A%2F%2Fsites.ffkarate.fr%2Ftarnetgaronne%2Fmodification-donnees-clubs%2F|title:Modifier%20les%20donn%C3%A9es%20de%20mon%20club.\u00a0\u00bb][\/vc_column][\/vc_row]<\/p>\n<\/div>","protected":false},"excerpt":{"rendered":"<p>[vc_row][vc_column width=\u00a0\u00bb2\/3&Prime;][vc_column_text] Karat\u00e9 Club Bastidien Nom du Club : Karat\u00e9 club Bastidien Style Pratiqu\u00e9\u00a0: Wado Ryu Adresse dojo : Dojo Municipal 82370 (stade) Labastide Saint Pierre Adresse mail :\u00a0 \u00a0\u00a0karate.club.bastidien@gmail.com Contact\u00a0:\u00a0 \u00a006.71.99.58.95 Bureau : Pr\u00e9sident: Nadia Rhamouni Tr\u00e9sorier: Elisabeth Chabbert Secr\u00e9taire: Myriam Rhamouni Webmaster: Ingrid Astre Entra\u00eeneurs : Louis\u00a0Belloc- 5 \u00e8me DAN &#8211; BEJEPS Robert [&hellip;]<\/p>\n","protected":false},"author":149,"featured_media":0,"parent":0,"menu_order":0,"comment_status":"closed","ping_status":"closed","template":"","meta":{"footnotes":""},"class_list":["post-543","page","type-page","status-publish","hentry"],"_links":{"self":[{"href":"https:\/\/sites.ffkarate.fr\/tarnetgaronne\/wp-json\/wp\/v2\/pages\/543","targetHints":{"allow":["GET"]}}],"collection":[{"href":"https:\/\/sites.ffkarate.fr\/tarnetgaronne\/wp-json\/wp\/v2\/pages"}],"about":[{"href":"https:\/\/sites.ffkarate.fr\/tarnetgaronne\/wp-json\/wp\/v2\/types\/page"}],"author":[{"embeddable":true,"href":"https:\/\/sites.ffkarate.fr\/tarnetgaronne\/wp-json\/wp\/v2\/users\/149"}],"replies":[{"embeddable":true,"href":"https:\/\/sites.ffkarate.fr\/tarnetgaronne\/wp-json\/wp\/v2\/comments?post=543"}],"version-history":[{"count":6,"href":"https:\/\/sites.ffkarate.fr\/tarnetgaronne\/wp-json\/wp\/v2\/pages\/543\/revisions"}],"predecessor-version":[{"id":2661,"href":"https:\/\/sites.ffkarate.fr\/tarnetgaronne\/wp-json\/wp\/v2\/pages\/543\/revisions\/2661"}],"wp:attachment":[{"href":"https:\/\/sites.ffkarate.fr\/tarnetgaronne\/wp-json\/wp\/v2\/media?parent=543"}],"curies":[{"name":"wp","href":"https:\/\/api.w.org\/{rel}","templated":true}]}}