{"id":1040,"date":"2023-11-26T12:27:51","date_gmt":"2023-11-26T11:27:51","guid":{"rendered":"https:\/\/sites.ffkarate.fr\/territoiredebelfort\/?page_id=1040"},"modified":"2025-11-05T17:04:31","modified_gmt":"2025-11-05T16:04:31","slug":"presentation","status":"publish","type":"page","link":"https:\/\/sites.ffkarate.fr\/territoiredebelfort\/presentation\/","title":{"rendered":"Pr\u00e9sentation"},"content":{"rendered":"<div class=\"wpb-content-wrapper\"><p>[vc_row full_width=\u00a0\u00bbstretch_row\u00a0\u00bb bg_grey=\u00a0\u00bb1&Prime;][vc_column width=\u00a0\u00bb1\/4&Prime;][ffk_peoplecard title=\u00a0\u00bbDUPRAT Gilles\u00a0\u00bb subtitle=\u00a0\u00bbPRESIDENT\u00a0\u00bb description=\u00a0\u00bbMail: duprat.gilles@orange.fr<br \/>\nT\u00e9l: 06 85 53 25 24&Prime; image=\u00a0\u00bb1178&Prime;][\/vc_column][vc_column width=\u00a0\u00bb3\/4&Prime;][vc_column_text]<\/p>\n<blockquote>\n<p><em>\u00ab\u00a0Bienvenue sur le site officiel du Comit\u00e9 d\u00e9partemental !<\/em><\/p>\n<p><em>Vous trouverez sur ce site toute l\u2019actualit\u00e9 du karat\u00e9 et de ses disciplines associ\u00e9es :<\/em><br \/>\n<em>le calendrier des diff\u00e9rentes comp\u00e9titions, les passages de grade, stages et autres manifestations, mais aussi toutes les informations et documents n\u00e9cessaires aux dirigeants de club ainsi qu\u2019aux licenci\u00e9s.<\/em><\/p>\n<p><em>Bonne visite.\u00a0\u00bb <\/em><\/p>\n<p><strong>Le Pr\u00e9sident du Comit\u00e9 d\u00e9partemental<\/strong><\/p>\n<\/blockquote>\n<p>[\/vc_column_text][\/vc_column][\/vc_row][vc_row][vc_column][vc_empty_space height=\u00a0\u00bb40&Prime;][vc_row_inner][vc_column_inner][vc_column_text]<\/p>\n<h3 class=\"entry-title\" style=\"text-align: center\"><strong><span style=\"color: #1423a0\">COMIT\u00c9 DIRECTEUR<\/span><\/strong><\/h3>\n<h6 style=\"text-align: center\">OLYMPIADE 2024\/2028<\/h6>\n<p>[\/vc_column_text][\/vc_column_inner][\/vc_row_inner][vc_row_inner css=\u00a0\u00bb.vc_custom_1617006214271{border-bottom-width: 10px !important;}\u00a0\u00bb][vc_column_inner width=\u00a0\u00bb1\/4&Prime;][\/vc_column_inner][vc_column_inner width=\u00a0\u00bb1\/4&Prime;][ffk_peoplecard title=\u00a0\u00bbDUPRAT Gilles\u00a0\u00bb subtitle=\u00a0\u00bbPRESIDENT\u00a0\u00bb description=\u00a0\u00bbMail: duprat.gilles@orange.fr<br \/>\nT\u00e9l: 06 85 53 25 24&Prime; image=\u00a0\u00bb1178&Prime;][\/vc_column_inner][vc_column_inner width=\u00a0\u00bb1\/4&Prime;][ffk_peoplecard title=\u00a0\u00bbTRUCHI Richard\u00a0\u00bb subtitle=\u00a0\u00bbVICE-PR\u00c9SIDENT\u00a0\u00bb description=\u00a0\u00bbMail: richard.truchi@orange.fr<br \/>\nT\u00e9l: 06 72 71 53 36&Prime; image=\u00a0\u00bb1147&Prime;][\/vc_column_inner][vc_column_inner width=\u00a0\u00bb1\/4&Prime;][\/vc_column_inner][\/vc_row_inner][vc_row_inner][vc_column_inner width=\u00a0\u00bb1\/4&Prime;][\/vc_column_inner][vc_column_inner width=\u00a0\u00bb1\/4&Prime;][ffk_peoplecard title=\u00a0\u00bbTHEVENOT Fabien\u00a0\u00bb subtitle=\u00a0\u00bbSECR\u00c9TAIRE G\u00c9N\u00c9RAL\u00a0\u00bb image=\u00a0\u00bb1186&Prime; description=\u00a0\u00bbMail: fab.thevenot@laposte.net<br \/>\nT\u00e9l: 06 11 27 09 31&Prime;][\/vc_column_inner][vc_column_inner width=\u00a0\u00bb1\/4&Prime;][ffk_peoplecard image=\u00a0\u00bb1177&Prime; title=\u00a0\u00bbG.Vivien\u00a0\u00bb subtitle=\u00a0\u00bbTr\u00e9sorier G\u00e9n\u00e9ral\u00a0\u00bb][\/vc_column_inner][\/vc_row_inner][vc_row_inner][vc_column_inner width=\u00a0\u00bb1\/4&Prime;][\/vc_column_inner][vc_column_inner width=\u00a0\u00bb1\/4&Prime;][ffk_peoplecard subtitle=\u00a0\u00bbMembre RESONSABLE DES GRADES\u00a0\u00bb image=\u00a0\u00bb1219&Prime; description=\u00a0\u00bbMail: victor.rizel@wanadoo.fr<br \/>\nT\u00e9l: 06 65 37 06 77&Prime; title=\u00a0\u00bbRIZEL Victor\u00a0\u00bb][\/vc_column_inner][vc_column_inner width=\u00a0\u00bb1\/4&Prime;][ffk_peoplecard title=\u00a0\u00bbDOUVILLE Cyril\u00a0\u00bb subtitle=\u00a0\u00bbMembre du comit\u00e9 directeur\u00a0\u00bb image=\u00a0\u00bb507&Prime; description=\u00a0\u00bbMail: cyril.douville@yahoo.com\u00a0\u00bb][\/vc_column_inner][\/vc_row_inner][vc_row_inner][vc_column_inner width=\u00a0\u00bb1\/4&Prime;][ffk_peoplecard title=\u00a0\u00bbGOUTAS Azeddine\u00a0\u00bb subtitle=\u00a0\u00bbRESPONSABLE DES FORMATIONS\u00a0\u00bb description=\u00a0\u00bbMail: goutasazeddine@gmail.com<br \/>\nT\u00e9l: 07 86 33 28 77&Prime; image=\u00a0\u00bb1227&Prime;][\/vc_column_inner][vc_column_inner width=\u00a0\u00bb1\/4&Prime;][ffk_peoplecard image=\u00a0\u00bb1182&Prime; title=\u00a0\u00bbMELLERT Olivier\u00a0\u00bb subtitle=\u00a0\u00bbDIRECTEUR TECHNIQUE\u00a0\u00bb description=\u00a0\u00bbMail: oliviermellert7@gmail.com<br \/>\nT\u00e9l: 06 66 93 67 47&Prime;][\/vc_column_inner][vc_column_inner width=\u00a0\u00bb1\/4&Prime;][ffk_peoplecard image=\u00a0\u00bb1175&Prime; title=\u00a0\u00bbKRALJEVIC Pierre\u00a0\u00bb subtitle=\u00a0\u00bbRESPONSABLE DE L&rsquo;ARBITRAGE\u00a0\u00bb description=\u00a0\u00bbMail: pierrekraljevic@gmail.com<br \/>\nT\u00e9l: 06 95 40 08 18&Prime;][\/vc_column_inner][\/vc_row_inner][vc_row_inner][vc_column_inner width=\u00a0\u00bb1\/4&Prime;][\/vc_column_inner][vc_column_inner width=\u00a0\u00bb1\/4&Prime;][\/vc_column_inner][\/vc_row_inner][\/vc_column][\/vc_row]<\/p>\n<\/div>","protected":false},"excerpt":{"rendered":"<p>[vc_row full_width=\u00a0\u00bbstretch_row\u00a0\u00bb bg_grey=\u00a0\u00bb1&Prime;][vc_column width=\u00a0\u00bb1\/4&Prime;][ffk_peoplecard title=\u00a0\u00bbDUPRAT Gilles\u00a0\u00bb subtitle=\u00a0\u00bbPRESIDENT\u00a0\u00bb description=\u00a0\u00bbMail: duprat.gilles@orange.fr T\u00e9l: 06 85 53 25 24&Prime; image=\u00a0\u00bb1178&Prime;][\/vc_column][vc_column width=\u00a0\u00bb3\/4&Prime;][vc_column_text] \u00ab\u00a0Bienvenue sur le site officiel du Comit\u00e9 d\u00e9partemental ! Vous trouverez sur ce site toute l\u2019actualit\u00e9 du karat\u00e9 et de ses disciplines associ\u00e9es : le calendrier des diff\u00e9rentes comp\u00e9titions, les passages de grade, stages et autres manifestations, mais [&hellip;]<\/p>\n","protected":false},"author":229,"featured_media":0,"parent":0,"menu_order":0,"comment_status":"closed","ping_status":"closed","template":"page-fullwidth.php","meta":{"footnotes":""},"class_list":["post-1040","page","type-page","status-publish","hentry"],"_links":{"self":[{"href":"https:\/\/sites.ffkarate.fr\/territoiredebelfort\/wp-json\/wp\/v2\/pages\/1040","targetHints":{"allow":["GET"]}}],"collection":[{"href":"https:\/\/sites.ffkarate.fr\/territoiredebelfort\/wp-json\/wp\/v2\/pages"}],"about":[{"href":"https:\/\/sites.ffkarate.fr\/territoiredebelfort\/wp-json\/wp\/v2\/types\/page"}],"author":[{"embeddable":true,"href":"https:\/\/sites.ffkarate.fr\/territoiredebelfort\/wp-json\/wp\/v2\/users\/229"}],"replies":[{"embeddable":true,"href":"https:\/\/sites.ffkarate.fr\/territoiredebelfort\/wp-json\/wp\/v2\/comments?post=1040"}],"version-history":[{"count":23,"href":"https:\/\/sites.ffkarate.fr\/territoiredebelfort\/wp-json\/wp\/v2\/pages\/1040\/revisions"}],"predecessor-version":[{"id":1228,"href":"https:\/\/sites.ffkarate.fr\/territoiredebelfort\/wp-json\/wp\/v2\/pages\/1040\/revisions\/1228"}],"wp:attachment":[{"href":"https:\/\/sites.ffkarate.fr\/territoiredebelfort\/wp-json\/wp\/v2\/media?parent=1040"}],"curies":[{"name":"wp","href":"https:\/\/api.w.org\/{rel}","templated":true}]}}