{"id":4488,"date":"2022-12-01T13:01:33","date_gmt":"2022-12-01T12:01:33","guid":{"rendered":"https:\/\/sites.ffkarate.fr\/valdemarne\/?page_id=4488"},"modified":"2026-07-20T18:33:19","modified_gmt":"2026-07-20T16:33:19","slug":"direction-technique","status":"publish","type":"page","link":"https:\/\/sites.ffkarate.fr\/valdemarne\/direction-technique\/","title":{"rendered":"Equipe Technique"},"content":{"rendered":"<div class=\"wpb-content-wrapper\"><p>[vc_row][vc_column][vc_empty_space height=\u00a0\u00bb40&Prime;][vc_column_text]<\/p>\n<h3 class=\"entry-title\" style=\"text-align: center\"><strong><span style=\"color: #1423a0\">\u00c9QUIPE TECHNIQUE D\u00c9PARTEMENTALE<\/span><\/strong><\/h3>\n<p>[\/vc_column_text][ffk_peoplecard subtitle=\u00a0\u00bbDIRECTEUR TECHNIQUE D\u00c9PARTEMENTAL\u00a0\u00bb image=\u00a0\u00bb8190&Prime; description=\u00a0\u00bbContact : dtd.cdk94@gmail.com\u00a0\u00bb title=\u00a0\u00bbALEXANDRE Robest-Pierre\u00a0\u00bb][vc_row_inner content_placement=\u00a0\u00bbmiddle\u00a0\u00bb][vc_column_inner width=\u00a0\u00bb1\/2&Prime;][ffk_peoplecard image=\u00a0\u00bb6273&Prime; subtitle=\u00a0\u00bbRESPONSABLE DE LA FORMATION\u00a0\u00bb title=\u00a0\u00bbJean-Claude BLIND\u00a0\u00bb][\/vc_column_inner][vc_column_inner width=\u00a0\u00bb1\/2&Prime;][ffk_peoplecard title=\u00a0\u00bbFabien DENEUVILLE\u00a0\u00bb subtitle=\u00a0\u00bbRESPONSABLE D&rsquo;ARBITRAGE\u00a0\u00bb image=\u00a0\u00bb6275&Prime;][\/vc_column_inner][\/vc_row_inner][\/vc_column][\/vc_row][vc_row][vc_column width=\u00a0\u00bb1\/3&Prime;][ffk_peoplecard subtitle=\u00a0\u00bbRESPONSABLE DES GRADES KARAT\u00c9\u00a0\u00bb image=\u00a0\u00bb7661&Prime; title=\u00a0\u00bbS\u00e9bastien BONNOT\u00a0\u00bb][\/vc_column][vc_column width=\u00a0\u00bb1\/3&Prime;][ffk_peoplecard subtitle=\u00a0\u00bbRESPONSABLE DES GRADES ET R\u00c9F\u00c9RENT KRAV-MAGA\u00a0\u00bb image=\u00a0\u00bb6037&Prime; title=\u00a0\u00bbAvi ATTLAN\u00a0\u00bb][\/vc_column][vc_column width=\u00a0\u00bb1\/3&Prime;][ffk_peoplecard subtitle=\u00a0\u00bbRESPONSABLE DES GRADES AMV\u00a0\u00bb image=\u00a0\u00bb6036&Prime; title=\u00a0\u00bbSebastian PODSTAWSKI\u00a0\u00bb][\/vc_column][\/vc_row][vc_row][vc_column][vc_column_text]<\/p>\n<h2>ENTRA\u00ceNEURS D\u00c9PARTEMENTAUX<\/h2>\n<p>[\/vc_column_text][\/vc_column][\/vc_row][vc_row][vc_column width=\u00a0\u00bb1\/3&Prime;][ffk_peoplecard subtitle=\u00a0\u00bbEntra\u00eeneur Kumit\u00e9\u00a0\u00bb image=\u00a0\u00bb5486&Prime; title=\u00a0\u00bbDavy DONA\u00a0\u00bb][\/vc_column][vc_column width=\u00a0\u00bb1\/3&Prime;][ffk_peoplecard image=\u00a0\u00bb5487&Prime; title=\u00a0\u00bbJunaid IQBAL RAJA\u00a0\u00bb subtitle=\u00a0\u00bbEntra\u00eeneur Kumit\u00e9\u00a0\u00bb][\/vc_column][vc_column width=\u00a0\u00bb1\/3&Prime;][ffk_peoplecard image=\u00a0\u00bb5485&Prime; title=\u00a0\u00bbBruno DEBAECKER\u00a0\u00bb subtitle=\u00a0\u00bbR\u00c9F\u00c9RENT D\u00c9PARTEMENTAL BODY-KARAT\u00c9\u00a0\u00bb][\/vc_column][\/vc_row][vc_row][vc_column][\/vc_column][\/vc_row]<\/p>\n<\/div>","protected":false},"excerpt":{"rendered":"<p>[vc_row][vc_column][vc_empty_space height=\u00a0\u00bb40&Prime;][vc_column_text] \u00c9QUIPE TECHNIQUE D\u00c9PARTEMENTALE [\/vc_column_text][ffk_peoplecard subtitle=\u00a0\u00bbDIRECTEUR TECHNIQUE D\u00c9PARTEMENTAL\u00a0\u00bb image=\u00a0\u00bb8190&Prime; description=\u00a0\u00bbContact : dtd.cdk94@gmail.com\u00a0\u00bb title=\u00a0\u00bbALEXANDRE Robest-Pierre\u00a0\u00bb][vc_row_inner content_placement=\u00a0\u00bbmiddle\u00a0\u00bb][vc_column_inner width=\u00a0\u00bb1\/2&Prime;][ffk_peoplecard image=\u00a0\u00bb6273&Prime; subtitle=\u00a0\u00bbRESPONSABLE DE LA FORMATION\u00a0\u00bb title=\u00a0\u00bbJean-Claude BLIND\u00a0\u00bb][\/vc_column_inner][vc_column_inner width=\u00a0\u00bb1\/2&Prime;][ffk_peoplecard title=\u00a0\u00bbFabien DENEUVILLE\u00a0\u00bb subtitle=\u00a0\u00bbRESPONSABLE D&rsquo;ARBITRAGE\u00a0\u00bb image=\u00a0\u00bb6275&Prime;][\/vc_column_inner][\/vc_row_inner][\/vc_column][\/vc_row][vc_row][vc_column width=\u00a0\u00bb1\/3&Prime;][ffk_peoplecard subtitle=\u00a0\u00bbRESPONSABLE DES GRADES KARAT\u00c9\u00a0\u00bb image=\u00a0\u00bb7661&Prime; title=\u00a0\u00bbS\u00e9bastien BONNOT\u00a0\u00bb][\/vc_column][vc_column width=\u00a0\u00bb1\/3&Prime;][ffk_peoplecard subtitle=\u00a0\u00bbRESPONSABLE DES GRADES ET R\u00c9F\u00c9RENT KRAV-MAGA\u00a0\u00bb image=\u00a0\u00bb6037&Prime; title=\u00a0\u00bbAvi ATTLAN\u00a0\u00bb][\/vc_column][vc_column width=\u00a0\u00bb1\/3&Prime;][ffk_peoplecard subtitle=\u00a0\u00bbRESPONSABLE DES GRADES AMV\u00a0\u00bb image=\u00a0\u00bb6036&Prime; title=\u00a0\u00bbSebastian [&hellip;]<\/p>\n","protected":false},"author":173,"featured_media":0,"parent":0,"menu_order":0,"comment_status":"closed","ping_status":"closed","template":"page-fullwidth.php","meta":{"footnotes":""},"class_list":["post-4488","page","type-page","status-publish","hentry"],"_links":{"self":[{"href":"https:\/\/sites.ffkarate.fr\/valdemarne\/wp-json\/wp\/v2\/pages\/4488","targetHints":{"allow":["GET"]}}],"collection":[{"href":"https:\/\/sites.ffkarate.fr\/valdemarne\/wp-json\/wp\/v2\/pages"}],"about":[{"href":"https:\/\/sites.ffkarate.fr\/valdemarne\/wp-json\/wp\/v2\/types\/page"}],"author":[{"embeddable":true,"href":"https:\/\/sites.ffkarate.fr\/valdemarne\/wp-json\/wp\/v2\/users\/173"}],"replies":[{"embeddable":true,"href":"https:\/\/sites.ffkarate.fr\/valdemarne\/wp-json\/wp\/v2\/comments?post=4488"}],"version-history":[{"count":19,"href":"https:\/\/sites.ffkarate.fr\/valdemarne\/wp-json\/wp\/v2\/pages\/4488\/revisions"}],"predecessor-version":[{"id":8710,"href":"https:\/\/sites.ffkarate.fr\/valdemarne\/wp-json\/wp\/v2\/pages\/4488\/revisions\/8710"}],"wp:attachment":[{"href":"https:\/\/sites.ffkarate.fr\/valdemarne\/wp-json\/wp\/v2\/media?parent=4488"}],"curies":[{"name":"wp","href":"https:\/\/api.w.org\/{rel}","templated":true}]}}

<div class="wpb-content-wrapper"><p>[vc_row][vc_column][vc_empty_space height= »40&Prime;][vc_column_text]</p>
<h3 class="entry-title" style="text-align: center"><strong><span style="color: #1423a0">ÉQUIPE TECHNIQUE DÉPARTEMENTALE</span></strong></h3>
<p>[/vc_column_text][ffk_peoplecard subtitle= »DIRECTEUR TECHNIQUE DÉPARTEMENTAL » image= »8190&Prime; description= »Contact : dtd.cdk94@gmail.com » title= »ALEXANDRE Robest-Pierre »][vc_row_inner content_placement= »middle »][vc_column_inner width= »1/2&Prime;][ffk_peoplecard image= »6273&Prime; subtitle= »RESPONSABLE DE LA FORMATION » title= »Jean-Claude BLIND »][/vc_column_inner][vc_column_inner width= »1/2&Prime;][ffk_peoplecard title= »Fabien DENEUVILLE » subtitle= »RESPONSABLE D&rsquo;ARBITRAGE » image= »6275&Prime;][/vc_column_inner][/vc_row_inner][/vc_column][/vc_row][vc_row][vc_column width= »1/3&Prime;][ffk_peoplecard subtitle= »RESPONSABLE DES GRADES KARATÉ » image= »7661&Prime; title= »Sébastien BONNOT »][/vc_column][vc_column width= »1/3&Prime;][ffk_peoplecard subtitle= »RESPONSABLE DES GRADES ET RÉFÉRENT KRAV-MAGA » image= »6037&Prime; title= »Avi ATTLAN »][/vc_column][vc_column width= »1/3&Prime;][ffk_peoplecard subtitle= »RESPONSABLE DES GRADES AMV » image= »6036&Prime; title= »Sebastian PODSTAWSKI »][/vc_column][/vc_row][vc_row][vc_column][vc_column_text]</p>
<h2>ENTRAÎNEURS DÉPARTEMENTAUX</h2>
<p>[/vc_column_text][/vc_column][/vc_row][vc_row][vc_column width= »1/3&Prime;][ffk_peoplecard subtitle= »Entraîneur Kumité » image= »5486&Prime; title= »Davy DONA »][/vc_column][vc_column width= »1/3&Prime;][ffk_peoplecard image= »5487&Prime; title= »Junaid IQBAL RAJA » subtitle= »Entraîneur Kumité »][/vc_column][vc_column width= »1/3&Prime;][ffk_peoplecard image= »5485&Prime; title= »Bruno DEBAECKER » subtitle= »RÉFÉRENT DÉPARTEMENTAL BODY-KARATÉ »][/vc_column][/vc_row][vc_row][vc_column][/vc_column][/vc_row]</p>
</div>

<p>[vc_row][vc_column][vc_empty_space height= »40&Prime;][vc_column_text] ÉQUIPE TECHNIQUE DÉPARTEMENTALE [/vc_column_text][ffk_peoplecard subtitle= »DIRECTEUR TECHNIQUE DÉPARTEMENTAL » image= »8190&Prime; description= »Contact : dtd.cdk94@gmail.com » title= »ALEXANDRE Robest-Pierre »][vc_row_inner content_placement= »middle »][vc_column_inner width= »1/2&Prime;][ffk_peoplecard image= »6273&Prime; subtitle= »RESPONSABLE DE LA FORMATION » title= »Jean-Claude BLIND »][/vc_column_inner][vc_column_inner width= »1/2&Prime;][ffk_peoplecard title= »Fabien DENEUVILLE » subtitle= »RESPONSABLE D&rsquo;ARBITRAGE » image= »6275&Prime;][/vc_column_inner][/vc_row_inner][/vc_column][/vc_row][vc_row][vc_column width= »1/3&Prime;][ffk_peoplecard subtitle= »RESPONSABLE DES GRADES KARATÉ » image= »7661&Prime; title= »Sébastien BONNOT »][/vc_column][vc_column width= »1/3&Prime;][ffk_peoplecard subtitle= »RESPONSABLE DES GRADES ET RÉFÉRENT KRAV-MAGA » image= »6037&Prime; title= »Avi ATTLAN »][/vc_column][vc_column width= »1/3&Prime;][ffk_peoplecard subtitle= »RESPONSABLE DES GRADES AMV » image= »6036&Prime; title= »Sebastian [&hellip;]</p>
