{"id":54,"date":"2015-01-08T11:32:34","date_gmt":"2015-01-08T10:32:34","guid":{"rendered":"https:\/\/sites.ffkarate.fr\/testclone\/?page_id=54"},"modified":"2025-06-12T12:02:03","modified_gmt":"2025-06-12T10:02:03","slug":"disciplines-associes","status":"publish","type":"page","link":"https:\/\/sites.ffkarate.fr\/valdemarne\/clubs-du-val-de-marne\/disciplines-associes\/","title":{"rendered":"Petites Annonces"},"content":{"rendered":"<div class=\"wpb-content-wrapper\"><p>[vc_row][vc_column][vc_column_text]Cette page est d\u00e9di\u00e9e aux clubs et aux professeurs\/animateurs du Comit\u00e9 D\u00e9partemental de Karat\u00e9 et Disciplines Associ\u00e9es du Val-de-Marne<\/p>\n<p>Si vous souhaitez d\u00e9poser une annonce ou contacter une personne, vous pouvez \u00e9crire au secr\u00e9tariat du Comit\u00e9 D\u00e9partemental de Karat\u00e9 et Disciplines Associ\u00e9es du Val-de-Marne:<strong> \u00a0<span style=\"color: #800080\"><a style=\"color: #800080\" href=\"mailto:#\">ffkarate94@gmail.com<\/a><\/span><\/strong><\/p>\n<hr \/>\n<h1><span style=\"color: #dc2d5a\">RECHERCHE DE PROFESSEUR<\/span><\/h1>\n<h1><\/h1>\n<p>[\/vc_column_text][vc_column_text]<\/p>\n<h2><span style=\"color: #1423a0\"><strong>CLUB\u00a0KARAT\u00c9 SHOTOKAN RUNGIS &#8211; KSR <\/strong><\/span><\/h2>\n<p><strong>\u00a0<\/strong>L\u2019association KSR, domicili\u00e9e \u00e0 Rungis (94150) recherche pour la rentr\u00e9e 2025-2026, un professeur motiv\u00e9 et int\u00e9ress\u00e9 \u00e0 suivre une progression des enfants encadr\u00e9s, dipl\u00f4m\u00e9 d\u2019un DIF minimum, \u00a0pour animer et encadrer les cours Baby (4 ans \u00e0 6 ans) et Enfants (7 \u00e0 12 ans) aux jours et horaires suivants\u00a0:<\/p>\n<ul>\n<li>Lundi\u00a0: 18h15 &#8211; 19h15\u00a0\/ Enfants<\/li>\n<li>Mercredi\u00a0:\n<ul>\n<li>17h30 &#8211; 18h30\u00a0\/ Baby<\/li>\n<li>18h30 &#8211; 19h30\u00a0\/ Enfants<\/li>\n<\/ul>\n<\/li>\n<\/ul>\n<p>Indemnit\u00e9s ou salaire en fonction du profil du candidat<\/p>\n<p><strong>Nous contacter\u00a0: <a href=\"mailto:karaterungis@gmail.com\" target=\"_blank\" rel=\"noopener\">karaterungis@gmail.com<\/a><\/strong><\/p>\n<p><strong>Notre site internet<\/strong> :<strong>\u00a0<a href=\"http:\/\/www.karate-rungis.com\/\" target=\"_blank\" rel=\"noopener\">http:\/\/www.karate-rungis.com\/<\/a><\/strong><\/p>\n<p>\u00c0 7 km de Paris, Rungis est desservie par plusieurs lignes de bus, le RER C et le tramway T7 (le T7 permet notamment de rejoindre la ligne 14 du m\u00e9tro).<\/p>\n<p>Informations d\u00e9taill\u00e9es en cliquant sur le lien suivant\u00a0: <a href=\"https:\/\/rungis.fr\/se-rendre-rungis\" target=\"_blank\" rel=\"noopener\">https:\/\/rungis.fr\/se-rendre-rungis<\/a><\/p>\n<hr \/>\n<p>[\/vc_column_text][vc_column_text]<\/p>\n<h2><strong><span style=\"color: #1423a0\">CLUB <\/span><span id=\"dbSTRNOM\" class=\"Class-Input-Libelle\"><span style=\"color: #1423a0\">KC DE CHARENTON<\/span><\/span><\/strong><\/h2>\n<h3><\/h3>\n<div>Nous recherchons un professeur pour animer la saison prochaine plusieurs cours enfants.<\/div>\n<h3><\/h3>\n<div>lundi baby karate\u00a03\/5 ans\u00a0 \u00a017h30\/18h15<\/div>\n<div>lundi karate enfant 6\/8 ans\u00a0 18h15\/19h00<\/div>\n<h3><\/h3>\n<div>jeudi baby Karate 3\/5 ans\u00a0 \u00a017h30\/18h15<\/div>\n<div>jeudi karate enfant 6\/8 ans\u00a0 18h15\/19h00<\/div>\n<h3><\/h3>\n<div>les cours ont lieu sur Charenton le Pont (M\u00e9tro Charenton \u00e9coles)<\/div>\n<div>Nous recherchons une personne motiv\u00e9e avec un peu d&rsquo;exp\u00e9rience (de pr\u00e9f\u00e9rence une femme) disponible les lundi et jeudi en fin d&rsquo;apr\u00e8s midi.<\/div>\n<h3><\/h3>\n<div>Merci de nous contacter\u00a0par mail\u00a0<a href=\"mailto:karateclubcharenton94@gmail.com\" target=\"_blank\" rel=\"noopener\">karateclubcharenton94@gmail.com<\/a> ou bien\u00a0par t\u00e9l\u00e9phone 0695833084 ou au 0611835243.<\/div>\n<p>[\/vc_column_text][\/vc_column][\/vc_row][vc_row][vc_column][vc_column_text]<\/p>\n<div>\n<hr \/>\n<\/div>\n<h1><span style=\"color: #dc2d5a\">RECHERCHE DE CLUB POUR ENSEIGNER<\/span><\/h1>\n<h1><\/h1>\n<p>[\/vc_column_text][\/vc_column][\/vc_row]<\/p>\n<\/div>","protected":false},"excerpt":{"rendered":"<p>[vc_row][vc_column][vc_column_text]Cette page est d\u00e9di\u00e9e aux clubs et aux professeurs\/animateurs du Comit\u00e9 D\u00e9partemental de Karat\u00e9 et Disciplines Associ\u00e9es du Val-de-Marne Si vous souhaitez d\u00e9poser une annonce ou contacter une personne, vous pouvez \u00e9crire au secr\u00e9tariat du Comit\u00e9 D\u00e9partemental de Karat\u00e9 et Disciplines Associ\u00e9es du Val-de-Marne: \u00a0ffkarate94@gmail.com RECHERCHE DE PROFESSEUR [\/vc_column_text][vc_column_text] CLUB\u00a0KARAT\u00c9 SHOTOKAN RUNGIS &#8211; KSR \u00a0L\u2019association [&hellip;]<\/p>\n","protected":false},"author":20,"featured_media":0,"parent":4331,"menu_order":0,"comment_status":"closed","ping_status":"closed","template":"","meta":{"footnotes":""},"class_list":["post-54","page","type-page","status-publish","hentry"],"_links":{"self":[{"href":"https:\/\/sites.ffkarate.fr\/valdemarne\/wp-json\/wp\/v2\/pages\/54","targetHints":{"allow":["GET"]}}],"collection":[{"href":"https:\/\/sites.ffkarate.fr\/valdemarne\/wp-json\/wp\/v2\/pages"}],"about":[{"href":"https:\/\/sites.ffkarate.fr\/valdemarne\/wp-json\/wp\/v2\/types\/page"}],"author":[{"embeddable":true,"href":"https:\/\/sites.ffkarate.fr\/valdemarne\/wp-json\/wp\/v2\/users\/20"}],"replies":[{"embeddable":true,"href":"https:\/\/sites.ffkarate.fr\/valdemarne\/wp-json\/wp\/v2\/comments?post=54"}],"version-history":[{"count":15,"href":"https:\/\/sites.ffkarate.fr\/valdemarne\/wp-json\/wp\/v2\/pages\/54\/revisions"}],"predecessor-version":[{"id":7669,"href":"https:\/\/sites.ffkarate.fr\/valdemarne\/wp-json\/wp\/v2\/pages\/54\/revisions\/7669"}],"up":[{"embeddable":true,"href":"https:\/\/sites.ffkarate.fr\/valdemarne\/wp-json\/wp\/v2\/pages\/4331"}],"wp:attachment":[{"href":"https:\/\/sites.ffkarate.fr\/valdemarne\/wp-json\/wp\/v2\/media?parent=54"}],"curies":[{"name":"wp","href":"https:\/\/api.w.org\/{rel}","templated":true}]}}