{"id":7700,"date":"2025-07-25T10:01:11","date_gmt":"2025-07-25T08:01:11","guid":{"rendered":"https:\/\/sites.ffkarate.fr\/valdemarne\/?page_id=7700"},"modified":"2026-01-28T17:50:57","modified_gmt":"2026-01-28T16:50:57","slug":"formations-saison-2025-2026","status":"publish","type":"page","link":"https:\/\/sites.ffkarate.fr\/valdemarne\/formations-saison-2025-2026\/","title":{"rendered":"Formations \/ Saison 2025-2026"},"content":{"rendered":"<div class=\"wpb-content-wrapper\"><p>[vc_row][vc_column][vc_column_text]<\/p>\n<hr \/>\n<h2><\/h2>\n<h2><span style=\"color: #1423a0\">Commission Formation<\/span><\/h2>\n<p><span style=\"color: #800080\">\u00a0 \u00a0 \u00a0 \u00a0 <\/span>[\/vc_column_text][\/vc_column][\/vc_row][vc_row][vc_column width=\u00a0\u00bb1\/2&Prime;][ffk_peoplecard image=\u00a0\u00bb6273&Prime; title=\u00a0\u00bbJean-Claude BLIND\u00a0\u00bb subtitle=\u00a0\u00bbRESPONSABLE DE LA FORMATION\u00a0\u00bb][\/vc_column][vc_column width=\u00a0\u00bb1\/2&Prime;][ffk_peoplecard title=\u00a0\u00bbChristophe SIMONS\u00a0\u00bb subtitle=\u00a0\u00bbRESPONBLE ADJOINT DE LA FORMATION\u00a0\u00bb image=\u00a0\u00bb7702&Prime;][\/vc_column][\/vc_row][vc_row][vc_column][vc_column_text]<\/p>\n<p style=\"text-align: center\"><strong>Contact : <span style=\"color: #800080\">ffkarate94@gmail.com<\/span><\/strong><\/p>\n<p>[\/vc_column_text][\/vc_column][\/vc_row][vc_row][vc_column][vc_column_text]<\/p>\n<hr \/>\n<h2><\/h2>\n<h2><span style=\"color: #1423a0\">Inscriptions<\/span><\/h2>\n<p><span style=\"color: #dc2d5a\"><strong><span style=\"color: #1423a0\">Les inscriptions ainsi que le paiement s\u2019effectuent uniquement<\/span><span style=\"color: #dc2d5a\"> <a style=\"color: #dc2d5a\" href=\"https:\/\/www.sikada.fr\/sikadaIns\" target=\"_blank\" rel=\"noopener\">en <span style=\"color: #dc2d5a\">ligne<\/span> sur internet<\/a><span style=\"color: #1423a0\">.<\/span><\/span><\/strong><\/span>[\/vc_column_text][vc_column_text]<span style=\"color: #dc2d5a\"><strong><span style=\"color: #1423a0\">\ud83d\udea8\u00a0 Les<span style=\"color: #dc2d5a\"> cours en pr\u00e9sentiel<\/span> doivent \u00eatre suivis <span style=\"color: #dc2d5a\">en int\u00e9gralit\u00e9\u00a0 \ud83d\udea8<\/span><\/span><\/strong><\/span><\/p>\n<p><span style=\"color: #dc2d5a\"><strong><span style=\"color: #1423a0\"><img decoding=\"async\" class=\"an1\" src=\"https:\/\/fonts.gstatic.com\/s\/e\/notoemoji\/16.0\/26a0_fe0f\/32.png\" alt=\"\u26a0\ufe0f\" data-emoji=\"\u26a0\ufe0f\" aria-label=\"\u26a0\ufe0f\" \/><b> \u00a0<\/b>Aucun remboursement ne sera effectu\u00e9 en cas de manquement <img decoding=\"async\" class=\"an1\" src=\"https:\/\/fonts.gstatic.com\/s\/e\/notoemoji\/16.0\/26a0_fe0f\/32.png\" alt=\"\u26a0\ufe0f\" data-emoji=\"\u26a0\ufe0f\" aria-label=\"\u26a0\ufe0f\" \/><b>\u00a0<\/b><\/span><\/strong><\/span>[\/vc_column_text][\/vc_column][\/vc_row][vc_row][vc_column][vc_column_text]<\/p>\n<hr \/>\n<h2><\/h2>\n<h2><span style=\"color: #1423a0\">R\u00e8glements et documentations<\/span><\/h2>\n<p>[\/vc_column_text][ffk_button link=\u00a0\u00bburl:https%3A%2F%2Fsites.ffkarate.fr%2Filedefrance%2Fformations-2%2F|title:Informations%20Ligue%20R%C3%A9gionale%20IDF|target:_blank\u00a0\u00bb][ffk_button color=\u00a0\u00bbprimary\u00a0\u00bb link=\u00a0\u00bburl:https%3A%2F%2Fwww.ffkarate.fr%2Fespace-licencies%2Fformations%2F|title:Informations%20F%C3%A9d%C3%A9rales|target:_blank\u00a0\u00bb][\/vc_column][\/vc_row][vc_row][vc_column][vc_column_text]<\/p>\n<hr \/>\n<h2><\/h2>\n<h2><span style=\"color: #1423a0\">Calendrier des formations<\/span><\/h2>\n<p><span style=\"color: #000000\"><strong><span style=\"text-decoration: underline\">AFA<\/span> <\/strong><em>(Attestation F\u00e9d\u00e9rale d&rsquo;Assistant)<\/em><\/span><\/p>\n<p style=\"text-align: left;padding-left: 40px\"><span style=\"color: #999999\"><em>\u00bb Dimanche 12 octobre 2025<\/em><\/span><\/p>\n<p style=\"text-align: left\"><span style=\"color: #999999\"><em><strong>\u00a0\/!\\ Date limite d&rsquo;inscription : jeudi 9 octobre 2025\u00a0\/!\\<\/strong><\/em><\/span><\/p>\n<p>&nbsp;<\/p>\n<p><span style=\"color: #000000\"><strong><span style=\"text-decoration: underline\">DAF<\/span> <\/strong><em>(Dipl\u00f4me d&rsquo;Animateur F\u00e9d\u00e9ral)<\/em><\/span><\/p>\n<p style=\"text-align: left;padding-left: 40px\"><span style=\"color: #999999\"><em>\u00bb Jour 1 : dimanche 2 novembre 2025<\/em><\/span><\/p>\n<p style=\"padding-left: 40px\"><span style=\"color: #999999\"><em>\u00bb Jour 2 : dimanche 23 novembre 2025<\/em><\/span><\/p>\n<p style=\"text-align: left\"><span style=\"color: #999999\"><em><strong>\u00a0\/!\\ Date limite d&rsquo;inscription : jeudi 9 octobre 2025\u00a0\/!\\<\/strong><\/em><\/span><\/p>\n<p>&nbsp;<\/p>\n<p><span style=\"color: #000000\"><strong><span style=\"text-decoration: underline\">DIF<\/span> <\/strong><em>(Dipl\u00f4me d&rsquo;Instructeur F\u00e9d\u00e9ral)<\/em><\/span><\/p>\n<p style=\"text-align: left;padding-left: 40px\"><span style=\"color: #999999\"><em>\u00bb Jour 1 : dimanche 25 janvier 2026<\/em><\/span><\/p>\n<p style=\"padding-left: 40px\"><span style=\"color: #1423a0\">\u00bb Jour 2 : dimanche 15 f\u00e9vrier 2026<\/span><\/p>\n<p style=\"text-align: left;padding-left: 40px\"><span style=\"color: #1423a0\">\u00bb Jour 3 : dimanche 15 mars 2026<\/span><\/p>\n<p style=\"text-align: left;padding-left: 40px\"><span style=\"color: #1423a0\">\u00bb Jour 4 : dimanche 19 avril 2026<\/span><\/p>\n<p style=\"padding-left: 40px\"><span style=\"color: #1423a0\">\u00bb Jour 5 : dimanche 24 mai 2025 &#8211; Examen<\/span><\/p>\n<p><strong><span style=\"color: #dc2d5a\">\u00a0\/!\\ Date limite d&rsquo;inscription : Session compl\u00e8te \/!\\<\/span><\/strong><\/p>\n<p>&nbsp;<\/p>\n<hr \/>\n<p>[\/vc_column_text][\/vc_column][\/vc_row][vc_row][vc_column][vc_column_text]<\/p>\n<h1><span style=\"color: #1423a0\">Les formations\u00a0<\/span><\/h1>\n<p>[\/vc_column_text][vc_column_text]<span style=\"color: #dc2d5a\"><strong><span style=\"color: #1423a0\">\ud83d\udea8\u00a0 Les cours en pr\u00e9sentiel doivent \u00eatre suivis en int\u00e9gralit\u00e9\u00a0 \ud83d\udea8<\/span><\/strong><\/span><\/p>\n<p><span style=\"color: #dc2d5a\"><strong><span style=\"color: #1423a0\"><img decoding=\"async\" class=\"an1\" src=\"https:\/\/fonts.gstatic.com\/s\/e\/notoemoji\/16.0\/26a0_fe0f\/32.png\" alt=\"\u26a0\ufe0f\" data-emoji=\"\u26a0\ufe0f\" aria-label=\"\u26a0\ufe0f\" \/><b> \u00a0<\/b>Aucun remboursement ne sera effectu\u00e9 en cas de manquement <img decoding=\"async\" class=\"an1\" src=\"https:\/\/fonts.gstatic.com\/s\/e\/notoemoji\/16.0\/26a0_fe0f\/32.png\" alt=\"\u26a0\ufe0f\" data-emoji=\"\u26a0\ufe0f\" aria-label=\"\u26a0\ufe0f\" \/><b>\u00a0<\/b><\/span><\/strong><\/span>[\/vc_column_text][\/vc_column][\/vc_row][vc_row][vc_column][vc_tta_tabs][vc_tta_section title=\u00a0\u00bbAFA\u00a0\u00bb tab_id=\u00a0\u00bb1722941834216-2b5dea33-a307&Prime;][vc_column_text]<\/p>\n<div class=\"vc_row wpb_row vc_row-fluid\">\n<div class=\"wpb_column vc_column_container vc_col-sm-12\">\n<div class=\"vc_column-inner\">\n<div class=\"wpb_wrapper\">\n<div class=\"wpb_text_column wpb_content_element\">\n<div class=\"wpb_wrapper\">\n<p><strong>ECOLE D\u00c9PARTEMENTALE DE FORMATION DU VAL-DE-MARNE<\/strong><\/p>\n<p>&nbsp;<\/p>\n<h1><span style=\"color: #1423a0\">AFA \u2013\u00a0ATTESTATION F\u00c9D\u00c9RALE D\u2019ASSISTANT<\/span><\/h1>\n<p>L\u2019AFA\u00a0 est une formation d\u2019une journ\u00e9e, organis\u00e9e par le Comit\u00e9 D\u00e9partemental Karat\u00e9 et Disciplines Associ\u00e9es du 94, qui apporte, d\u00e8s l\u2019\u00e2ge de 14 ans, une initiation \u00e0 l\u2019enseignement pour aider et assister un enseignant dipl\u00f4m\u00e9.<\/p>\n<p>&nbsp;<\/p>\n<p><span style=\"color: #dc2d5a\"><strong>ENSEIGNEMENT B\u00c9N\u00c9VOLE<br \/>\n<\/strong><\/span>L\u2019AFA permet d\u2019aider et d\u2019assister\u00a0un enseignant dipl\u00f4m\u00e9 durant les s\u00e9ances de karat\u00e9, wushu, et disciplines associ\u00e9es dans un club affili\u00e9 \u00e0 la FFK, et\u00a0d\u2019amorcer son parcours de formation \u00e0 l\u2019enseignement d\u00e8s l\u2019\u00e2ge de <strong><span style=\"color: #1423a0\">14 ans<\/span><\/strong>.<\/p>\n<p>&nbsp;<\/p>\n<p><span style=\"color: #dc2d5a\"><strong>OBJECTIFS<br \/>\n<\/strong><\/span>\u2013 Assister un enseignant dipl\u00f4m\u00e9 \u00e0 encadrer des s\u00e9ances de karat\u00e9 et disciplines associ\u00e9es<br \/>\n\u2013 Participer au fonctionnement du club<br \/>\n\u2013 Participer \u00e0 la pr\u00e9servation de la s\u00e9curit\u00e9 des pratiquants lors des s\u00e9ances<br \/>\n\u2013 Permettre l\u2019acc\u00e8s au dispositif \u00ab jeune coach \u00bb<b><\/b><\/p>\n<p>&nbsp;<\/p>\n<\/div>\n<\/div>\n<\/div>\n<\/div>\n<\/div>\n<\/div>\n<div class=\"vc_row wpb_row vc_row-fluid\">\n<div class=\"wpb_column vc_column_container vc_col-sm-12\">\n<div class=\"vc_column-inner\">\n<div class=\"wpb_wrapper\">\n<div class=\"wpb_text_column wpb_content_element\">\n<div class=\"wpb_wrapper\">\n<p><span style=\"color: #dc2d5a\"><strong>PR\u00c9REQUIS A L\u2019ENTR\u00c9E EN FORMATION<\/strong><\/span><br \/>\n<span style=\"color: #000000\">\u2013 De <strong><span style=\"color: #1423a0\">14 ans<\/span><\/strong> minimum ;<\/span><br \/>\n<span style=\"color: #000000\">\u2013 \u00catre <strong><span style=\"color: #1423a0\">ceinture marron<\/span><\/strong> ;<\/span><br \/>\n<span style=\"color: #000000\">\u2013 Avoir <strong><span style=\"color: #1423a0\">2 licences FFK<\/span><\/strong> dont celle de l\u2019ann\u00e9e en cours ;<br \/>\n\u2013 <span style=\"color: #1423a0\"><strong>Autorisation parentale <\/strong><span style=\"color: #000000\">pour les mineurs<\/span><\/span>.<br \/>\n<\/span><\/p>\n<p>&nbsp;<\/p>\n<p><span style=\"color: #dc2d5a\"><strong>VOLUME DE LA FORMATION<\/strong><\/span><br \/>\n<span style=\"color: #000000\">Le volume total de la formation AFA est de<strong><span style=\"color: #1423a0\"> 8 heures<\/span><\/strong>, dispens\u00e9es en \u00e9cole de formation.<\/span><br \/>\n<span style=\"color: #000000\">Il n\u2019est pr\u00e9vu qu\u2019une seule formule d\u2019organisation sous forme d\u2019une journ\u00e9e de stage (un samedi ou un dimanche).<br \/>\n<\/span><\/p>\n<p>&nbsp;<\/p>\n<p><span style=\"color: #dc2d5a\"><strong>TARIF<\/strong><\/span><br \/>\n<strong><span style=\"color: #1423a0\">30\u20ac<\/span><\/strong><\/p>\n<\/div>\n<\/div>\n<\/div>\n<\/div>\n<\/div>\n<\/div>\n<p>[\/vc_column_text][\/vc_tta_section][vc_tta_section title=\u00a0\u00bbDAF\u00a0\u00bb tab_id=\u00a0\u00bb1722941834229-6167ded0-1f3e\u00a0\u00bb][vc_column_text]<\/p>\n<div class=\"vc_row wpb_row vc_row-fluid\">\n<div class=\"wpb_column vc_column_container vc_col-sm-12\">\n<div class=\"vc_column-inner\">\n<div class=\"wpb_wrapper\">\n<div class=\"wpb_text_column wpb_content_element\">\n<div><b>ECOLE D\u00c9PARTEMENTALE\u00a0DE FORMATION DU VAL-DE-MARNE<\/b><\/div>\n<h1><\/h1>\n<h2 class=\"wpb_wrapper\"><span style=\"color: #1423a0\">DAF \u2013 DIPL\u00d4ME D\u2019ANIMATEUR F\u00c9D\u00c9RAL<\/span><\/h2>\n<p>&nbsp;<\/p>\n<p><span style=\"color: #dc2d5a\"><strong>ENSEIGNEMENT B\u00c9N\u00c9VOLE<br \/>\n<\/strong><\/span>Le Dipl\u00f4me d\u2019Animateur F\u00e9d\u00e9ral (DAF) est une formation organis\u00e9e par\u00a0le\u00a0<strong>Comit\u00e9 D\u00e9partemental Karat\u00e9 et Disciplines Associ\u00e9es du 94. Cette formation dipl\u00f4mante, <\/strong>est accessible avec un temps de formation adapt\u00e9 pour un professeur de karat\u00e9, wushu et disciplines associ\u00e9es dans un club affili\u00e9 \u00e0 la FFK.<br \/>\nIl permet de poursuivre sa formation en direction du DIF.<\/p>\n<p>&nbsp;<\/p>\n<p><span style=\"color: #dc2d5a\"><strong>OBJECTIFS<\/strong><\/span><br \/>\n\u2013 Planifier des cours pour diff\u00e9rents publics<br \/>\n\u2013 Assister le professeur principal lors des cours dans son club en toute s\u00e9curit\u00e9.<\/p>\n<\/div>\n<\/div>\n<\/div>\n<\/div>\n<\/div>\n<div class=\"vc_row wpb_row vc_row-fluid\">\n<div class=\"wpb_column vc_column_container vc_col-sm-12\">\n<div class=\"vc_column-inner\">\n<div class=\"wpb_wrapper\">\n<div class=\"wpb_text_column wpb_content_element\">\n<div class=\"wpb_wrapper\">\n<p>&nbsp;<\/p>\n<p><span style=\"color: #dc2d5a\"><strong>PR\u00c9REQUIS A L\u2019ENTR\u00c9E DU JOUR DE FORMATION<\/strong><\/span><br \/>\n<span style=\"color: #000000\">\u2013 Avoir <strong><span style=\"color: #1423a0\">18 ans minimum<\/span><\/strong> ;<\/span><br \/>\n<span style=\"color: #000000\">\u2013 \u00catre ceinture noire <strong><span style=\"color: #1423a0\">1er Dan, Dang, Duan<\/span><\/strong>, minimum ;<\/span><br \/>\n<span style=\"color: #000000\">\u2013 Avoir la <strong><span style=\"color: #1423a0\">licence f\u00e9d\u00e9rale FFKDA de l\u2019ann\u00e9e en cours<\/span><\/strong> ;<\/span><br \/>\n<span style=\"color: #000000\">\u2013 Poss\u00e9der un <strong><span style=\"color: #1423a0\">dipl\u00f4me de secourisme ou \u00e9quivalent<\/span><\/strong> ;<\/span><\/p>\n<p>&nbsp;<\/p>\n<p><span style=\"color: #dc2d5a\"><strong>VOLUME DE LA <span style=\"color: #dc2d5a\">FORMATION<\/span><\/strong><\/span><br \/>\n<span style=\"color: #000000\">Le volume global est de <strong><span style=\"color: #1423a0\">41 heures<\/span><\/strong> r\u00e9parti en :<\/span><br \/>\n<em><span style=\"color: #000000\">\u00a0 \u00a0 \u00a0\u2013 Travail personnel en pr\u00e9formation = 12h00 ;<\/span><\/em><br \/>\n<em><span style=\"color: #000000\">\u00a0 \u00a0 \u00a0\u2013 Formation en pr\u00e9sentiel = 14h00 ;<\/span><\/em><br \/>\n<em><span style=\"color: #000000\">\u00a0 \u00a0 \u00a0\u2013 Participations F\u00e9d\u00e9rales = 15h00.<\/span><\/em><\/p>\n<\/div>\n<p>&nbsp;<\/p>\n<p><span style=\"color: #dc2d5a\"><strong>TARIF<\/strong><\/span><br \/>\n<strong><span style=\"color: #1423a0\">100\u20ac<\/span><\/strong><\/p>\n<p>&nbsp;<\/p>\n<\/div>\n<\/div>\n<\/div>\n<\/div>\n<\/div>\n<p>[\/vc_column_text][vc_column_text]<span style=\"color: #dc2d5a\"><strong><span style=\"color: #dc2d5a\">PARTICIPATIONS<\/span> ASSOCIATIVES OBLIGATOIRES (15 heures)<\/strong><\/span><\/p>\n<ul>\n<li style=\"list-style-type: none\">\n<ul>\n<li><span style=\"color: #000000\">Participation au stage d\u2019arbitre ou de juge d\u00e9partemental<\/span><\/li>\n<\/ul>\n<\/li>\n<\/ul>\n<p style=\"padding-left: 240px\"><span style=\"color: #1423a0\"><span style=\"text-decoration: underline\"><strong>Et <\/strong><\/span><\/span><\/p>\n<ul>\n<li style=\"list-style-type: none\">\n<ul>\n<li><span style=\"color: #000000\">Participation \u00e0 un \u00e9v\u00e8nement f\u00e9d\u00e9ral officiel<\/span><\/li>\n<\/ul>\n<\/li>\n<\/ul>\n<p>\ud83d\udd14 <strong>Anticiper sur vos participations associatives, n&rsquo;attendez pas la premi\u00e8re journ\u00e9e de formation en pr\u00e9sentiel pour les effectuer \ud83d\udd14<\/strong><\/p>\n<p><strong><span style=\"color: #dc2d5a\">Se r\u00e9f\u00e9rer au calendrier des comp\u00e9titions du D\u00e9partement ou de la Ligue R\u00e9gionale IDF \u21d2 s&rsquo;inscrire 10 jours <span style=\"text-decoration: underline\">au maximum<\/span> avant la comp\u00e9tition<\/span><\/strong><\/p>\n<p><span style=\"color: #1423a0\"><strong>\ud83d\udce2 Pour toutes participations associatives, contacter obligatoirement, le Comit\u00e9 D\u00e9partemental (<a href=\"mailto:ffkarate94@gmail.com\" target=\"_blank\" rel=\"noopener\">ffkarate94@gmail.com<\/a>) ou de la Ligue R\u00e9gionale IDF (<a href=\"mailto:secretaire.idf@ffkarate.fr\" target=\"_blank\" rel=\"noopener\">secretaire.idf@ffkarate.fr<\/a>) en fonction de la manifestation, pour vous positionner sur une manifestation.<\/strong><\/span><\/p>\n<p>[\/vc_column_text][\/vc_tta_section][vc_tta_section title=\u00a0\u00bbDIF\u00a0\u00bb tab_id=\u00a0\u00bb1722941918857-c2bdb128-358e\u00a0\u00bb][vc_column_text]<\/p>\n<div class=\"vc_row wpb_row vc_row-fluid\">\n<div class=\"wpb_column vc_column_container vc_col-sm-12\">\n<div class=\"vc_column-inner\">\n<div class=\"wpb_wrapper\">\n<div class=\"wpb_text_column wpb_content_element\">\n<div class=\"wpb_wrapper\">\n<div>\n<div><b>ECOLE D\u00c9PARTEMENTALE\u00a0DE FORMATION DU VAL-DE-MARNE<\/b><\/div>\n<h1><\/h1>\n<h2><span style=\"color: #1423a0\">DIF \u2013 DIPL\u00d4ME D\u2019INSTRUCTEUR F\u00c9D\u00c9RAL<\/span><\/h2>\n<p>&nbsp;<\/p>\n<p><strong><span style=\"color: #dc2d5a\">ENSEIGNEMENT B\u00c9N\u00c9VOLE<br \/>\n<\/span><\/strong>Le DIF est une formation organis\u00e9e par\u00a0le\u00a0Comit\u00e9 D\u00e9partemental Karat\u00e9 et Disciplines Associ\u00e9es du 94<strong>. <\/strong>Cette formation dipl\u00f4mante, est le dipl\u00f4me de r\u00e9f\u00e9rence pour un enseignant de karat\u00e9, wushu et disciplines associ\u00e9es dans un club affili\u00e9 \u00e0 la FFKDA.<\/p>\n<p>Le DIF est accessible, avec ou sans l&rsquo;AFA et\/ou avec ou sans le DAF.<br \/>\nLe DIF permet l\u2019acquisition de points de bonification de grades.<\/p>\n<p>Il permet \u00e9galement au coach A n\u2019ayant pas les pr\u00e9requis mais n\u00e9anmoins engag\u00e9 dans le processus de formation du DIF et participant au meeting et \u00e0 la formation nationale des coaches d\u2019\u00eatre dispens\u00e9 de la \u00ab participation f\u00e9d\u00e9rale \u00bb lors de la formation du DIF.<\/p>\n<p>&nbsp;<\/p>\n<p><span style=\"color: #dc2d5a\"><strong>OBJECTIFS<\/strong><\/span><br \/>\n\u2013 Ouvrir un club ;<br \/>\n\u2013 Planifier des cours pour diff\u00e9rents publics sp\u00e9cifiques (enfants, ados, adultes, seniors, para etc.) ;<br \/>\n\u2013 Acc\u00e9der aux stages de formation continue ;<br \/>\n\u2013 Apporter des comp\u00e9tences pour la progression et le perfectionnement des pratiquants ;<br \/>\n\u2013 Animer des cours en toute s\u00e9curit\u00e9 et en pleine autonomie ;<br \/>\n\u2013 \u00c9largir son enseignement au-del\u00e0 du club.<\/p>\n<\/div>\n<p>Le seul mode d\u2019acc\u00e8s possible est la participation en pr\u00e9sentiel \u00e0 la formation. Le DIF ne peut \u00eatre obtenu par la Validation des Acquis de l\u2019Exp\u00e9rience.<\/p>\n<\/div>\n<\/div>\n<\/div>\n<\/div>\n<\/div>\n<\/div>\n<div class=\"vc_row wpb_row vc_row-fluid\">\n<div class=\"wpb_column vc_column_container vc_col-sm-12\">\n<div class=\"vc_column-inner\">\n<div class=\"wpb_wrapper\">\n<div class=\"wpb_text_column wpb_content_element\">\n<div class=\"wpb_wrapper\">\n<div>\n<p>&nbsp;<\/p>\n<p><span style=\"color: #dc2d5a\"><strong>PR\u00c9REQUIS A L\u2019ENTR\u00c9E DU JOUR DE FORMATION<\/strong><\/span><br \/>\n<span style=\"color: #000000\">\u2013 Avoir <strong><span style=\"color: #1423a0\">18 ans minimum<\/span><\/strong> ;<\/span><br \/>\n<span style=\"color: #000000\">\u2013 \u00catre <strong><span style=\"color: #1423a0\">ceinture noire 1er Dan, Dang, Duan, minimum<\/span><\/strong> ;<\/span><br \/>\n<span style=\"color: #000000\">\u2013 Avoir la <strong><span style=\"color: #1423a0\">licence f\u00e9d\u00e9rale FFK de l\u2019ann\u00e9e en cours<\/span><\/strong> ;<\/span><br \/>\n<span style=\"color: #000000\">\u2013 Poss\u00e9der un <strong><span style=\"color: #1423a0\">dipl\u00f4me de secourisme ou \u00e9quivalent<\/span><\/strong> ;<\/span><\/p>\n<p>&nbsp;<\/p>\n<p><span style=\"color: #dc2d5a\"><strong>VOLUME DE LA FORMATION:<\/strong><\/span><\/p>\n<p><em><span style=\"color: #000000\"><strong><span style=\"color: #1423a0\"><span style=\"text-decoration: underline\">Pour les titulaires du DAF<\/span> :<\/span><\/strong><\/span><\/em><br \/>\n<span style=\"color: #000000\">Le volume total de la formation est de <span style=\"color: #1423a0\"><strong>44<\/strong> <strong>heures<\/strong><\/span> r\u00e9parti en :<\/span><br \/>\n<em><span style=\"color: #000000\">\u00a0 \u00a0 \u2013 Formation en pr\u00e9sentiel = 14h00 ;<\/span><\/em><br \/>\n<span style=\"color: #000000\"><em>\u00a0 \u00a0\u2013 Formation en club = 30h00.<\/em><\/span><\/p>\n<p>&nbsp;<\/p>\n<\/div>\n<p><em><span style=\"color: #000000\"><strong><span style=\"color: #1423a0\"><span style=\"text-decoration: underline\">Pour les non titulaires du DAF<\/span> :<\/span><\/strong><\/span><\/em><br \/>\n<span style=\"color: #000000\">Le volume total de la formation est de <strong><span style=\"color: #1423a0\">85<\/span><\/strong> <strong><span style=\"color: #1423a0\">heures<\/span><\/strong>\u00a0r\u00e9parti en :<\/span><br \/>\n<em><span style=\"color: #000000\">\u00a0 \u00a0\u2013 Travail personnel en pr\u00e9formation = 12h00 ;<\/span><\/em><br \/>\n<em><span style=\"color: #000000\">\u00a0 \u00a0\u2013 Formation en pr\u00e9sentiel = 28h00 ;<\/span><\/em><br \/>\n<span style=\"color: #000000\"><em>\u00a0 \u00a0\u2013 Formation en club = 30h00 ;<br \/>\n<\/em><\/span><em><span style=\"color: #000000\">\u00a0 \u00a0\u2013 Participation F\u00e9d\u00e9rales = 15h00.<\/span><\/em><\/p>\n<p><span style=\"color: #000000\">Le seul mode d\u2019acc\u00e8s possible est la participation en pr\u00e9sentiel \u00e0 la formation. Le DIF ne peut \u00eatre obtenu par la Validation des Acquis de l\u2019Exp\u00e9rience.<\/span><\/p>\n<\/div>\n<p>&nbsp;<\/p>\n<p><span style=\"color: #dc2d5a\"><strong>TARIF<br \/>\n<\/strong><\/span><strong><span style=\"color: #1423a0\">Avec DAF -&gt; 150\u20ac<br \/>\n<\/span><\/strong><strong><span style=\"color: #1423a0\">Sans DAF -&gt; 250\u20ac<\/span><\/strong><\/p>\n<p>&nbsp;<\/p>\n<p>&nbsp;<\/p>\n<\/div>\n<\/div>\n<\/div>\n<\/div>\n<\/div>\n<p>[\/vc_column_text][vc_column_text]<span style=\"color: #dc2d5a\"><strong>PARTICIPATIONS ASSOCIATIVES OBLIGATOIRES (15 heures)<\/strong><\/span><\/p>\n<ul>\n<li style=\"list-style-type: none\">\n<ul>\n<li><span style=\"color: #000000\">Participation au stage d\u2019arbitre ou de juge d\u00e9partemental<\/span><\/li>\n<\/ul>\n<\/li>\n<\/ul>\n<p style=\"padding-left: 240px\"><span style=\"color: #1423a0\"><span style=\"text-decoration: underline\"><strong>Et <\/strong><\/span><\/span><\/p>\n<ul>\n<li style=\"list-style-type: none\">\n<ul>\n<li><span style=\"color: #000000\">Participation \u00e0 un \u00e9v\u00e8nement f\u00e9d\u00e9ral officiel<\/span><\/li>\n<\/ul>\n<\/li>\n<\/ul>\n<p>\ud83d\udd14 <strong>Anticiper sur vos participations associatives, n&rsquo;attendez pas la premi\u00e8re journ\u00e9e de formation en pr\u00e9sentiel pour les effectuer \ud83d\udd14<\/strong><\/p>\n<p><strong><span style=\"color: #dc2d5a\">Se r\u00e9f\u00e9rer au calendrier des comp\u00e9titions du D\u00e9partement ou de la Ligue R\u00e9gionale IDF \u21d2 s&rsquo;inscrire 10 jours <span style=\"text-decoration: underline\">au maximum<\/span> avant la comp\u00e9tition<\/span><\/strong><\/p>\n<p><span style=\"color: #1423a0\"><strong>\ud83d\udce2 Pour toutes participations associatives, contacter obligatoirement, le Comit\u00e9 D\u00e9partemental (<a href=\"mailto:ffkarate94@gmail.com\" target=\"_blank\" rel=\"noopener\">ffkarate94@gmail.com<\/a>) ou de la Ligue R\u00e9gionale IDF (<a href=\"mailto:secretaire.idf@ffkarate.fr\" target=\"_blank\" rel=\"noopener\">secretaire.idf@ffkarate.fr<\/a>) en fonction de la manifestation, pour vous positionner sur une manifestation.<\/strong><\/span>[\/vc_column_text][\/vc_tta_section][\/vc_tta_tabs][\/vc_column][\/vc_row][vc_row][vc_column][vc_column_text]<\/p>\n<div class=\"wpb_text_column wpb_content_element\">\n<p><strong style=\"color: #dc2d5a\"><span style=\"color: #1423a0\">\ud83d\udea8\u00a0 Les cours en pr\u00e9sentiel doivent \u00eatre suivis en int\u00e9gralit\u00e9\u00a0 \ud83d\udea8<\/span><\/strong><\/p>\n<\/div>\n<p><span style=\"color: #dc2d5a\"><strong><span style=\"color: #1423a0\"><img decoding=\"async\" class=\"an1\" src=\"https:\/\/fonts.gstatic.com\/s\/e\/notoemoji\/16.0\/26a0_fe0f\/32.png\" alt=\"\u26a0\ufe0f\" data-emoji=\"\u26a0\ufe0f\" aria-label=\"\u26a0\ufe0f\" \/><b> \u00a0<\/b>Aucun remboursement ne sera effectu\u00e9 en cas de manquement <img decoding=\"async\" class=\"an1\" src=\"https:\/\/fonts.gstatic.com\/s\/e\/notoemoji\/16.0\/26a0_fe0f\/32.png\" alt=\"\u26a0\ufe0f\" data-emoji=\"\u26a0\ufe0f\" aria-label=\"\u26a0\ufe0f\" \/><b>\u00a0<\/b><\/span><\/strong><\/span>[\/vc_column_text][\/vc_column][\/vc_row]<\/p>\n<\/div>","protected":false},"excerpt":{"rendered":"<p>[vc_row][vc_column][vc_column_text] Commission Formation \u00a0 \u00a0 \u00a0 \u00a0 [\/vc_column_text][\/vc_column][\/vc_row][vc_row][vc_column width=\u00a0\u00bb1\/2&Prime;][ffk_peoplecard image=\u00a0\u00bb6273&Prime; title=\u00a0\u00bbJean-Claude BLIND\u00a0\u00bb subtitle=\u00a0\u00bbRESPONSABLE DE LA FORMATION\u00a0\u00bb][\/vc_column][vc_column width=\u00a0\u00bb1\/2&Prime;][ffk_peoplecard title=\u00a0\u00bbChristophe SIMONS\u00a0\u00bb subtitle=\u00a0\u00bbRESPONBLE ADJOINT DE LA FORMATION\u00a0\u00bb image=\u00a0\u00bb7702&Prime;][\/vc_column][\/vc_row][vc_row][vc_column][vc_column_text] Contact : ffkarate94@gmail.com [\/vc_column_text][\/vc_column][\/vc_row][vc_row][vc_column][vc_column_text] Inscriptions Les inscriptions ainsi que le paiement s\u2019effectuent uniquement en ligne sur internet.[\/vc_column_text][vc_column_text]\ud83d\udea8\u00a0 Les cours en pr\u00e9sentiel doivent \u00eatre suivis en int\u00e9gralit\u00e9\u00a0 \ud83d\udea8 \u00a0Aucun remboursement ne [&hellip;]<\/p>\n","protected":false},"author":173,"featured_media":7874,"parent":0,"menu_order":0,"comment_status":"closed","ping_status":"closed","template":"","meta":{"footnotes":""},"class_list":["post-7700","page","type-page","status-publish","hentry"],"_links":{"self":[{"href":"https:\/\/sites.ffkarate.fr\/valdemarne\/wp-json\/wp\/v2\/pages\/7700","targetHints":{"allow":["GET"]}}],"collection":[{"href":"https:\/\/sites.ffkarate.fr\/valdemarne\/wp-json\/wp\/v2\/pages"}],"about":[{"href":"https:\/\/sites.ffkarate.fr\/valdemarne\/wp-json\/wp\/v2\/types\/page"}],"author":[{"embeddable":true,"href":"https:\/\/sites.ffkarate.fr\/valdemarne\/wp-json\/wp\/v2\/users\/173"}],"replies":[{"embeddable":true,"href":"https:\/\/sites.ffkarate.fr\/valdemarne\/wp-json\/wp\/v2\/comments?post=7700"}],"version-history":[{"count":27,"href":"https:\/\/sites.ffkarate.fr\/valdemarne\/wp-json\/wp\/v2\/pages\/7700\/revisions"}],"predecessor-version":[{"id":8332,"href":"https:\/\/sites.ffkarate.fr\/valdemarne\/wp-json\/wp\/v2\/pages\/7700\/revisions\/8332"}],"wp:featuredmedia":[{"embeddable":true,"href":"https:\/\/sites.ffkarate.fr\/valdemarne\/wp-json\/wp\/v2\/media\/7874"}],"wp:attachment":[{"href":"https:\/\/sites.ffkarate.fr\/valdemarne\/wp-json\/wp\/v2\/media?parent=7700"}],"curies":[{"name":"wp","href":"https:\/\/api.w.org\/{rel}","templated":true}]}}