{"id":3524,"date":"2018-01-29T18:41:21","date_gmt":"2018-01-29T17:41:21","guid":{"rendered":"https:\/\/sites.ffkarate.fr\/valdoise\/?page_id=3524"},"modified":"2024-09-20T15:38:24","modified_gmt":"2024-09-20T13:38:24","slug":"para-karate-2","status":"publish","type":"page","link":"https:\/\/sites.ffkarate.fr\/valdoise\/para-karate-2\/","title":{"rendered":"PARA-KARATE"},"content":{"rendered":"<div class=\"wpb-content-wrapper\"><p>[vc_row][vc_column][ffk_peoplecard image=\u00a0\u00bb10428&Prime; title=\u00a0\u00bbAL AYOUBI Nada\u00a0\u00bb subtitle=\u00a0\u00bbResponsable Commission Para-Karat\u00e9\u00a0\u00bb description=\u00a0\u00bb07.61.14.12.69<br \/>\nalayoubi.nadapro@gmail.com\u00a0\u00bb][vc_single_image image=\u00a0\u00bb11258&Prime;][\/vc_column][\/vc_row][vc_row][vc_column][vc_column_text]<strong>Pour chaque handicap, qu\u2019il soit mental, physique, psychique ou sensoriel, la pratique du karat\u00e9 et des disciplines associ\u00e9es peut \u00eatre une pratique int\u00e9ressante dans la construction d\u2019un enfant ou le bien \u00eatre d\u2019un adulte.<\/strong><\/p>\n<p>L\u2019ouverture des clubs de la F\u00e9d\u00e9ration \u00e0 ces publics et le lieu de mixit\u00e9 qu\u2019ils repr\u00e9sentent sont aussi important que la pratique elle-m\u00eame.<\/p>\n<p>L\u2019objectif de la F\u00e9d\u00e9ration Fran\u00e7aise de Karat\u00e9 est de permettre l\u2019int\u00e9gration des personnes handicap\u00e9es dans le club de karat\u00e9. Il s\u2019agit d\u2019adapter la pratique sans la d\u00e9naturer en conservant ce qui en fait une pratique martiale.<\/p>\n<p>Le Minist\u00e8re charg\u00e9 des sports dispose d\u2019un P\u00f4le Ressource National Sports et Handicaps en lien avec la f\u00e9d\u00e9ration.<br \/>\nPar le biais de l\u2019<a href=\"http:\/\/www.handiguide.sports.gouv.fr\/\" target=\"_blank\" rel=\"noopener noreferrer\">Handi guide du PRNSH<\/a>, vous pouvez :<\/p>\n<ul>\n<li>Inscrire votre club s\u2019il est engag\u00e9 dans l\u2019accueil des personnes en situation de handicap<\/li>\n<li>Rechercher des clubs sportifs<\/li>\n<\/ul>\n<h3><\/h3>\n<h3>P\u00f4le Ressources National Sports et Handicaps<\/h3>\n<p>Le minist\u00e8re charg\u00e9 des sports dispose d\u2019un \u201cP\u00f4le Ressources National Sports et Handicaps\u201d en lien avec la f\u00e9d\u00e9ration.<\/p>\n<p>Ce P\u00f4le a lanc\u00e9 une nouvelle s\u00e9rie de production intitul\u00e9e \u201cLe r\u00e9seau f\u00e9d\u00e9ral sport et handicaps\u201d. Cette production a pour objectif de pr\u00e9senter les conditions d\u2019int\u00e9gration des personnes en situation de handicap au sein des organisations f\u00e9d\u00e9rales :<\/p>\n<p>A ce jour, la FFK fait partie des 15 f\u00e9d\u00e9rations fran\u00e7aises qui int\u00e8grent la lettre du r\u00e9seau f\u00e9d\u00e9ral sport et handicap.<\/p>\n<p>Pour plus d\u2019informations, rendez-vous sur le site d\u00e9di\u00e9e du\u00a0<a href=\"https:\/\/www.handiguide.sports.gouv.fr\/\" target=\"_blank\" rel=\"noopener noreferrer\">P\u00f4le Ressources National Sports et Handicaps<\/a>[\/vc_column_text][ffk_button color=\u00a0\u00bbprimary\u00a0\u00bb size=\u00a0\u00bbsmall\u00a0\u00bb link=\u00a0\u00bburl:https%3A%2F%2Fwww.ffkarate.fr%2Fwp-content%2Fuploads%2F2021%2F09%2FHandiGuide_principes-engagement_060819.pdf|title:TELECHARGER%20LE%20GUIDE\u00a0\u00bb][vc_column_text]<\/p>\n<div class=\"entry-supheader\">\n<h2 class=\"title\">En savoir +<\/h2>\n<\/div>\n<ul>\n<li class=\"text\"><a href=\"https:\/\/www.wkf.net\/sport-parakarate\" target=\"_blank\" rel=\"noopener\">Le para-karat\u00e9 et la F\u00e9d\u00e9ration Mondiale de Karat\u00e9 (WKF)<\/a><\/li>\n<li class=\"text\"><a href=\"https:\/\/www.handiguide.sports.gouv.fr\/\" target=\"_blank\" rel=\"noopener\">Le guide des sports pour les personnes handicap\u00e9es<\/a><\/li>\n<\/ul>\n<p>[\/vc_column_text][\/vc_column][\/vc_row]<\/p>\n<\/div>","protected":false},"excerpt":{"rendered":"<p>[vc_row][vc_column][ffk_peoplecard image=\u00a0\u00bb10428&Prime; title=\u00a0\u00bbAL AYOUBI Nada\u00a0\u00bb subtitle=\u00a0\u00bbResponsable Commission Para-Karat\u00e9\u00a0\u00bb description=\u00a0\u00bb07.61.14.12.69 alayoubi.nadapro@gmail.com\u00a0\u00bb][vc_single_image image=\u00a0\u00bb11258&Prime;][\/vc_column][\/vc_row][vc_row][vc_column][vc_column_text]Pour chaque handicap, qu\u2019il soit mental, physique, psychique ou sensoriel, la pratique du karat\u00e9 et des disciplines associ\u00e9es peut \u00eatre une pratique int\u00e9ressante dans la construction d\u2019un enfant ou le bien \u00eatre d\u2019un adulte. L\u2019ouverture des clubs de la F\u00e9d\u00e9ration \u00e0 ces publics et le [&hellip;]<\/p>\n","protected":false},"author":150,"featured_media":0,"parent":0,"menu_order":0,"comment_status":"closed","ping_status":"closed","template":"","meta":{"footnotes":""},"class_list":["post-3524","page","type-page","status-publish","hentry"],"_links":{"self":[{"href":"https:\/\/sites.ffkarate.fr\/valdoise\/wp-json\/wp\/v2\/pages\/3524","targetHints":{"allow":["GET"]}}],"collection":[{"href":"https:\/\/sites.ffkarate.fr\/valdoise\/wp-json\/wp\/v2\/pages"}],"about":[{"href":"https:\/\/sites.ffkarate.fr\/valdoise\/wp-json\/wp\/v2\/types\/page"}],"author":[{"embeddable":true,"href":"https:\/\/sites.ffkarate.fr\/valdoise\/wp-json\/wp\/v2\/users\/150"}],"replies":[{"embeddable":true,"href":"https:\/\/sites.ffkarate.fr\/valdoise\/wp-json\/wp\/v2\/comments?post=3524"}],"version-history":[{"count":10,"href":"https:\/\/sites.ffkarate.fr\/valdoise\/wp-json\/wp\/v2\/pages\/3524\/revisions"}],"predecessor-version":[{"id":11259,"href":"https:\/\/sites.ffkarate.fr\/valdoise\/wp-json\/wp\/v2\/pages\/3524\/revisions\/11259"}],"wp:attachment":[{"href":"https:\/\/sites.ffkarate.fr\/valdoise\/wp-json\/wp\/v2\/media?parent=3524"}],"curies":[{"name":"wp","href":"https:\/\/api.w.org\/{rel}","templated":true}]}}