{"id":934,"date":"2018-11-24T14:30:16","date_gmt":"2018-11-24T13:30:16","guid":{"rendered":"https:\/\/sites.ffkarate.fr\/vienne\/?page_id=934"},"modified":"2025-04-17T20:35:23","modified_gmt":"2025-04-17T18:35:23","slug":"grades-2","status":"publish","type":"page","link":"https:\/\/sites.ffkarate.fr\/vienne\/grades-2\/","title":{"rendered":"Grades"},"content":{"rendered":"<div class=\"wpb-content-wrapper\"><p>[vc_row][vc_column][ffk_peoplecard image=\u00a0\u00bb2149&Prime; title=\u00a0\u00bbM\u00e9lissa DESHOUILLERES\u00a0\u00bb subtitle=\u00a0\u00bbRESPONSABLE DES GRADES\u00a0\u00bb][vc_single_image image=\u00a0\u00bb4174&Prime; title=\u00a0\u00bbPassages de grades\u00a0\u00bb link=\u00a0\u00bbhttps:\/\/sites.ffkarate.fr\/vienne\/wp-content\/uploads\/sites\/103\/2024\/10\/Photos-ceinture-noire-scaled.jpg\u00a0\u00bb onclick=\u00a0\u00bbcustom_link\u00a0\u00bb][vc_column_text]<\/p>\n<h2 class=\"p1\"><span class=\"s1\">La Commission d\u2019Organisation D\u00e9partementale\u00a0 de la Vienne des grades (CODG) est comp\u00e9tente pour\u00a0<\/span><span class=\"s1\"> organiser les passages des 1er, 2 \u00e8me, 3\u00e8me et 4 \u00e8me\u00a0 DAN<\/span><span class=\"s1\"> pour la Saison 2024\/2025.<\/span><\/h2>\n<p>[\/vc_column_text][\/vc_column][\/vc_row][vc_row][vc_column][vc_message message_box_style=\u00a0\u00bbclassic\u00a0\u00bb message_box_color=\u00a0\u00bbalert-info\u00a0\u00bb style=\u00a0\u00bbrounded\u00a0\u00bb]Passer un grade (page FFKDA)<a href=\"https:\/\/www.ffkarate.fr\/espace-licencies\/passer-un-grade\/\" target=\"_blank\" rel=\"noopener\"> LIEN DE LA PAGE<\/a>[\/vc_message][\/vc_column][\/vc_row][vc_row][vc_column][vc_column_text]<\/p>\n<p style=\"text-align: center\"><strong>Les pr\u00e9requis :<\/strong><\/p>\n<p>[\/vc_column_text][vc_tta_tabs][vc_tta_section title=\u00a0\u00bb1ER DAN\u00a0\u00bb tab_id=\u00a0\u00bb1729181717480-8ea25a48-186b\u00a0\u00bb][vc_column_text]<\/p>\n<ul>\n<li>\u00catre \u00e2g\u00e9 de 14 ans minimum<\/li>\n<li>\u00catre ceinture marron<\/li>\n<li>Avoir 3 ann\u00e9es de licences (dont la saison en cours)<\/li>\n<\/ul>\n<p>Depuis la saison 2021-2022, les clubs ont le pouvoir d\u2019organiser les examens de 1er Dan. La FFK vous invite ainsi \u00e0 contacter votre club, en vous r\u00e9f\u00e9rant au R\u00e9sum\u00e9 de la r\u00e8glementation du 1er Dan en club pour toute information compl\u00e9mentaire.[\/vc_column_text][\/vc_tta_section][vc_tta_section title=\u00a0\u00bb2\u00c8ME DAN\u00a0\u00bb tab_id=\u00a0\u00bb1729181717488-8fe360e9-e37c\u00a0\u00bb][vc_column_text]<\/p>\n<table>\n<tbody>\n<tr>\n<td><strong>2\u00e8me Dan<\/strong><\/td>\n<td><\/td>\n<td><\/td>\n<\/tr>\n<tr>\n<td>\n<ul>\n<li>\u00catre \u00e2g\u00e9 au minimum de\u00a0 17 ans<\/li>\n<li>Avoir un d\u00e9lai de 2 ans de date \u00e0 date entre le 1<sup>er<\/sup>\u00a0et le 2<sup>\u00e8me<\/sup>\u00a0Dan<\/li>\n<li>Avoir 2 ann\u00e9es de licences* entre le 1<sup>er<\/sup>\u00a0et le le 2<sup>\u00e8me<\/sup>\u00a0Dan<\/li>\n<\/ul>\n<\/td>\n<\/tr>\n<\/tbody>\n<\/table>\n<p>[\/vc_column_text][\/vc_tta_section][vc_tta_section title=\u00a0\u00bb3\u00c8ME DAN\u00a0\u00bb tab_id=\u00a0\u00bb1729181756466-914e8a00-5ad0&Prime;][vc_column_text]<\/p>\n<table>\n<tbody>\n<tr>\n<td><\/td>\n<td><strong>3\u00e8me Dan<\/strong><\/td>\n<\/tr>\n<tr>\n<td><\/td>\n<td>\n<ul>\n<li>\u00catre \u00e2g\u00e9 au minimum de\u00a0 21 ans<\/li>\n<li>Avoir un d\u00e9lai de 3 ans de date \u00e0 date entre le 2<sup>\u00e8me<\/sup>\u00a0et le 3<sup>\u00e8me<\/sup>\u00a0Dan<\/li>\n<li>Avoir 3 ann\u00e9es de licences* entre le 2<sup>\u00e8me<\/sup>\u00a0et le 3<sup>\u00e8me<\/sup>\u00a0Dan<\/li>\n<\/ul>\n<\/td>\n<\/tr>\n<\/tbody>\n<\/table>\n<p>[\/vc_column_text][\/vc_tta_section][vc_tta_section title=\u00a0\u00bb4\u00c8ME DAN\u00a0\u00bb tab_id=\u00a0\u00bb1729181782434-6a5eb4fc-e147&Prime;][vc_column_text]<\/p>\n<table>\n<tbody>\n<tr>\n<td><\/td>\n<\/tr>\n<tr>\n<td><\/td>\n<td><\/td>\n<td>\u00a0 \u00a0 \u00a0 <strong>4\u00c8ME DAN<\/strong><\/p>\n<ul>\n<li>\u00a0\u00catre \u00e2g\u00e9 au minimum de\u00a0 25 ans<\/li>\n<li>Avoir un d\u00e9lai de 4 ans de date \u00e0 date entre le 3<sup>\u00e8me<\/sup>\u00a0et le 4<sup>\u00e8me<\/sup>\u00a0Dan<\/li>\n<li>Avoir 4 ann\u00e9es de licences* entre le 3<sup>\u00e8me<\/sup>\u00a0et le 4<sup>\u00e8me<\/sup>\u00a0Dan<\/li>\n<\/ul>\n<\/td>\n<\/tr>\n<\/tbody>\n<\/table>\n<p>[\/vc_column_text][\/vc_tta_section][\/vc_tta_tabs][\/vc_column][\/vc_row][vc_row][vc_column][vc_column_text]CONTACT : RESPONSABLE DES GRADES<\/p>\n<p>M\u00e9lissa DESHOUILLERES\u00a0 Mail : melissa.deshouilleres@gmail.com.<\/p>\n<p>T\u00e9l\u00e9phone: 06 12 77 56 17[\/vc_column_text][\/vc_column][\/vc_row][vc_row][vc_column][ffk_buttons buttons=\u00a0\u00bb%5B%7B%22link%22%3A%22url%3Ahttps%253A%252F%252Fsites.ffkarate.fr%252Fvienne%252Fwp-content%252Fuploads%252Fsites%252F103%252F2024%252F11%252FConsignes-Candidats-aux-Grades-CODG-Vienne-CDK86-2024-2025.pdf%7Ctitle%3AConsignes%2520Candidats%2520aux%2520Grades%2520CODG%2520Vienne%2520CDK86%25202024-2025%7Ctarget%3A_blank%22%7D%5D\u00a0\u00bb][ffk_buttons buttons=\u00a0\u00bb%5B%7B%22link%22%3A%22url%3Ahttps%253A%252F%252Fsites.ffkarate.fr%252Fvienne%252Fwp-content%252Fuploads%252Fsites%252F103%252F2025%252F04%252FCourrier-clubs-Examen-Grades-08.06.2025.pdf%7Ctitle%3ACourrier%2520clubs%2520Examen%2520Grades%252008-%2520juin-2025%7Ctarget%3A_blank%22%7D%5D\u00a0\u00bb][ffk_buttons buttons=\u00a0\u00bb%5B%7B%22link%22%3A%22url%3Ahttps%253A%252F%252Fsites.ffkarate.fr%252Fvienne%252Fwp-content%252Fuploads%252Fsites%252F103%252F2024%252F11%252FFiche-inscription-aux-Grades-CODG-Vienne-CDK86-2024-2025.pdf%7Ctitle%3AFiche%2520inscription%2520aux%2520Grades%2520CODG%2520Vienne%2520CDK86%25202024-2025%7Ctarget%3A_blank%22%7D%5D\u00a0\u00bb][\/vc_column][\/vc_row]<\/p>\n<\/div>","protected":false},"excerpt":{"rendered":"<p>[vc_row][vc_column][ffk_peoplecard image=\u00a0\u00bb2149&Prime; title=\u00a0\u00bbM\u00e9lissa DESHOUILLERES\u00a0\u00bb subtitle=\u00a0\u00bbRESPONSABLE DES GRADES\u00a0\u00bb][vc_single_image image=\u00a0\u00bb4174&Prime; title=\u00a0\u00bbPassages de grades\u00a0\u00bb link=\u00a0\u00bbhttps:\/\/sites.ffkarate.fr\/vienne\/wp-content\/uploads\/sites\/103\/2024\/10\/Photos-ceinture-noire-scaled.jpg\u00a0\u00bb onclick=\u00a0\u00bbcustom_link\u00a0\u00bb][vc_column_text] La Commission d\u2019Organisation D\u00e9partementale\u00a0 de la Vienne des grades (CODG) est comp\u00e9tente pour\u00a0 organiser les passages des 1er, 2 \u00e8me, 3\u00e8me et 4 \u00e8me\u00a0 DAN pour la Saison 2024\/2025. [\/vc_column_text][\/vc_column][\/vc_row][vc_row][vc_column][vc_message message_box_style=\u00a0\u00bbclassic\u00a0\u00bb message_box_color=\u00a0\u00bbalert-info\u00a0\u00bb style=\u00a0\u00bbrounded\u00a0\u00bb]Passer un grade (page FFKDA) LIEN DE LA PAGE[\/vc_message][\/vc_column][\/vc_row][vc_row][vc_column][vc_column_text] Les [&hellip;]<\/p>\n","protected":false},"author":154,"featured_media":4174,"parent":0,"menu_order":0,"comment_status":"closed","ping_status":"closed","template":"","meta":{"footnotes":""},"class_list":["post-934","page","type-page","status-publish","hentry"],"_links":{"self":[{"href":"https:\/\/sites.ffkarate.fr\/vienne\/wp-json\/wp\/v2\/pages\/934","targetHints":{"allow":["GET"]}}],"collection":[{"href":"https:\/\/sites.ffkarate.fr\/vienne\/wp-json\/wp\/v2\/pages"}],"about":[{"href":"https:\/\/sites.ffkarate.fr\/vienne\/wp-json\/wp\/v2\/types\/page"}],"author":[{"embeddable":true,"href":"https:\/\/sites.ffkarate.fr\/vienne\/wp-json\/wp\/v2\/users\/154"}],"replies":[{"embeddable":true,"href":"https:\/\/sites.ffkarate.fr\/vienne\/wp-json\/wp\/v2\/comments?post=934"}],"version-history":[{"count":11,"href":"https:\/\/sites.ffkarate.fr\/vienne\/wp-json\/wp\/v2\/pages\/934\/revisions"}],"predecessor-version":[{"id":4431,"href":"https:\/\/sites.ffkarate.fr\/vienne\/wp-json\/wp\/v2\/pages\/934\/revisions\/4431"}],"wp:featuredmedia":[{"embeddable":true,"href":"https:\/\/sites.ffkarate.fr\/vienne\/wp-json\/wp\/v2\/media\/4174"}],"wp:attachment":[{"href":"https:\/\/sites.ffkarate.fr\/vienne\/wp-json\/wp\/v2\/media?parent=934"}],"curies":[{"name":"wp","href":"https:\/\/api.w.org\/{rel}","templated":true}]}}