{"id":282,"date":"2015-06-15T00:19:05","date_gmt":"2015-06-14T22:19:05","guid":{"rendered":"https:\/\/sites.ffkarate.fr\/yvelines78\/?page_id=282"},"modified":"2024-07-12T11:53:59","modified_gmt":"2024-07-12T09:53:59","slug":"arbitrage","status":"publish","type":"page","link":"https:\/\/sites.ffkarate.fr\/yvelines78\/arbitrage\/","title":{"rendered":"Arbitrage"},"content":{"rendered":"<div class=\"wpb-content-wrapper\"><p>[vc_row][vc_column width=\u00a0\u00bb1\/2&Prime;][ffk_peoplecard title=\u00a0\u00bbYOUCEF MEZAHEM\u00a0\u00bb subtitle=\u00a0\u00bbRESPONSABLE\u00a0\u00bb description=\u00a0\u00bbARBITRE INTERNATIONAL<br \/>\narbitrage@cdk78.fr\u00a0\u00bb image=\u00a0\u00bb5303&Prime;][\/vc_column][vc_column width=\u00a0\u00bb1\/2&Prime;][ffk_peoplecard title=\u00a0\u00bbZOHRA HADJI\u00a0\u00bb subtitle=\u00a0\u00bbADJOINTE\u00a0\u00bb image=\u00a0\u00bb6974&Prime; description=\u00a0\u00bbJUGE MONDIAL KATA ET KUMITE\u00a0\u00bb][\/vc_column][\/vc_row][vc_row][vc_column][vc_column_text]<\/p>\n<h3>Les axes pour devenir arbitre :<\/h3>\n<ul>\n<li>Jeune arbitre<\/li>\n<li>Stagiaire de l\u2019\u00e9cole des cadres<\/li>\n<li>Assistant arbitre<\/li>\n<\/ul>\n<p>Le jeune arbitre aura moins de 18 ans et participera \u00e0 un concours d\u2019arbitrage pour repr\u00e9senter so d\u00e9partement. A la fin de la saison et suite \u00e0 ce concours il pourra obtenir son titre d\u2019arbitre d\u00e9partemental.<\/p>\n<p>Le stagiaire de l\u2019\u00e9cole des cadres doit effectuer un certain nombre d\u2019heure de vie associative dans le cadre de son dipl\u00f4me. Il a la possibilit\u00e9 de poursuivre sur cette voie et de devenir assistant arbitre.<\/p>\n<p>L\u2019assistant arbitre conna\u00eetra une ou plusieurs saisons d\u2019arbitrage o\u00f9 il se familiarisera avec toutes les fonctions de l\u2019arbitrage : inscriptions, chronom\u00e8tres, habillage des enfants, gestion de la fiche, chaise, central\u2026<\/p>\n<p>C\u2019est Le responsable d\u2019arbitrage, qui une fois qu\u2019il vous jugera pr\u00eat, vous proposera de passer les dipl\u00f4mes d\u2019arbitre D\u00e9partemental, r\u00e9gional ou national.<\/p>\n<p>Tenue officielle :<\/p>\n<ul>\n<li>Chaussons pour le tatami<\/li>\n<li>Pantalon gris<\/li>\n<li>Chemise blanche<\/li>\n<li>Cravatte<\/li>\n<li>Veste bleue<\/li>\n<\/ul>\n<p>[\/vc_column_text][vc_column_text]<\/p>\n<h4><b>Envie d&rsquo;int\u00e9grer l&rsquo;\u00e9quipe n&rsquo;h\u00e9sitez pas \u00e0 contacter : Youcef\u00a0 MEZAHEM et Zohra HADJI<\/b><\/h4>\n<p><strong><a href=\"mailto:arbitrage@cdk78.fr\">arbitrage@cdk78.fr <\/a><\/strong>[\/vc_column_text][\/vc_column][\/vc_row]<\/p>\n<\/div>","protected":false},"excerpt":{"rendered":"<p>[vc_row][vc_column width=\u00a0\u00bb1\/2&Prime;][ffk_peoplecard title=\u00a0\u00bbYOUCEF MEZAHEM\u00a0\u00bb subtitle=\u00a0\u00bbRESPONSABLE\u00a0\u00bb description=\u00a0\u00bbARBITRE INTERNATIONAL arbitrage@cdk78.fr\u00a0\u00bb image=\u00a0\u00bb5303&Prime;][\/vc_column][vc_column width=\u00a0\u00bb1\/2&Prime;][ffk_peoplecard title=\u00a0\u00bbZOHRA HADJI\u00a0\u00bb subtitle=\u00a0\u00bbADJOINTE\u00a0\u00bb image=\u00a0\u00bb6974&Prime; description=\u00a0\u00bbJUGE MONDIAL KATA ET KUMITE\u00a0\u00bb][\/vc_column][\/vc_row][vc_row][vc_column][vc_column_text] Les axes pour devenir arbitre : Jeune arbitre Stagiaire de l\u2019\u00e9cole des cadres Assistant arbitre Le jeune arbitre aura moins de 18 ans et participera \u00e0 un concours d\u2019arbitrage pour repr\u00e9senter so d\u00e9partement. A la fin [&hellip;]<\/p>\n","protected":false},"author":20,"featured_media":0,"parent":0,"menu_order":0,"comment_status":"closed","ping_status":"closed","template":"page-fullwidth.php","meta":{"footnotes":""},"class_list":["post-282","page","type-page","status-publish","hentry"],"_links":{"self":[{"href":"https:\/\/sites.ffkarate.fr\/yvelines78\/wp-json\/wp\/v2\/pages\/282","targetHints":{"allow":["GET"]}}],"collection":[{"href":"https:\/\/sites.ffkarate.fr\/yvelines78\/wp-json\/wp\/v2\/pages"}],"about":[{"href":"https:\/\/sites.ffkarate.fr\/yvelines78\/wp-json\/wp\/v2\/types\/page"}],"author":[{"embeddable":true,"href":"https:\/\/sites.ffkarate.fr\/yvelines78\/wp-json\/wp\/v2\/users\/20"}],"replies":[{"embeddable":true,"href":"https:\/\/sites.ffkarate.fr\/yvelines78\/wp-json\/wp\/v2\/comments?post=282"}],"version-history":[{"count":9,"href":"https:\/\/sites.ffkarate.fr\/yvelines78\/wp-json\/wp\/v2\/pages\/282\/revisions"}],"predecessor-version":[{"id":7169,"href":"https:\/\/sites.ffkarate.fr\/yvelines78\/wp-json\/wp\/v2\/pages\/282\/revisions\/7169"}],"wp:attachment":[{"href":"https:\/\/sites.ffkarate.fr\/yvelines78\/wp-json\/wp\/v2\/media?parent=282"}],"curies":[{"name":"wp","href":"https:\/\/api.w.org\/{rel}","templated":true}]}}

<div class="wpb-content-wrapper"><p>[vc_row][vc_column width= »1/2&Prime;][ffk_peoplecard title= »YOUCEF MEZAHEM » subtitle= »RESPONSABLE » description= »ARBITRE INTERNATIONAL<br />
arbitrage@cdk78.fr » image= »5303&Prime;][/vc_column][vc_column width= »1/2&Prime;][ffk_peoplecard title= »ZOHRA HADJI » subtitle= »ADJOINTE » image= »6974&Prime; description= »JUGE MONDIAL KATA ET KUMITE »][/vc_column][/vc_row][vc_row][vc_column][vc_column_text]</p>
<h3>Les axes pour devenir arbitre :</h3>
<ul>
<li>Jeune arbitre</li>
<li>Stagiaire de l’école des cadres</li>
<li>Assistant arbitre</li>
</ul>
<p>Le jeune arbitre aura moins de 18 ans et participera à un concours d’arbitrage pour représenter so département. A la fin de la saison et suite à ce concours il pourra obtenir son titre d’arbitre départemental.</p>
<p>Le stagiaire de l’école des cadres doit effectuer un certain nombre d’heure de vie associative dans le cadre de son diplôme. Il a la possibilité de poursuivre sur cette voie et de devenir assistant arbitre.</p>
<p>L’assistant arbitre connaîtra une ou plusieurs saisons d’arbitrage où il se familiarisera avec toutes les fonctions de l’arbitrage : inscriptions, chronomètres, habillage des enfants, gestion de la fiche, chaise, central…</p>
<p>C’est Le responsable d’arbitrage, qui une fois qu’il vous jugera prêt, vous proposera de passer les diplômes d’arbitre Départemental, régional ou national.</p>
<p>Tenue officielle :</p>
<ul>
<li>Chaussons pour le tatami</li>
<li>Pantalon gris</li>
<li>Chemise blanche</li>
<li>Cravatte</li>
<li>Veste bleue</li>
</ul>
<p>[/vc_column_text][vc_column_text]</p>
<h4><b>Envie d&rsquo;intégrer l&rsquo;équipe n&rsquo;hésitez pas à contacter : Youcef  MEZAHEM et Zohra HADJI</b></h4>
<p><strong><a href="mailto:arbitrage@cdk78.fr">arbitrage@cdk78.fr </a></strong>[/vc_column_text][/vc_column][/vc_row]</p>
</div>

<p>[vc_row][vc_column width= »1/2&Prime;][ffk_peoplecard title= »YOUCEF MEZAHEM » subtitle= »RESPONSABLE » description= »ARBITRE INTERNATIONAL arbitrage@cdk78.fr » image= »5303&Prime;][/vc_column][vc_column width= »1/2&Prime;][ffk_peoplecard title= »ZOHRA HADJI » subtitle= »ADJOINTE » image= »6974&Prime; description= »JUGE MONDIAL KATA ET KUMITE »][/vc_column][/vc_row][vc_row][vc_column][vc_column_text] Les axes pour devenir arbitre : Jeune arbitre Stagiaire de l’école des cadres Assistant arbitre Le jeune arbitre aura moins de 18 ans et participera à un concours d’arbitrage pour représenter so département. A la fin [&hellip;]</p>
