{"id":55,"date":"2021-05-10T10:05:08","date_gmt":"2021-05-10T08:05:08","guid":{"rendered":"https:\/\/sites.ffkarate.fr\/yvelines78\/?page_id=55"},"modified":"2025-09-19T16:53:55","modified_gmt":"2025-09-19T14:53:55","slug":"stages","status":"publish","type":"page","link":"https:\/\/sites.ffkarate.fr\/yvelines78\/stages\/","title":{"rendered":"Stages CDK78"},"content":{"rendered":"<div class=\"wpb-content-wrapper\"><p>[vc_row][vc_column][vc_column_text]Dans le cadre de notre mission d\u2019aide au d\u00e9veloppement de vos activit\u00e9s, nous diffuserons ici vos avis et affiches de stages dans la mesure du possible et de nos disponibilit\u00e9s.<\/p>\n<p>Vous pouvez les envoyer suffisamment \u00e0 l\u2019avance \u00e0 <a href=\"mailto:cdkdagironde@gmail.com\">contact@cdk78.fr<\/a>. Pour \u00eatre publi\u00e9 sur le site du CDK78, votre stage doit \u00eatre autoris\u00e9 par l\u2019instance f\u00e9d\u00e9rale (Article L331-7 du code du sport), respecter la r\u00e8glementation et respecter notamment les conditions suivantes :<\/p>\n<ul>\n<li>Etre organis\u00e9 en Yvelines par un club de notre comp\u00e9tence territoriale<\/li>\n<li>Etre destin\u00e9 aux licenci\u00e9s FFK et pour une activit\u00e9 du ressort de la FFKDA, couverte par l\u2019assurance-licence FFK.<\/li>\n<li>Etre dirig\u00e9 par un professeur licenci\u00e9 FFK et titulaire d\u2019un dipl\u00f4me autorisant l\u2019enseignement de la discipline concern\u00e9e (Dipl\u00f4me f\u00e9d\u00e9ral ou dipl\u00f4me d\u2019\u00e9tat)<\/li>\n<li>Ne pas faire \u00e9tat de titres, grades, dipl\u00f4mes non officiels ou mensongers<\/li>\n<li>Ne pas interf\u00e9rer avec une manifestation officielle destin\u00e9e au m\u00eame public licenci\u00e9 sur le m\u00eame territoire.<\/li>\n<\/ul>\n<p>[\/vc_column_text][\/vc_column][\/vc_row][vc_row][vc_column][vc_tta_tabs][vc_tta_section title=\u00a0\u00bbSTAGES CDK 78&Prime; tab_id=\u00a0\u00bb1621942941959-21e98e1e-a16b\u00a0\u00bb][vc_column_text]ATTENTION IMPORTANT : Reprise des stages Combat propos\u00e9s par le CDK78<br class=\"html-br\" \/>Premier rendez vous de la saison :<br class=\"html-br\" \/>le Dimanche 5 Octobre de 9h \u00e0 12h30 pour D\u00e9butants &#8211; Confirm\u00e9s &#8211; Elite<br class=\"html-br\" \/>9h\/10h30 pupille benjamin<br class=\"html-br\" \/>11h \/12h30 Minime cadet junior senior<br class=\"html-br\" \/><br class=\"html-br\" \/>avec Johan Lopes :<br class=\"html-br\" \/>10 x champion de France<br class=\"html-br\" \/>10 x champion de coupe France<br class=\"html-br\" \/>Vice champion d\u2019Europe<br class=\"html-br\" \/><br class=\"html-br\" \/>Rendez vous au chesnay<span class=\"html-span xexx8yu xyri2b x18d9i69 x1c1uobl x1hl2dhg x16tdsg8 x1vvkbs x3nfvp2 x1j61x8r x1fcty0u xdj266r xat24cr xm2jcoa x1mpyi22 xxymvpz xlup9mm x1kky2od\"><img decoding=\"async\" class=\"xz74otr x15mokao x1ga7v0g x16uus16 xbiv7yw\" src=\"https:\/\/static.xx.fbcdn.net\/images\/emoji.php\/v9\/t93\/2\/16\/1f44a_1f3fb.png\" alt=\"\ud83d\udc4a\ud83c\udffb\" width=\"16\" height=\"16\" \/><\/span><span class=\"html-span xexx8yu xyri2b x18d9i69 x1c1uobl x1hl2dhg x16tdsg8 x1vvkbs x3nfvp2 x1j61x8r x1fcty0u xdj266r xat24cr xm2jcoa x1mpyi22 xxymvpz xlup9mm x1kky2od\"><img decoding=\"async\" class=\"xz74otr x15mokao x1ga7v0g x16uus16 xbiv7yw\" src=\"https:\/\/static.xx.fbcdn.net\/images\/emoji.php\/v9\/tdf\/2\/16\/1f4a5.png\" alt=\"\ud83d\udca5\" width=\"16\" height=\"16\" \/><\/span><span class=\"html-span xexx8yu xyri2b x18d9i69 x1c1uobl x1hl2dhg x16tdsg8 x1vvkbs x3nfvp2 x1j61x8r x1fcty0u xdj266r xat24cr xm2jcoa x1mpyi22 xxymvpz xlup9mm x1kky2od\"><img decoding=\"async\" class=\"xz74otr x15mokao x1ga7v0g x16uus16 xbiv7yw\" src=\"https:\/\/static.xx.fbcdn.net\/images\/emoji.php\/v9\/tdf\/2\/16\/1f4a5.png\" alt=\"\ud83d\udca5\" width=\"16\" height=\"16\" \/><\/span><\/p>\n<p><img decoding=\"async\" class=\"size-medium wp-image-7762 aligncenter\" src=\"https:\/\/sites.ffkarate.fr\/yvelines78\/wp-content\/uploads\/sites\/106\/2025\/09\/stage-combat-cdk78-jlopes-169x300.jpg\" alt=\"\" width=\"169\" height=\"300\" srcset=\"https:\/\/sites.ffkarate.fr\/yvelines78\/wp-content\/uploads\/sites\/106\/2025\/09\/stage-combat-cdk78-jlopes-169x300.jpg 169w, https:\/\/sites.ffkarate.fr\/yvelines78\/wp-content\/uploads\/sites\/106\/2025\/09\/stage-combat-cdk78-jlopes-576x1024.jpg 576w, https:\/\/sites.ffkarate.fr\/yvelines78\/wp-content\/uploads\/sites\/106\/2025\/09\/stage-combat-cdk78-jlopes-768x1365.jpg 768w, https:\/\/sites.ffkarate.fr\/yvelines78\/wp-content\/uploads\/sites\/106\/2025\/09\/stage-combat-cdk78-jlopes-864x1536.jpg 864w, https:\/\/sites.ffkarate.fr\/yvelines78\/wp-content\/uploads\/sites\/106\/2025\/09\/stage-combat-cdk78-jlopes.jpg 1080w\" sizes=\"(max-width: 169px) 100vw, 169px\" \/>[\/vc_column_text][\/vc_tta_section][\/vc_tta_tabs][\/vc_column][\/vc_row]<\/p>\n<\/div>","protected":false},"excerpt":{"rendered":"<p>Dans le cadre de notre mission d\u2019aide au d\u00e9veloppement de vos activit\u00e9s, nous diffuserons ici vos avis et affiches de stages dans la mesure du possible et de nos disponibilit\u00e9s.<\/p>\n","protected":false},"author":1,"featured_media":58,"parent":0,"menu_order":0,"comment_status":"closed","ping_status":"closed","template":"page-fullwidth.php","meta":{"footnotes":""},"class_list":["post-55","page","type-page","status-publish","hentry"],"_links":{"self":[{"href":"https:\/\/sites.ffkarate.fr\/yvelines78\/wp-json\/wp\/v2\/pages\/55","targetHints":{"allow":["GET"]}}],"collection":[{"href":"https:\/\/sites.ffkarate.fr\/yvelines78\/wp-json\/wp\/v2\/pages"}],"about":[{"href":"https:\/\/sites.ffkarate.fr\/yvelines78\/wp-json\/wp\/v2\/types\/page"}],"author":[{"embeddable":true,"href":"https:\/\/sites.ffkarate.fr\/yvelines78\/wp-json\/wp\/v2\/users\/1"}],"replies":[{"embeddable":true,"href":"https:\/\/sites.ffkarate.fr\/yvelines78\/wp-json\/wp\/v2\/comments?post=55"}],"version-history":[{"count":13,"href":"https:\/\/sites.ffkarate.fr\/yvelines78\/wp-json\/wp\/v2\/pages\/55\/revisions"}],"predecessor-version":[{"id":7764,"href":"https:\/\/sites.ffkarate.fr\/yvelines78\/wp-json\/wp\/v2\/pages\/55\/revisions\/7764"}],"wp:featuredmedia":[{"embeddable":true,"href":"https:\/\/sites.ffkarate.fr\/yvelines78\/wp-json\/wp\/v2\/media\/58"}],"wp:attachment":[{"href":"https:\/\/sites.ffkarate.fr\/yvelines78\/wp-json\/wp\/v2\/media?parent=55"}],"curies":[{"name":"wp","href":"https:\/\/api.w.org\/{rel}","templated":true}]}}

<div class="wpb-content-wrapper"><p>[vc_row][vc_column][vc_column_text]Dans le cadre de notre mission d’aide au développement de vos activités, nous diffuserons ici vos avis et affiches de stages dans la mesure du possible et de nos disponibilités.</p>
<p>Vous pouvez les envoyer suffisamment à l’avance à <a href="mailto:cdkdagironde@gmail.com">contact@cdk78.fr</a>. Pour être publié sur le site du CDK78, votre stage doit être autorisé par l’instance fédérale (Article L331-7 du code du sport), respecter la règlementation et respecter notamment les conditions suivantes :</p>
<ul>
<li>Etre organisé en Yvelines par un club de notre compétence territoriale</li>
<li>Etre destiné aux licenciés FFK et pour une activité du ressort de la FFKDA, couverte par l’assurance-licence FFK.</li>
<li>Etre dirigé par un professeur licencié FFK et titulaire d’un diplôme autorisant l’enseignement de la discipline concernée (Diplôme fédéral ou diplôme d’état)</li>
<li>Ne pas faire état de titres, grades, diplômes non officiels ou mensongers</li>
<li>Ne pas interférer avec une manifestation officielle destinée au même public licencié sur le même territoire.</li>
</ul>
<p>[/vc_column_text][/vc_column][/vc_row][vc_row][vc_column][vc_tta_tabs][vc_tta_section title= »STAGES CDK 78&Prime; tab_id= »1621942941959-21e98e1e-a16b »][vc_column_text]ATTENTION IMPORTANT : Reprise des stages Combat proposés par le CDK78<br class="html-br" />Premier rendez vous de la saison :<br class="html-br" />le Dimanche 5 Octobre de 9h à 12h30 pour Débutants &#8211; Confirmés &#8211; Elite<br class="html-br" />9h/10h30 pupille benjamin<br class="html-br" />11h /12h30 Minime cadet junior senior<br class="html-br" /><br class="html-br" />avec Johan Lopes :<br class="html-br" />10 x champion de France<br class="html-br" />10 x champion de coupe France<br class="html-br" />Vice champion d’Europe<br class="html-br" /><br class="html-br" />Rendez vous au chesnay<span class="html-span xexx8yu xyri2b x18d9i69 x1c1uobl x1hl2dhg x16tdsg8 x1vvkbs x3nfvp2 x1j61x8r x1fcty0u xdj266r xat24cr xm2jcoa x1mpyi22 xxymvpz xlup9mm x1kky2od"><img decoding="async" class="xz74otr x15mokao x1ga7v0g x16uus16 xbiv7yw" src="https://static.xx.fbcdn.net/images/emoji.php/v9/t93/2/16/1f44a_1f3fb.png" alt="👊🏻" width="16" height="16" /></span><span class="html-span xexx8yu xyri2b x18d9i69 x1c1uobl x1hl2dhg x16tdsg8 x1vvkbs x3nfvp2 x1j61x8r x1fcty0u xdj266r xat24cr xm2jcoa x1mpyi22 xxymvpz xlup9mm x1kky2od"><img decoding="async" class="xz74otr x15mokao x1ga7v0g x16uus16 xbiv7yw" src="https://static.xx.fbcdn.net/images/emoji.php/v9/tdf/2/16/1f4a5.png" alt="💥" width="16" height="16" /></span><span class="html-span xexx8yu xyri2b x18d9i69 x1c1uobl x1hl2dhg x16tdsg8 x1vvkbs x3nfvp2 x1j61x8r x1fcty0u xdj266r xat24cr xm2jcoa x1mpyi22 xxymvpz xlup9mm x1kky2od"><img decoding="async" class="xz74otr x15mokao x1ga7v0g x16uus16 xbiv7yw" src="https://static.xx.fbcdn.net/images/emoji.php/v9/tdf/2/16/1f4a5.png" alt="💥" width="16" height="16" /></span></p>
<p><img decoding="async" class="size-medium wp-image-7762 aligncenter" src="https://sites.ffkarate.fr/yvelines78/wp-content/uploads/sites/106/2025/09/stage-combat-cdk78-jlopes-169x300.jpg" alt="" width="169" height="300" srcset="https://sites.ffkarate.fr/yvelines78/wp-content/uploads/sites/106/2025/09/stage-combat-cdk78-jlopes-169x300.jpg 169w, https://sites.ffkarate.fr/yvelines78/wp-content/uploads/sites/106/2025/09/stage-combat-cdk78-jlopes-576x1024.jpg 576w, https://sites.ffkarate.fr/yvelines78/wp-content/uploads/sites/106/2025/09/stage-combat-cdk78-jlopes-768x1365.jpg 768w, https://sites.ffkarate.fr/yvelines78/wp-content/uploads/sites/106/2025/09/stage-combat-cdk78-jlopes-864x1536.jpg 864w, https://sites.ffkarate.fr/yvelines78/wp-content/uploads/sites/106/2025/09/stage-combat-cdk78-jlopes.jpg 1080w" sizes="(max-width: 169px) 100vw, 169px" />[/vc_column_text][/vc_tta_section][/vc_tta_tabs][/vc_column][/vc_row]</p>
</div>

<p>Dans le cadre de notre mission d’aide au développement de vos activités, nous diffuserons ici vos avis et affiches de stages dans la mesure du possible et de nos disponibilités.</p>
